000
CXUS54 KMAF 201100
CF6INK
PRELIMINARY LOCAL CLIMATOLOGICAL DATA (WS FORM: F-6)

                                          STATION:   Wink
                                          MONTH:     OCTOBER
                                          YEAR:      2014
                                          LATITUDE:   31 46 N
                                          LONGITUDE: 103 12 W

  TEMPERATURE IN F:       :PCPN:    SNOW:  WIND      :SUNSHINE: SKY     :PK WND
================================================================================
1   2   3   4   5  6A  6B    7    8   9   10  11  12  13   14  15   16   17  18
                                     12Z  AVG MX 2MIN
DY MAX MIN AVG DEP HDD CDD  WTR  SNW DPTH SPD SPD DIR MIN PSBL S-S WX    SPD DR
================================================================================

 1  91  65  78   7   0  13 0.00  0.0    0  6.8 18 260   M    M   0        24 220
 2  86  58  72   2   0   7    T  0.0    0  7.4 22 340   M    M   0        26 340
 3  84  51  68  -2   0   3 0.00  0.0    0  5.8 18  80   M    M   0        23  70
 4  84  52  68  -2   0   3 0.00  0.0    0  7.7 16 160   M    M   0        19 180
 5  90  50  70   0   0   5 0.00  0.0    0  8.0 20 290   M    M   0        24 320
 6  89  53  71   2   0   6 0.00  0.0    0  6.1 12 260   M    M   0        16 220
 7  92  48  70   1   0   5 0.00  0.0    0  5.5 12 120   M    M   0        15 270
 8  92  62  77   9   0  12 0.00  0.0    0 10.7 21 140   M    M   0        27 150
 9  91  67  79  11   0  14 0.00  0.0    0 10.9 20 130   M    M   2        27 140
10  86  59  73   5   0   8 0.00  0.0    0 11.1 25  30   M    M   2        32  30
11  71  53  62  -6   3   0 0.00  0.0    0  6.9 16  10   M    M   4        21  20
12  89  49  69   2   0   4 0.00  0.0    0  9.9 25 260   M    M   1        35 260
13  74  53  64  -3   1   0 0.00  0.0    0 14.0 35 360   M    M   1        43 360
14  78  39  59  -7   6   0 0.00  0.0    0  5.7 13 180   M    M   0        18 160
15  84  41  63  -3   2   0 0.00  0.0    0  5.1 14 130   M    M   0        15 140
16  93  43  68   2   0   3 0.00  0.0    0  4.7 13 260   M    M   0        17 310
17  91  50  71   6   0   6 0.00  0.0    0  7.3 20  80   M    M   0        26  70
18  80  57  69   4   0   4 0.00  0.0    0 10.9 18  40   M    M   0        22 120
19  82  58  70   5   0   5    T  0.0    0  9.5 23 140   M    M   4        29 140
================================================================================
SM 1627 1008        12  98    T      0.0 154.0          M       14
================================================================================
AV 85.6 53.1                               8.1 FASTST   M    M   1    MAX(MPH)
                                 MISC ---->  # 35 360               # 43  360
================================================================================
NOTES:
# LAST OF SEVERAL OCCURRENCES

COLUMN 17 PEAK WIND IN M.P.H.

PRELIMINARY LOCAL CLIMATOLOGICAL DATA (WS FORM: F-6) , PAGE 2

                                          STATION:  Wink
                                          MONTH:    OCTOBER
                                          YEAR:     2014
                                          LATITUDE:   31 46 N
                                          LONGITUDE: 103 12 W

[TEMPERATURE DATA]      [PRECIPITATION DATA]       SYMBOLS USED IN COLUMN 16

AVERAGE MONTHLY: 69.3   TOTAL FOR MONTH:      T    1 = FOG OR MIST
DPTR FM NORMAL:   1.6   DPTR FM NORMAL:   -1.10    2 = FOG REDUCING VISIBILITY
HIGHEST:    93 ON 16    GRTST 24HR    T  ON 19-19      TO 1/4 MILE OR LESS
LOWEST:     39 ON 14                               3 = THUNDER
                        SNOW, ICE PELLETS, HAIL    4 = ICE PELLETS
                        TOTAL MONTH:   0.0 INCH    5 = HAIL
                        GRTST 24HR     0.0         6 = FREEZING RAIN OR DRIZZLE
                        GRTST DEPTH:   0           7 = DUSTSTORM OR SANDSTORM:
                                                       VSBY 1/2 MILE OR LESS
                                                   8 = SMOKE OR HAZE
[NO. OF DAYS WITH]      [WEATHER - DAYS WITH]      9 = BLOWING SNOW
                                                   X = TORNADO
MAX 32 OR BELOW:   0    0.01 INCH OR MORE:   0
MAX 90 OR ABOVE:   7    0.10 INCH OR MORE:   0
MIN 32 OR BELOW:   0    0.50 INCH OR MORE:   0
MIN  0 OR BELOW:   0    1.00 INCH OR MORE:   0

[HDD (BASE 65) ]
TOTAL THIS MO.    12    CLEAR  (SCALE 0-3)  17
DPTR FM NORMAL   -20    PTCLDY (SCALE 4-7)   2
TOTAL FM JUL 1    25    CLOUDY (SCALE 8-10)  0
DPTR FM NORMAL   -16

[CDD (BASE 65) ]
TOTAL THIS MO.    98
DPTR FM NORMAL    12    [PRESSURE DATA]
TOTAL FM JAN 1  2807    HIGHEST SLP M ON M
DPTR FM NORMAL   305    LOWEST  SLP 29.56 ON 12

[REMARKS]
