000
CXUS55 KPSR 261005
CF6IPL
PRELIMINARY LOCAL CLIMATOLOGICAL DATA (WS FORM: F-6)

                                          STATION:   IMPERIAL CA
                                          MONTH:     DECEMBER
                                          YEAR:      2014
                                          LATITUDE:   32 50 N
                                          LONGITUDE: 115 35 W

  TEMPERATURE IN F:       :PCPN:    SNOW:  WIND      :SUNSHINE: SKY     :PK WND
================================================================================
1   2   3   4   5  6A  6B    7    8   9   10  11  12  13   14  15   16   17  18
                                     12Z  AVG MX 2MIN
DY MAX MIN AVG DEP HDD CDD  WTR  SNW DPTH SPD SPD DIR MIN PSBL S-S WX    SPD DR
================================================================================

 1  73  50  62   5   3   0 0.00  0.0    0  3.7  8 360   M    M   0         9 360
 2  69  58  64   8   1   0    T  0.0    0  3.8 10 150   M    M   6        12 150
 3  64  57  61   5   4   0 0.18  0.0    0  3.7 12 320   M    M   9 1      14 320
 4  67  54  61   5   4   0 0.00  0.0    0  3.1  8  80   M    M   2 18     12  80
 5  71  56  64   8   1   0 0.00  0.0    0  2.1  7 260   M    M   5 18      9 290
 6  76  57  67  12   0   2 0.00  0.0    0  4.0 10 350   M    M   0 1      14 350
 7  78  53  66  11   0   1 0.00  0.0    0  4.4  8 350   M    M   0 8       9 350
 8  76  54  65  10   0   0 0.00  0.0    0  3.4  8 280   M    M   0 8      10 360
 9  81  50  66  11   0   1 0.00  0.0    0  3.3  8 250   M    M   0 8       9 270
10  79  48  64   9   1   0 0.00  0.0    0  4.0 10 250   M    M   0        12  70
11  74  51  63   9   2   0 0.00  0.0    0  4.6 12 130   M    M   0 18     14 140
12  65  53  59   5   6   0    T  0.0    0  6.1 17 270   M    M   7 128    22 270
13  70  49  60   6   5   0 0.00  0.0    0  7.9 20 290   M    M   0        25 280
14  69  43  56   2   9   0 0.00  0.0    0  3.7  8 250   M    M   0         M  M
15  66  43  55   1  10   0 0.00  0.0    0  3.0  6 270   M    M   0         M  M
16  65  43  54   0  11   0 0.06    M    0  3.3 16 110   M    M   5 8      19 110
17  64  48  56   2   9   0 0.05  0.0    0  3.1 15 140   M    M   3 18     16 140
18  66  43  55   1  10   0 0.00  0.0    0  3.3 10 330   M    M   0        13 340
19  67  42  55   1  10   0 0.00  0.0    0  2.6  8 260   M    M   0        14 260
20  66  42  54   0  11   0 0.00  0.0    0  3.1  9 280   M    M   0        10 270
21  68  44  56   2   9   0 0.00  0.0    0  2.2  7 210   M    M   0         9  80
22  76  45  61   7   4   0 0.00  0.0    0  3.5 10 260   M    M   0 18     13 260
23  78  47  63   9   2   0 0.00  0.0    0  7.2 20  30   M    M   0        26  50
24  69  42  56   2   9   0 0.00  0.0    0  5.2 13 160   M    M   0        14 160
25  68  45  57   3   8   0    T    M    0  8.6 30 260   M    M   5 8      43 220
================================================================================
SM 1765 1217       129   4  0.29     0.0 102.9          M       42
================================================================================
AV 70.6 48.7                               4.1 FASTST   M    M   2    MAX(MPH)
                                 MISC ---->  # 30 260               # 43  220
================================================================================
NOTES:
# LAST OF SEVERAL OCCURRENCES

COLUMN 17 PEAK WIND IN M.P.H.

PRELIMINARY LOCAL CLIMATOLOGICAL DATA (WS FORM: F-6) , PAGE 2

                                          STATION:  IMPERIAL CA
                                          MONTH:    DECEMBER
                                          YEAR:     2014
                                          LATITUDE:   32 50 N
                                          LONGITUDE: 115 35 W

[TEMPERATURE DATA]      [PRECIPITATION DATA]       SYMBOLS USED IN COLUMN 16

AVERAGE MONTHLY: 59.6   TOTAL FOR MONTH:   0.29    1 = FOG OR MIST
DPTR FM NORMAL:   5.0   DPTR FM NORMAL:   -0.15    2 = FOG REDUCING VISIBILITY
HIGHEST:    81 ON  9    GRTST 24HR  0.18 ON  3- 3      TO 1/4 MILE OR LESS
LOWEST:     42 ON 24,20                            3 = THUNDER
                        SNOW, ICE PELLETS, HAIL    4 = ICE PELLETS
                        TOTAL MONTH:   0.0 INCH    5 = HAIL
                        GRTST 24HR     0.0         6 = FREEZING RAIN OR DRIZZLE
                        GRTST DEPTH:   0           7 = DUSTSTORM OR SANDSTORM:
                                                       VSBY 1/2 MILE OR LESS
                                                   8 = SMOKE OR HAZE
[NO. OF DAYS WITH]      [WEATHER - DAYS WITH]      9 = BLOWING SNOW
                                                   X = TORNADO
MAX 32 OR BELOW:   0    0.01 INCH OR MORE:   3
MAX 90 OR ABOVE:   0    0.10 INCH OR MORE:   1
MIN 32 OR BELOW:   0    0.50 INCH OR MORE:   0
MIN  0 OR BELOW:   0    1.00 INCH OR MORE:   0

[HDD (BASE 65) ]
TOTAL THIS MO.   129    CLEAR  (SCALE 0-3)  18
DPTR FM NORMAL  -130    PTCLDY (SCALE 4-7)   6
TOTAL FM JUL 1   192    CLOUDY (SCALE 8-10)  1
DPTR FM NORMAL  -194

[CDD (BASE 65) ]
TOTAL THIS MO.     4
DPTR FM NORMAL     4    [PRESSURE DATA]
TOTAL FM JAN 1  4530    HIGHEST SLP M ON M
DPTR FM NORMAL   554    LOWEST  SLP 29.67 ON 25

[REMARKS]
