000
CXUS55 KCTP 291131
CF6IPT
PRELIMINARY LOCAL CLIMATOLOGICAL DATA (WS FORM: F-6)

                                          STATION:   WILLIAMSPORT PA
                                          MONTH:     MARCH
                                          YEAR:      2015
                                          LATITUDE:   41 15 N
                                          LONGITUDE:  76 55 W

  TEMPERATURE IN F:       :PCPN:    SNOW:  WIND      :SUNSHINE: SKY     :PK WND
================================================================================
1   2   3   4   5  6A  6B    7    8   9   10  11  12  13   14  15   16   17  18
                                     12Z  AVG MX 2MIN
DY MAX MIN AVG DEP HDD CDD  WTR  SNW DPTH SPD SPD DIR MIN PSBL S-S WX    SPD DR
================================================================================

 1  26   9  18 -15  47   0 0.22  2.3    5  5.3 14 100   M    M   9 1      22 100
 2  35  21  28  -5  37   0    T    T    7 10.8 25 270   M    M   5 18     35 300
 3  31   9  20 -14  45   0 0.40  1.0    5  6.2 17  80   M    M   7 14     29  80
 4  38  29  34   0  31   0 0.03  0.0    6  3.2 13 270   M    M   9 168    17 260
 5  36  12  24 -10  41   0    T    T    6  9.3 20 320   M    M   8 8      25 300
 6  24   1  13 -22  52   0 0.00  0.0    5  5.1 12 270   M    M   0        15 330
 7  37   5  21 -14  44   0    T    T    5  3.1 12 180   M    M   6        16 170
 8  47  26  37   2  28   0 0.00  0.0    5  5.9 21 270   M    M   6 18     28 270
 9  52  24  38   2  27   0 0.00  0.0    4  2.9 13 260   M    M   2        17 250
10  45  26  36   0  29   0 0.19  0.0    1  1.8 12  70   M    M   6 12     15  80
11  54  36  45   9  20   0    T  0.0    T  7.7 18 250   M    M   4 12     24 250
12  48  28  38   1  27   0 0.00  0.0    0  8.9 23 330   M    M   0        31 340
13  46  21  34  -3  31   0 0.01  0.0    0  5.4 16 120   M    M   2        22 100
14  44  35  40   3  25   0 0.44  0.0    0  6.3 25 280   M    M  10 1      31 280
15  41  31  36  -2  29   0    T    T    0 13.0 26 300   M    M  10        34 290
16  48  29  39   1  26   0    T  0.0    0  3.2 14 270   M    M   2        19 270
17  52  31  42   4  23   0    T  0.0    0 11.4 32 320   M    M   5        44 320
18  42  25  34  -5  31   0 0.00  0.0    0 13.5 29 310   M    M   1        40 290
19  44  24  34  -5  31   0 0.00  0.0    0  4.7 16  90   M    M   0        19 300
20  35  29  32  -8  33   0 0.37  3.8    T  7.2 15 100   M    M   9 1      23 120
21  44  31  38  -2  27   0    T    T    3  4.3 20 310   M    M   9 18     28 310
22  41  25  33  -7  32   0 0.00  0.0    T 10.4 20 310   M    M   0        26 310
23  39  20  30 -11  35   0 0.00  0.0    0  8.1 16 340   M    M   3        21 330
24  47  20  34  -7  31   0 0.00  0.0    0  3.0 10 240   M    M   3        13 230
25  41  22  32 -10  33   0 0.09  0.0    0  6.7 20  80   M    M   6        30  90
26  50  30  40  -2  25   0 0.16  0.0    0  3.7 15  60   M    M   6 18     17  60
27  44  32  38  -4  27   0    T    T    0  7.0 16 300   M    M   9        27 320
28  33  20  27 -16  38   0    T    T    0 10.4 22 330   M    M   7        27 320
================================================================================
SM 1164  651       905   0  1.91     7.1 188.5          M      144
================================================================================
AV 41.6 23.2                               6.7 FASTST   M    M   5    MAX(MPH)
                                 MISC ---->  # 32 320               # 44  320
================================================================================
NOTES:
# LAST OF SEVERAL OCCURRENCES

COLUMN 17 PEAK WIND IN M.P.H.

PRELIMINARY LOCAL CLIMATOLOGICAL DATA (WS FORM: F-6) , PAGE 2

                                          STATION:  WILLIAMSPORT PA
                                          MONTH:    MARCH
                                          YEAR:     2015
                                          LATITUDE:   41 15 N
                                          LONGITUDE:  76 55 W

[TEMPERATURE DATA]      [PRECIPITATION DATA]       SYMBOLS USED IN COLUMN 16

AVERAGE MONTHLY: 32.4   TOTAL FOR MONTH:   1.91    1 = FOG OR MIST
DPTR FM NORMAL:  -5.3   DPTR FM NORMAL:   -0.73    2 = FOG REDUCING VISIBILITY
HIGHEST:    54 ON 11    GRTST 24HR  0.44 ON 14-14      TO 1/4 MILE OR LESS
LOWEST:      1 ON  6                               3 = THUNDER
                        SNOW, ICE PELLETS, HAIL    4 = ICE PELLETS
                        TOTAL MONTH:   7.1 INCHES  5 = HAIL
                        GRTST 24HR   3.8 ON   M    6 = FREEZING RAIN OR DRIZZLE
                        GRTST DEPTH:   7 ON  2     7 = DUSTSTORM OR SANDSTORM:
                                                       VSBY 1/2 MILE OR LESS
                                                   8 = SMOKE OR HAZE
[NO. OF DAYS WITH]      [WEATHER - DAYS WITH]      9 = BLOWING SNOW
                                                   X = TORNADO
MAX 32 OR BELOW:   3    0.01 INCH OR MORE:   9
MAX 90 OR ABOVE:   0    0.10 INCH OR MORE:   6
MIN 32 OR BELOW:  26    0.50 INCH OR MORE:   0
MIN  0 OR BELOW:   0    1.00 INCH OR MORE:   0

[HDD (BASE 65) ]
TOTAL THIS MO.   905    CLEAR  (SCALE 0-3)   9
DPTR FM NORMAL   140    PTCLDY (SCALE 4-7)  12
TOTAL FM JUL 1  5542    CLOUDY (SCALE 8-10)  7
DPTR FM NORMAL   310

[CDD (BASE 65) ]
TOTAL THIS MO.     0
DPTR FM NORMAL     0    [PRESSURE DATA]
TOTAL FM JAN 1     0    HIGHEST SLP M ON M
DPTR FM NORMAL     0    LOWEST  SLP 29.62 ON 17

[REMARKS]
