000
CXUS55 KCTP 211131
CF6IPT
PRELIMINARY LOCAL CLIMATOLOGICAL DATA (WS FORM: F-6)

                                          STATION:   WILLIAMSPORT PA
                                          MONTH:     OCTOBER
                                          YEAR:      2014
                                          LATITUDE:   41 15 N
                                          LONGITUDE:  76 55 W

  TEMPERATURE IN F:       :PCPN:    SNOW:  WIND      :SUNSHINE: SKY     :PK WND
================================================================================
1   2   3   4   5  6A  6B    7    8   9   10  11  12  13   14  15   16   17  18
                                     12Z  AVG MX 2MIN
DY MAX MIN AVG DEP HDD CDD  WTR  SNW DPTH SPD SPD DIR MIN PSBL S-S WX    SPD DR
================================================================================

 1  73  60  67  10   0   2 0.09  0.0    0  2.2  9 110   M    M   8 18     11 110
 2  70  54  62   5   3   0 0.00  0.0    0  1.9  8 210   M    M   6 12     11 110
 3  69  53  61   5   4   0 0.09  0.0    0 10.6 23 140   M    M   9 8      33 150
 4  63  38  51  -5  14   0 0.29  0.0    0  9.6 26 250   M    M   6 1      34 240
 5  55  35  45 -11  20   0 0.00  0.0    0  3.7 15 260   M    M   7        20 260
 6  69  39  54  -1  11   0 0.01  0.0    0  9.6 23 140   M    M   7        35 170
 7  70  57  64   9   1   0 0.36  0.0    0 10.9 24 160   M    M   6        31 160
 8  70  51  61   7   4   0 0.02  0.0    0  9.1 25 270   M    M   6        35 270
 9  64  40  52  -2  13   0 0.00  0.0    0  4.7 20 250   M    M   1        25 250
10  61  39  50  -4  15   0 0.00  0.0    0  2.6  7 160   M    M   1        10 180
11  65  43  54   1  11   0 0.01  0.0    0  2.7 13 320   M    M   4        16 320
12  62  35  49  -4  16   0 0.00  0.0    0  2.3 12 140   M    M   2 1      14 130
13  60  52  56   3   9   0    T  0.0    0  7.8 15  70   M    M  10 18     22 150
14  74  59  67  15   0   2 0.02  0.0    0  8.4 20  90   M    M  10 1      27  90
15  72  62  67  15   0   2 1.55  0.0    0  7.4 20 110   M    M   9 1      29  90
16  69  53  61   9   4   0 0.00  0.0    0  4.3 20 270   M    M   7 12     23 260
17  70  51  61  10   4   0 0.00  0.0    0  5.1 22 250   M    M   7 1      29 250
18  63  48  56   5   9   0 0.01  0.0    0  9.0 22 280   M    M   9        31 270
19  55  37  46  -5  19   0    T  0.0    0  8.2 20 300   M    M   4        26 300
20  59  34  47  -3  18   0    T  0.0    0  3.1 14 160   M    M   6        19 160
================================================================================
SM 1313  940       175   6  2.45     0.0 123.2          M      125
================================================================================
AV 65.7 47.0                               6.2 FASTST   M    M   6    MAX(MPH)
                                 MISC ---->  # 26 250               # 35  170
================================================================================
NOTES:
# LAST OF SEVERAL OCCURRENCES

COLUMN 17 PEAK WIND IN M.P.H.

PRELIMINARY LOCAL CLIMATOLOGICAL DATA (WS FORM: F-6) , PAGE 2

                                          STATION:  WILLIAMSPORT PA
                                          MONTH:    OCTOBER
                                          YEAR:     2014
                                          LATITUDE:   41 15 N
                                          LONGITUDE:  76 55 W

[TEMPERATURE DATA]      [PRECIPITATION DATA]       SYMBOLS USED IN COLUMN 16

AVERAGE MONTHLY: 56.3   TOTAL FOR MONTH:   2.45    1 = FOG OR MIST
DPTR FM NORMAL:   2.7   DPTR FM NORMAL:    0.18    2 = FOG REDUCING VISIBILITY
HIGHEST:    74 ON 14    GRTST 24HR  1.55 ON 15-15      TO 1/4 MILE OR LESS
LOWEST:     34 ON 20                               3 = THUNDER
                        SNOW, ICE PELLETS, HAIL    4 = ICE PELLETS
                        TOTAL MONTH:   0.0 INCH    5 = HAIL
                        GRTST 24HR     0.0         6 = FREEZING RAIN OR DRIZZLE
                        GRTST DEPTH:   0           7 = DUSTSTORM OR SANDSTORM:
                                                       VSBY 1/2 MILE OR LESS
                                                   8 = SMOKE OR HAZE
[NO. OF DAYS WITH]      [WEATHER - DAYS WITH]      9 = BLOWING SNOW
                                                   X = TORNADO
MAX 32 OR BELOW:   0    0.01 INCH OR MORE:  10
MAX 90 OR ABOVE:   0    0.10 INCH OR MORE:   3
MIN 32 OR BELOW:   0    0.50 INCH OR MORE:   1
MIN  0 OR BELOW:   0    1.00 INCH OR MORE:   1

[HDD (BASE 65) ]
TOTAL THIS MO.   175    CLEAR  (SCALE 0-3)   3
DPTR FM NORMAL   -57    PTCLDY (SCALE 4-7)  12
TOTAL FM JUL 1   256    CLOUDY (SCALE 8-10)  5
DPTR FM NORMAL  -104

[CDD (BASE 65) ]
TOTAL THIS MO.     6
DPTR FM NORMAL     5    [PRESSURE DATA]
TOTAL FM JAN 1   713    HIGHEST SLP M ON M
DPTR FM NORMAL    15    LOWEST  SLP 29.54 ON 18

[REMARKS]
