000
CXUS52 TJSJ 300428
CF6IST
PRELIMINARY LOCAL CLIMATOLOGICAL DATA (WS FORM: F-6)

                                          STATION:   CYRIL E. KING AP/ST THOMAS
                                          MONTH:     SEPTEMBER
                                          YEAR:      2016
                                          LATITUDE:   18 19 N
                                          LONGITUDE:  64 58 W

  TEMPERATURE IN F:       :PCPN:    SNOW:  WIND      :SUNSHINE: SKY     :PK WND
================================================================================
1   2   3   4   5  6A  6B    7    8   9   10  11  12  13   14  15   16   17  18
                                     12Z  AVG MX 2MIN
DY MAX MIN AVG DEP HDD CDD  WTR  SNW DPTH SPD SPD DIR MIN PSBL S-S WX    SPD DR
================================================================================

 1  93  81  87   3   0  22    T  0.0    0 11.5 24 110   M    M   1        30 110
 2  91  82  87   3   0  22 0.09  0.0    0 11.5 21  90   M    M   2 1      26 110
 3  92  83  88   4   0  23 0.00  0.0    0 13.0 21  80   M    M   2        28  70
 4  92  83  88   4   0  23 0.00  0.0    0 15.1 23  70   M    M   2        33  40
 5  89  77  83  -1   0  18 0.25  0.0    0 13.6 31 110   M    M   6 1      42 110
 6  90  79  85   1   0  20 0.00  0.0    0 11.4 20 130   M    M   1        25 130
 7  91  79  85   1   0  20 0.12  0.0    0  7.5 23  60   M    M   2 1      28  50
 8  89  78  84   0   0  19 0.02  0.0    0  9.7 18 130   M    M   1 1      23 130
 9  89  79  84   0   0  19 0.26  0.0    0  9.2 16 130   M    M   2 1      21 140
10  89  74  82  -2   0  17 1.23  0.0    0 10.6 31  90   M    M   4 1      42 110
11  90  80  85   1   0  20 0.15  0.0    0  6.0 16 120   M    M   2 8      20 120
12  91  80  86   2   0  21 0.01  0.0    0  8.1 15  30   M    M   1 1      21  20
13  91  80  86   2   0  21 0.00  0.0    0  7.7 15  40   M    M   1         M  M
14  89  79  84   0   0  19 0.00  0.0    0  6.4 16  70   M    M   2        20 130
15  90  79  85   1   0  20 0.08  0.0    0  7.6 14 130   M    M   1        17  60
16  92  80  86   2   0  21 0.00  0.0    0  6.5 15  40   M    M   1        20  40
17  91  79  85   1   0  20 0.00  0.0    0  7.0 15 140   M    M   2        20 140
18  88  77  83  -1   0  18 0.48  0.0    0  7.8 23 100   M    M   1 1      28 110
19  89  79  84   0   0  19 0.02  0.0    0  8.3 17  70   M    M   1 1      22  80
20  90  80  85   1   0  20 0.17  0.0    0  7.7 16  30   M    M   1 18     20  50
21  91  80  86   2   0  21 0.09  0.0    0  4.6 16  30   M    M   2 1      20  30
22  89  79  84   0   0  19 0.02  0.0    0  3.3 10 180   M    M   2 1      13 180
23  89  82  86   2   0  21    T  0.0    0  7.2 14 160   M    M   2        16 180
24  90  81  86   2   0  21    T  0.0    0  7.1 14 120   M    M   1        17 140
25  90  80  85   1   0  20 0.00  0.0    0  6.3 14 140   M    M   1        18  70
26  91  79  85   1   0  20 0.00  0.0    0  4.3  8 130   M    M   2         M  M
27  92  83  88   4   0  23 0.04  0.0    0 11.1 21  80   M    M   2 8      25 130
28  93  79  86   2   0  21 0.16  0.0    0 14.3 26  90   M    M   2 18     32  80
29  90  82  86   2   0  21    T  0.0    0 18.0 30  90   M    M   2        37  80
================================================================================
SM 2621 2313         0 589  3.19     0.0 262.4          M       52
================================================================================
AV 90.4 79.8                               9.0 FASTST   M    M   2    MAX(MPH)
                                 MISC ---->  # 31 110               # 42  110
================================================================================
NOTES:
# LAST OF SEVERAL OCCURRENCES

COLUMN 17 PEAK WIND IN M.P.H.

PRELIMINARY LOCAL CLIMATOLOGICAL DATA (WS FORM: F-6) , PAGE 2

                                          STATION:  CYRIL E. KING AP/ST THOMAS
                                          MONTH:    SEPTEMBER
                                          YEAR:     2016
                                          LATITUDE:   18 19 N
                                          LONGITUDE:  64 58 W

[TEMPERATURE DATA]      [PRECIPITATION DATA]       SYMBOLS USED IN COLUMN 16

AVERAGE MONTHLY: 85.1   TOTAL FOR MONTH:   3.19    1 = FOG OR MIST
DPTR FM NORMAL:   1.1   DPTR FM NORMAL:   -2.19    2 = FOG REDUCING VISIBILITY
HIGHEST:    93 ON 28, 1 GRTST 24HR  1.23 ON 10-10      TO 1/4 MILE OR LESS
LOWEST:     74 ON 10                               3 = THUNDER
                        SNOW, ICE PELLETS, HAIL    4 = ICE PELLETS
                        TOTAL MONTH:   0.0 INCH    5 = HAIL
                        GRTST 24HR     0.0         6 = FREEZING RAIN OR DRIZZLE
                        GRTST DEPTH:   0           7 = DUSTSTORM OR SANDSTORM:
                                                       VSBY 1/2 MILE OR LESS
                                                   8 = SMOKE OR HAZE
[NO. OF DAYS WITH]      [WEATHER - DAYS WITH]      9 = BLOWING SNOW
                                                   X = TORNADO
MAX 32 OR BELOW:   0    0.01 INCH OR MORE:  16
MAX 90 OR ABOVE:  20    0.10 INCH OR MORE:   8
MIN 32 OR BELOW:   0    0.50 INCH OR MORE:   1
MIN  0 OR BELOW:   0    1.00 INCH OR MORE:   1

[HDD (BASE 65) ]
TOTAL THIS MO.     0    CLEAR  (SCALE 0-3)  27
DPTR FM NORMAL     0    PTCLDY (SCALE 4-7)   2
TOTAL FM JUL 1     0    CLOUDY (SCALE 8-10)  0
DPTR FM NORMAL     0

[CDD (BASE 65) ]
TOTAL THIS MO.   589
DPTR FM NORMAL    38    [PRESSURE DATA]
TOTAL FM JAN 1  4817    HIGHEST SLP M ON M
DPTR FM NORMAL   275    LOWEST  SLP 29.85 ON M

[REMARKS]
