000
CXUS53 KGRB 300906
CF6ISW
PRELIMINARY LOCAL CLIMATOLOGICAL DATA (WS FORM: F-6)

                                          STATION:   WISCONSIN RAPIDS ASOS
                                          MONTH:     JULY
                                          YEAR:      2016
                                          LATITUDE:   44 22 N
                                          LONGITUDE:  89 50 W

  TEMPERATURE IN F:       :PCPN:    SNOW:  WIND      :SUNSHINE: SKY     :PK WND
================================================================================
1   2   3   4   5  6A  6B    7    8   9   10  11  12  13   14  15   16   17  18
                                     12Z  AVG MX 2MIN
DY MAX MIN AVG DEP HDD CDD  WTR  SNW DPTH SPD SPD DIR MIN PSBL S-S WX    SPD DR
================================================================================

 1  75  53  64  -5   1   0 0.00  0.0    0  6.4 16  20   M    M   2        21 350
 2  78  49  64  -6   1   0 0.00  0.0    0  2.8 12 230   M    M   0 1      13 250
 3  80  51  66  -4   0   1 0.00  0.0    0  4.3 10 140   M    M   1 1      14 150
 4  78  50  64  -6   1   0 0.00  0.0    0  4.7 14 220   M    M   5 1      17 230
 5  88  60  74   4   0   9 0.10  0.0    0  7.5 17  60   M    M   1 13     22  40
 6  86  65  76   6   0  11    T  0.0    0  4.3 16 210   M    M   3 12     23 210
 7  84  62  73   3   0   8 0.16  0.0    0  5.1 14 130   M    M   5 123    19 120
 8  80  62  71   1   0   6 0.15  0.0    0  9.2 22 270   M    M   5 13     32 310
 9  81  57  69  -1   0   4 0.00  0.0    0  5.3 14  10   M    M   0        18 360
10  78  58  68  -2   0   3 0.02  0.0    0  6.2 17 150   M    M   5        25 130
11  93  68  81  11   0  16 0.00  0.0    0 10.3 23 200   M    M   4        31 190
12  85  65  75   5   0  10 0.15  0.0    0  9.6 21 300   M    M   3 13     32 300
13  88  67  78   7   0  13 0.00  0.0    0 10.9 22 240   M    M   0        28 240
14  77  63  70  -1   0   5    T  0.0    0  9.7 20 300   M    M   5        26 310
15  74  55  65  -6   0   0 0.02  0.0    0  5.9 14  40   M    M   6 1      18  20
16  80  52  66  -5   0   1 0.00  0.0    0  5.9 15 230   M    M   4 1      20 280
17  85  62  74   3   0   9 0.55  0.0    0  8.5 21 240   M    M   5 13     26 250
18  86  59  73   2   0   8 0.00  0.0    0  5.2 14 340   M    M   0 1      18 310
19  87  60  74   3   0   9 0.00  0.0    0  5.0 13 220   M    M   0 1      17 250
20  85  66  76   5   0  11 0.23  0.0    0  6.5 14 210   M    M   1 13     19 200
21  90  67  79   8   0  14 1.31  0.0    0 10.3 49 320   M    M   5 13     60 320
22  93  64  79   8   0  14 0.00  0.0    0  3.5 10 360   M    M   0 12     14 270
23  86  63  75   4   0  10 0.21  0.0    0  4.9 15 230   M    M   2 13     18 200
24  88  67  78   7   0  13 0.08  0.0    0  6.4 16 310   M    M   5 13     21 310
25  85  64  75   4   0  10 0.00  0.0    0  7.0 20 300   M    M   0        24 310
26  89  59  74   3   0   9 0.00  0.0    0  4.8 13 250   M    M   1 1      16 250
27  83  65  74   3   0   9 0.87  0.0    0  5.1 18 230   M    M   3 13     22 230
28  70  64  67  -3   0   2 0.18  0.0    0  9.2 17  60   M    M  10 13     23  70
29  75  60  68  -2   0   3 0.00  0.0    0  7.0 13  80   M    M   7        16  60
================================================================================
SM 2407 1757         3 208  4.03     0.0 191.5          M       88
================================================================================
AV 83.0 60.6                               6.6 FASTST   M    M   3    MAX(MPH)
                                 MISC ---->  # 49 320               # 60  320
================================================================================
NOTES:
# LAST OF SEVERAL OCCURRENCES

COLUMN 17 PEAK WIND IN M.P.H.

PRELIMINARY LOCAL CLIMATOLOGICAL DATA (WS FORM: F-6) , PAGE 2

                                          STATION:  WISCONSIN RAPIDS ASOS
                                          MONTH:    JULY
                                          YEAR:     2016
                                          LATITUDE:   44 22 N
                                          LONGITUDE:  89 50 W

[TEMPERATURE DATA]      [PRECIPITATION DATA]       SYMBOLS USED IN COLUMN 16

AVERAGE MONTHLY: 71.8   TOTAL FOR MONTH:   4.03    1 = FOG OR MIST
DPTR FM NORMAL:   1.3   DPTR FM NORMAL:    0.26    2 = FOG REDUCING VISIBILITY
HIGHEST:    93 ON 22,11 GRTST 24HR  1.31 ON 21-21      TO 1/4 MILE OR LESS
LOWEST:     49 ON  2                               3 = THUNDER
                        SNOW, ICE PELLETS, HAIL    4 = ICE PELLETS
                        TOTAL MONTH:   0.0 INCH    5 = HAIL
                        GRTST 24HR     0.0         6 = FREEZING RAIN OR DRIZZLE
                        GRTST DEPTH:   0           7 = DUSTSTORM OR SANDSTORM:
                                                       VSBY 1/2 MILE OR LESS
                                                   8 = SMOKE OR HAZE
[NO. OF DAYS WITH]      [WEATHER - DAYS WITH]      9 = BLOWING SNOW
                                                   X = TORNADO
MAX 32 OR BELOW:   0    0.01 INCH OR MORE:  13
MAX 90 OR ABOVE:   3    0.10 INCH OR MORE:  10
MIN 32 OR BELOW:   0    0.50 INCH OR MORE:   3
MIN  0 OR BELOW:   0    1.00 INCH OR MORE:   1

[HDD (BASE 65) ]
TOTAL THIS MO.     3    CLEAR  (SCALE 0-3)  16
DPTR FM NORMAL   -12    PTCLDY (SCALE 4-7)  12
TOTAL FM JUL 1     3    CLOUDY (SCALE 8-10)  1
DPTR FM NORMAL   -12

[CDD (BASE 65) ]
TOTAL THIS MO.   208
DPTR FM NORMAL    38    [PRESSURE DATA]
TOTAL FM JAN 1   361    HIGHEST SLP M ON M
DPTR FM NORMAL    78    LOWEST  SLP 29.62 ON 12

[REMARKS]
