000
CXUS53 KGRB 310657
CF6ISW
PRELIMINARY LOCAL CLIMATOLOGICAL DATA (WS FORM: F-6)

                                          STATION:   WISCONSIN RAPIDS ASOS
                                          MONTH:     OCTOBER
                                          YEAR:      2014
                                          LATITUDE:   44 22 N
                                          LONGITUDE:  89 50 W

  TEMPERATURE IN F:       :PCPN:    SNOW:  WIND      :SUNSHINE: SKY     :PK WND
================================================================================
1   2   3   4   5  6A  6B    7    8   9   10  11  12  13   14  15   16   17  18
                                     12Z  AVG MX 2MIN
DY MAX MIN AVG DEP HDD CDD  WTR  SNW DPTH SPD SPD DIR MIN PSBL S-S WX    SPD DR
================================================================================

 1  62  46  54   1  11   0 0.08  0.0    0  6.9 15 110   M    M   9 1      19 140
 2  70  52  61   9   4   0 0.89  0.0    0  3.8 22 320   M    M   9 1      28 350
 3  56  39  48  -4  17   0 0.03  0.0    0 13.8 26 300   M    M   9 1      35 290
 4  48  33  41 -11  24   0 0.09    T    0 11.6 22 310   M    M  10 6      27 310
 5  48  32  40 -11  25   0 0.00  0.0    0  8.3 18 240   M    M   5        24 250
 6  55  30  43  -8  22   0    T  0.0    0  9.1 21 240   M    M   2        28 240
 7  64  38  51   1  14   0 0.00  0.0    0  9.1 23 290   M    M   4 8      32 300
 8  58  30  44  -6  21   0 0.00  0.0    0 10.0 29 300   M    M   0 1      40 300
 9  57  28  43  -7  22   0 0.00  0.0    0  6.9 15 310   M    M   0        19 300
10  57  28  43  -6  22   0 0.00  0.0    0  2.7 13 330   M    M   2 18     15 340
11  55  28  42  -7  23   0 0.00  0.0    0  1.9 12 210   M    M   0 1      14 210
12  62  31  47  -2  18   0    T  0.0    0  6.7 18 140   M    M   4 1      23 140
13  57  49  53   5  12   0 0.71  0.0    0  6.7 20  30   M    M  10 1      28  30
14  54  49  52   4  13   0 0.43  0.0    0 16.9 37  20   M    M  10 1      47  20
15  58  47  53   5  12   0    T  0.0    0  8.3 21  10   M    M  10 1      28  10
16  64  38  51   4  14   0 0.00  0.0    0  3.8 10 220   M    M   4 12     14 240
17  55  46  51   4  14   0 0.02  0.0    0 10.8 23 330   M    M   7 1      30 330
18  52  29  41  -5  24   0    T  0.0    0  8.0 20 360   M    M   5        26  10
19  59  28  44  -2  21   0    T  0.0    0  6.9 22 200   M    M   1 1      28 210
20  57  37  47   1  18   0 0.00  0.0    0  8.1 17 330   M    M   6 1      22 320
21  52  30  41  -4  24   0 0.00  0.0    0  5.2 13  30   M    M   4 1      17  60
22  57  26  42  -3  23   0 0.00  0.0    0  5.7 13 160   M    M   0 1      18 170
23  47  40  44   0  21   0 0.20  0.0    0  4.5  9 200   M    M   9 1      13 190
24  60  46  53   9  12   0 0.00  0.0    0  5.3 10 210   M    M  10 12     13 240
25  64  35  50   6  15   0 0.00  0.0    0 10.6 25 290   M    M   1 1      33 290
26  63  30  47   4  18   0 0.00  0.0    0  4.5 12 140   M    M   2 3      16 120
27  67  48  58  15   7   0 0.21  0.0    0  5.7 13  70   M    M   6 13     20 140
28  55  41  48   6  17   0    T  0.0    0 13.6 23 280   M    M   7        35 270
29  48  29  39  -3  26   0 0.00  0.0    0  8.3 22 280   M    M   6        31 300
30  51  30  41   0  24   0    T  0.0    0  6.6 25 330   M    M   8        34 300
================================================================================
SM 1712 1093       538   0  2.66    T    230.3          M      160
================================================================================
AV 57.1 36.4                               7.7 FASTST   M    M   5    MAX(MPH)
                                 MISC ---->  # 37  20               # 47   20
================================================================================
NOTES:
# LAST OF SEVERAL OCCURRENCES

COLUMN 17 PEAK WIND IN M.P.H.

PRELIMINARY LOCAL CLIMATOLOGICAL DATA (WS FORM: F-6) , PAGE 2

                                          STATION:  WISCONSIN RAPIDS ASOS
                                          MONTH:    OCTOBER
                                          YEAR:     2014
                                          LATITUDE:   44 22 N
                                          LONGITUDE:  89 50 W

[TEMPERATURE DATA]      [PRECIPITATION DATA]       SYMBOLS USED IN COLUMN 16

AVERAGE MONTHLY: 46.8   TOTAL FOR MONTH:   2.66    1 = FOG OR MIST
DPTR FM NORMAL:  -0.5   DPTR FM NORMAL:    0.11    2 = FOG REDUCING VISIBILITY
HIGHEST:    70 ON  2    GRTST 24HR  1.14 ON 13-14      TO 1/4 MILE OR LESS
LOWEST:     26 ON 22                               3 = THUNDER
                        SNOW, ICE PELLETS, HAIL    4 = ICE PELLETS
                        TOTAL MONTH:    T          5 = HAIL
                        GRTST 24HR    T  ON  4- 4  6 = FREEZING RAIN OR DRIZZLE
                        GRTST DEPTH:   0           7 = DUSTSTORM OR SANDSTORM:
                                                       VSBY 1/2 MILE OR LESS
                                                   8 = SMOKE OR HAZE
[NO. OF DAYS WITH]      [WEATHER - DAYS WITH]      9 = BLOWING SNOW
                                                   X = TORNADO
MAX 32 OR BELOW:   0    0.01 INCH OR MORE:   9
MAX 90 OR ABOVE:   0    0.10 INCH OR MORE:   5
MIN 32 OR BELOW:  14    0.50 INCH OR MORE:   2
MIN  0 OR BELOW:   0    1.00 INCH OR MORE:   0

[HDD (BASE 65) ]
TOTAL THIS MO.   538    CLEAR  (SCALE 0-3)   9
DPTR FM NORMAL    -1    PTCLDY (SCALE 4-7)  12
TOTAL FM JUL 1   780    CLOUDY (SCALE 8-10)  9
DPTR FM NORMAL   -13

[CDD (BASE 65) ]
TOTAL THIS MO.     0
DPTR FM NORMAL     0    [PRESSURE DATA]
TOTAL FM JAN 1   447    HIGHEST SLP M ON M
DPTR FM NORMAL   -10    LOWEST  SLP 29.46 ON M

[REMARKS]
