000
CXHW53 PHFO 281250
CF6ITO
PRELIMINARY LOCAL CLIMATOLOGICAL DATA (WS FORM: F-6)

                                          STATION:   HILO HI
                                          MONTH:     MARCH
                                          YEAR:      2015
                                          LATITUDE:   19 43 N
                                          LONGITUDE: 155  4 W

  TEMPERATURE IN F:       :PCPN:    SNOW:  WIND      :SUNSHINE: SKY     :PK WND
================================================================================
1   2   3   4   5  6A  6B    7    8   9   10  11  12  13   14  15   16   17  18
                                     12Z  AVG MX 2MIN
DY MAX MIN AVG DEP HDD CDD  WTR  SNW DPTH SPD SPD DIR MIN PSBL S-S WX    SPD DR
================================================================================

 1  82  66  74   3   0   9 0.74  0.0    0  5.0 17  90   M    M   7 3      20  90
 2  79  67  73   1   0   8 1.18  0.0    0  5.7 16 100   M    M   7 18     19 100
 3  82  66  74   2   0   9 1.06  0.0    0  6.3 13  50   M    M   8        16  50
 4  75  67  71  -1   0   6 2.39  0.0    0  6.7 25 340   M    M  10 1      33 340
 5  78  64  71  -1   0   6 0.51  0.0    0  8.2 18 330   M    M   7 1      25  10
 6  74  66  70  -2   0   5 0.99  0.0    0 11.7 22 350   M    M  10 1      31 360
 7  73  65  69  -3   0   4    T  0.0    0  9.7 23 350   M    M   9 18     27 350
 8  70  66  68  -4   0   3 0.41  0.0    0  5.4 15 340   M    M  10 1      21  10
 9  71  66  69  -3   0   4 0.28  0.0    0  8.5 15 340   M    M  10 1      19 350
10  76  65  71  -1   0   6    T  0.0    0  6.9 15  10   M    M   9        19  20
11  77  65  71  -1   0   6 0.03  0.0    0  3.2  8 350   M    M   8        10  30
12  75  67  71  -1   0   6 0.02  0.0    0  8.4 17 360   M    M   8        23 350
13  76  67  72   0   0   7 0.00  0.0    0 14.6 23 350   M    M   7        31 350
14  77  68  73   1   0   8 0.00  0.0    0  9.1 20  30   M    M   9        27  10
15  79  66  73   1   0   8    T  0.0    0  7.0 15  60   M    M  10        22  40
16  81  65  73   1   0   8 0.00  0.0    0  6.1 14  40   M    M   8        18  50
17  82  64  73   1   0   8 0.00  0.0    0  7.8 15  90   M    M   6        19 120
18  84  63  74   2   0   9 0.00  0.0    0  8.6 21 100   M    M   3 8      26 120
19  82  64  73   1   0   8 0.01  0.0    0  5.9 14 360   M    M   5 18     18  30
20  83  63  73   1   0   8 0.13  0.0    0  7.8 16  20   M    M   7 18     19  20
21  82  66  74   2   0   9 0.28  0.0    0  6.6 15 270   M    M   7 1      18 270
22  82  66  74   2   0   9 0.13  0.0    0  7.3 15 100   M    M   7 1      19 110
23  83  66  75   3   0  10 0.05  0.0    0  5.8 15 120   M    M   7 1      19 110
24  81  65  73   1   0   8    T  0.0    0  5.6 13 110   M    M   7        16 130
25  82  65  74   2   0   9    T  0.0    0  6.7 14  50   M    M   5        20  30
26  82  70  76   4   0  11 0.06  0.0    0 10.8 17  70   M    M   6 1      21  70
27  81  66  74   2   0   9 0.29  0.0    0  7.3 17  80   M    M   6 1      26  90
================================================================================
SM 2129 1774         0 201  8.56     0.0 202.7          M      203
================================================================================
AV 78.9 65.7                               7.5 FASTST   M    M   8    MAX(MPH)
                                 MISC ---->  # 25 340               # 33  340
================================================================================
NOTES:
# LAST OF SEVERAL OCCURRENCES

COLUMN 17 PEAK WIND IN M.P.H.

PRELIMINARY LOCAL CLIMATOLOGICAL DATA (WS FORM: F-6) , PAGE 2

                                          STATION:  HILO HI
                                          MONTH:    MARCH
                                          YEAR:     2015
                                          LATITUDE:   19 43 N
                                          LONGITUDE: 155  4 W

[TEMPERATURE DATA]      [PRECIPITATION DATA]       SYMBOLS USED IN COLUMN 16

AVERAGE MONTHLY: 72.3   TOTAL FOR MONTH:   8.56    1 = FOG OR MIST
DPTR FM NORMAL:   0.3   DPTR FM NORMAL:   -3.06    2 = FOG REDUCING VISIBILITY
HIGHEST:    84 ON 18    GRTST 24HR  2.39 ON  4- 4      TO 1/4 MILE OR LESS
LOWEST:     63 ON 20,18                            3 = THUNDER
                        SNOW, ICE PELLETS, HAIL    4 = ICE PELLETS
                        TOTAL MONTH:   0.0 INCH    5 = HAIL
                        GRTST 24HR     0.0         6 = FREEZING RAIN OR DRIZZLE
                        GRTST DEPTH:   0           7 = DUSTSTORM OR SANDSTORM:
                                                       VSBY 1/2 MILE OR LESS
                                                   8 = SMOKE OR HAZE
[NO. OF DAYS WITH]      [WEATHER - DAYS WITH]      9 = BLOWING SNOW
                                                   X = TORNADO
MAX 32 OR BELOW:   0    0.01 INCH OR MORE:  17
MAX 90 OR ABOVE:   0    0.10 INCH OR MORE:  12
MIN 32 OR BELOW:   0    0.50 INCH OR MORE:   6
MIN  0 OR BELOW:   0    1.00 INCH OR MORE:   3

[HDD (BASE 65) ]
TOTAL THIS MO.     0    CLEAR  (SCALE 0-3)   1
DPTR FM NORMAL     0    PTCLDY (SCALE 4-7)  18
TOTAL FM JUL 1     0    CLOUDY (SCALE 8-10)  8
DPTR FM NORMAL     0

[CDD (BASE 65) ]
TOTAL THIS MO.   201
DPTR FM NORMAL    15    [PRESSURE DATA]
TOTAL FM JAN 1   727    HIGHEST SLP M ON M
DPTR FM NORMAL   171    LOWEST  SLP 29.85 ON 11

[REMARKS]
