000
CXUS53 KIWX 260800
CF6IWX
PRELIMINARY LOCAL CLIMATOLOGICAL DATA (WS FORM: F-6)

                                          STATION:   NORTH WEBSTER WFO
                                          MONTH:     NOVEMBER
                                          YEAR:      2014
                                          LATITUDE:   41 21 N
                                          LONGITUDE:  85 42 W

  TEMPERATURE IN F:       :PCPN:    SNOW:  WIND      :SUNSHINE: SKY     :PK WND
================================================================================
1   2   3   4   5  6A  6B    7    8   9   10  11  12  13   14  15   16   17  18
                                     12Z  AVG MX 2MIN
DY MAX MIN AVG DEP HDD CDD  WTR  SNW DPTH SPD SPD DIR MIN PSBL S-S WX    SPD DR
================================================================================

 1  41  27  34 -13  31   0 0.00  0.0    0   M   M   M   M    M   M         M  M
 2  53  23  38  -9  27   0 0.00  0.0    0   M   M   M   M    M   M         M  M
 3  63  41  52   6  13   0 0.00  0.0    0   M   M   M   M    M   M         M  M
 4  56  40  48   2  17   0 0.28  0.0    0   M   M   M   M    M   M         M  M
 5  60  37  49   3  16   0 0.00  0.0    0   M   M   M   M    M   M         M  M
 6  46  34  40  -5  25   0 0.09  0.0    0   M   M   M   M    M   M         M  M
 7  47  32  40  -5  25   0    T    T    0   M   M   M   M    M   M         M  M
 8  44  38  41  -4  24   0    T  0.0    0   M   M   M   M    M   M         M  M
 9  45  30  38  -6  27   0 0.00  0.0    0   M   M   M   M    M   M         M  M
10  59  41  50   6  15   0 0.00  0.0    0   M   M   M   M    M   M         M  M
11  57  33  45   2  20   0 0.12  0.0    0   M   M   M   M    M   M         M  M
12  34  26  30 -13  35   0    T  0.1    T   M   M   M   M    M   M         M  M
13  30  21  26 -16  39   0    T  0.2    T   M   M   M   M    M   M         M  M
14  36  19  28 -14  37   0    T    T    T   M   M   M   M    M   M         M  M
15  32  16  24 -18  41   0 0.00  0.0    0   M   M   M   M    M   M         M  M
16  30  24  27 -14  38   0 0.11  1.6    0   M   M   M   M    M   M         M  M
17  28  10  19 -22  46   0    T    T    1   M   M   M   M    M   M         M  M
18  17   9  13 -27  52   0    T  0.1    1   M   M   M   M    M   M         M  M
19  32  13  23 -17  42   0    T    T    1   M   M   M   M    M   M         M  M
20  28  16  22 -17  43   0    T    T    1   M   M   M   M    M   M         M  M
21  30  11  21 -18  44   0 0.00  0.0    1   M   M   M   M    M   M         M  M
22  51  25  38   0  27   0 0.25    T    T   M   M   M   M    M   M         M  M
23  55  44  50  12  15   0 1.69  0.0    0   M   M   M   M    M   M         M  M
24  54  29  42   5  23   0 0.24    T    0   M   M   M   M    M   M         M  M
25  29  24  27 -10  38   0    T    T    0   M   M   M   M    M   M         M  M
================================================================================
SM 1057  663       760   0  2.78     2.0     M          M        M
================================================================================
AV 42.3 26.5                                 M FASTST   M    M   7    MAX(MPH)
                                 MISC ---->     M   M                  M    M
================================================================================
NOTES:
# LAST OF SEVERAL OCCURRENCES

COLUMN 17 PEAK WIND IN M.P.H.

PRELIMINARY LOCAL CLIMATOLOGICAL DATA (WS FORM: F-6) , PAGE 2

                                          STATION:  NORTH WEBSTER WFO
                                          MONTH:    NOVEMBER
                                          YEAR:     2014
                                          LATITUDE:   41 21 N
                                          LONGITUDE:  85 42 W

[TEMPERATURE DATA]      [PRECIPITATION DATA]       SYMBOLS USED IN COLUMN 16

AVERAGE MONTHLY: 34.4   TOTAL FOR MONTH:   2.78    1 = FOG OR MIST
DPTR FM NORMAL:  -7.9   DPTR FM NORMAL:    0.09    2 = FOG REDUCING VISIBILITY
HIGHEST:    63 ON  3    GRTST 24HR  1.69 ON 23-23      TO 1/4 MILE OR LESS
LOWEST:      9 ON 18                               3 = THUNDER
                        SNOW, ICE PELLETS, HAIL    4 = ICE PELLETS
                        TOTAL MONTH:   2.0 INCHES  5 = HAIL
                        GRTST 24HR   1.6 ON   M    6 = FREEZING RAIN OR DRIZZLE
                        GRTST DEPTH:   1 ON 21,20  7 = DUSTSTORM OR SANDSTORM:
                                                       VSBY 1/2 MILE OR LESS
                                                   8 = SMOKE OR HAZE
[NO. OF DAYS WITH]      [WEATHER - DAYS WITH]      9 = BLOWING SNOW
                                                   X = TORNADO
MAX 32 OR BELOW:   9    0.01 INCH OR MORE:   7
MAX 90 OR ABOVE:   0    0.10 INCH OR MORE:   6
MIN 32 OR BELOW:  17    0.50 INCH OR MORE:   1
MIN  0 OR BELOW:   0    1.00 INCH OR MORE:   1

[HDD (BASE 65) ]
TOTAL THIS MO.   760    CLEAR  (SCALE 0-3)   0
DPTR FM NORMAL   193    PTCLDY (SCALE 4-7)   0
TOTAL FM JUL 1  1339    CLOUDY (SCALE 8-10)  0
DPTR FM NORMAL   299

[CDD (BASE 65) ]
TOTAL THIS MO.     0
DPTR FM NORMAL     0    [PRESSURE DATA]
TOTAL FM JAN 1   681    HIGHEST SLP M ON M
DPTR FM NORMAL   -32    LOWEST  SLP M ON M

[REMARKS]
