000
CXUS55 KEAX 300736
CF6IXD
PRELIMINARY LOCAL CLIMATOLOGICAL DATA (WS FORM: F-6)

                                          STATION:   New Century Air Center KS
                                          MONTH:     JUNE
                                          YEAR:      2015
                                          LATITUDE:   38 49 N
                                          LONGITUDE:  94 54 W

  TEMPERATURE IN F:       :PCPN:    SNOW:  WIND      :SUNSHINE: SKY     :PK WND
================================================================================
1   2   3   4   5  6A  6B    7    8   9   10  11  12  13   14  15   16   17  18
                                     12Z  AVG MX 2MIN
DY MAX MIN AVG DEP HDD CDD  WTR  SNW DPTH SPD SPD DIR MIN PSBL S-S WX    SPD DR
================================================================================

 1  64  57  61  -9   4   0 0.00    M    M  6.7 12 130   M    M   7        15  70
 2  77  57  67  -3   0   2 0.00    M    M 10.5 17 130   M    M   5        21 140
 3  77  64  71   0   0   6 0.31    M    M  9.8 25 180   M    M   4 138    34 190
 4  81  65  73   2   0   8 0.06    M    M 10.0 23 160   M    M   5 13     31 170
 5  83  63  73   2   0   8 1.15    M    M  7.2 32 310   M    M   3 13     40 310
 6  85  68  77   5   0  12 0.11    M    M  8.7 26 340   M    M   3 13     40 340
 7  92  72  82  10   0  17 0.07    M    M 15.2 29 340   M    M   1 13     34 330
 8  87  66  77   5   0  12 0.17    M    M  7.3 17 260   M    M   1 13     22 250
 9  92  64  78   6   0  13 0.00    M    M  6.7 13 210   M    M   0        19 210
10  94  71  83  10   0  18 0.00    M    M  9.7 16 170   M    M   0        21 170
11  91  73  82   9   0  17    T    M    M 11.3 26 210   M    M   2        32 210
12  78  67  73   0   0   8    T    M    M  7.2 15 310   M    M   7 1      18 300
13  78  69  74   1   0   9 0.14    M    M  4.8  9 150   M    M   8 1      12 190
14  85  70  78   4   0  13 0.25    M    M  9.7 26 230   M    M   5 13     32 230
15  82  69  76   2   0  11 0.30    M    M  9.6 16 210   M    M   6 13     22 210
16  77  68  73  -1   0   8    T    M    M  6.5 12  60   M    M   9         M  M
17  85  71  78   4   0  13    T    M    M  8.2 13 210   M    M   4 13     18 220
18  83  70  77   3   0  12 1.49    M    M  6.9 15  10   M    M   4 13     20  20
19  85  63  74   0   0   9 0.00    M    M  7.1 13  20   M    M   0        17  30
20  96  67  82   7   0  17 0.00    M    M 14.6 25 210   M    M   0        32 200
21  89  75  82   7   0  17 0.00    M    M 12.3 22 160   M    M   2        30 160
22  94  74  84   9   0  19 0.00    M    M 17.3 31 200   M    M   2        39 210
23  81  68  75   0   0  10 0.00    M    M  9.2 18  10   M    M   4 3      25  10
24  95  68  82   6   0  17 0.00    M    M 12.3 21 200   M    M   0        27 170
25  96  75  86  10   0  21 0.09    M    M 12.0 22 210   M    M   1 38     29 200
26  83  65  74  -2   0   9 1.32    M    M  9.2 41 350   M    M   7 138    52 340
27  82  61  72  -4   0   7 0.00    M    M  6.6 14 340   M    M   0 1      16 330
28  88  64  76   0   0  11 0.00    M    M 10.5 22 220   M    M   0        29 210
29  86  64  75  -1   0  10 0.00    M    M  6.7 15 300   M    M   0        18 320
================================================================================
SM 2466 1948         4 334  5.46    M    273.8          M       90
================================================================================
AV 85.0 67.2                               9.4 FASTST   M    M   3    MAX(MPH)
                                 MISC ---->  # 41 350               # 52  340
================================================================================
NOTES:
# LAST OF SEVERAL OCCURRENCES

COLUMN 17 PEAK WIND IN M.P.H.

PRELIMINARY LOCAL CLIMATOLOGICAL DATA (WS FORM: F-6) , PAGE 2

                                          STATION:  New Century Air Center KS
                                          MONTH:    JUNE
                                          YEAR:     2015
                                          LATITUDE:   38 49 N
                                          LONGITUDE:  94 54 W

[TEMPERATURE DATA]      [PRECIPITATION DATA]       SYMBOLS USED IN COLUMN 16

AVERAGE MONTHLY: 76.1   TOTAL FOR MONTH:   5.46    1 = FOG OR MIST
DPTR FM NORMAL:   2.6   DPTR FM NORMAL:   -0.46    2 = FOG REDUCING VISIBILITY
HIGHEST:    96 ON 25,20 GRTST 24HR  1.49 ON 18-18      TO 1/4 MILE OR LESS
LOWEST:     57 ON  2, 1                            3 = THUNDER
                        SNOW, ICE PELLETS, HAIL    4 = ICE PELLETS
                        TOTAL MONTH:    M          5 = HAIL
                        GRTST 24HR    M  ON   M    6 = FREEZING RAIN OR DRIZZLE
                        GRTST DEPTH:  M  ON   M    7 = DUSTSTORM OR SANDSTORM:
                                                       VSBY 1/2 MILE OR LESS
                                                   8 = SMOKE OR HAZE
[NO. OF DAYS WITH]      [WEATHER - DAYS WITH]      9 = BLOWING SNOW
                                                   X = TORNADO
MAX 32 OR BELOW:   0    0.01 INCH OR MORE:  12
MAX 90 OR ABOVE:   8    0.10 INCH OR MORE:   9
MIN 32 OR BELOW:   0    0.50 INCH OR MORE:   3
MIN  0 OR BELOW:   0    1.00 INCH OR MORE:   3

[HDD (BASE 65) ]
TOTAL THIS MO.     4    CLEAR  (SCALE 0-3)  16
DPTR FM NORMAL     0    PTCLDY (SCALE 4-7)  12
TOTAL FM JUL 1  5057    CLOUDY (SCALE 8-10)  1
DPTR FM NORMAL     1

[CDD (BASE 65) ]
TOTAL THIS MO.   334
DPTR FM NORMAL    80    [PRESSURE DATA]
TOTAL FM JAN 1   411    HIGHEST SLP  0.00 ON M
DPTR FM NORMAL    45    LOWEST  SLP  0.00 ON M

[REMARKS]
