000
CXUS52 KJAX 240800
CF6JAX
PRELIMINARY LOCAL CLIMATOLOGICAL DATA (WS FORM: F-6)

                                          STATION:   JACKSONVILLE FL
                                          MONTH:     NOVEMBER
                                          YEAR:      2014
                                          LATITUDE:   30 30 N
                                          LONGITUDE:  81 42 W

  TEMPERATURE IN F:       :PCPN:    SNOW:  WIND      :SUNSHINE: SKY     :PK WND
================================================================================
1   2   3   4   5  6A  6B    7    8   9   10  11  12  13   14  15   16   17  18
                                     12Z  AVG MX 2MIN
DY MAX MIN AVG DEP HDD CDD  WTR  SNW DPTH SPD SPD DIR MIN PSBL S-S WX    SPD DR
================================================================================

 1  57  42  50 -16  15   0 0.00  0.0    0 15.4 32 280   M    M   2        43 280
 2  62  37  50 -16  15   0 0.00  0.0    0  5.6 14 350   M    M   0        19 350
 3  68  36  52 -13  13   0 0.00  0.0    0  5.8 16  50   M    M   2        22  30
 4  74  47  61  -4   4   0 0.00  0.0    0  4.7 14  50   M    M   6        18  50
 5  78  56  67   2   0   2    T  0.0    0  3.5 15  80   M    M   9 1      19  80
 6  82  56  69   4   0   4 0.00  0.0    0  4.8 16 250   M    M   8 1      19 250
 7  67  43  55  -9  10   0 0.00  0.0    0  5.8 15 360   M    M   3        19 360
 8  70  41  56  -8   9   0    T  0.0    0  3.6 10 320   M    M   8        13  10
 9  70  54  62  -2   3   0    T  0.0    0  5.7 16  10   M    M   6 1      21  10
10  65  52  59  -5   6   0 0.00  0.0    0  6.2 15 340   M    M   5        20 350
11  80  52  66   3   0   1 0.00  0.0    0  8.7 17 320   M    M   4        23 320
12  77  45  61  -2   4   0 0.00  0.0    0  2.4 12 330   M    M   6        20 330
13  73  55  64   1   1   0 0.00  0.0    0  3.9 10 330   M    M   9 1      14 210
14  61  44  53 -10  12   0 0.00  0.0    0  8.7 16 320   M    M   5        21 310
15  60  40  50 -12  15   0 0.00  0.0    0  9.3 21  30   M    M   5 1      25  20
16  77  47  62   0   3   0 0.00  0.0    0  3.2 14  80   M    M   6 1      16  80
17  81  52  67   5   0   2 0.95  0.0    0 11.3 35 270   M    M   9 13     45 280
18  52  33  43 -19  22   0    T  0.0    0 10.2 17 330   M    M   5        25 330
19  53  27  40 -21  25   0 0.00  0.0    0  4.2 12  10   M    M   3        16 360
20  65  24  45 -16  20   0 0.00  0.0    0  1.5 10 260   M    M   4        13 320
21  68  33  51 -10  14   0 0.00  0.0    0  5.8 17  70   M    M   2        21  70
22  72  51  62   1   3   0    T  0.0    0 10.1 23  90   M    M   8        28 100
23  78  68  73  13   0   8 1.11  0.0    0  8.1 16 120   M    M  10 13     22 130
================================================================================
SM 1590 1035       194  17  2.06     0.0 148.5          M      125
================================================================================
AV 69.1 45.0                               6.5 FASTST   M    M   5    MAX(MPH)
                                 MISC ---->  # 35 270               # 45  280
================================================================================
NOTES:
# LAST OF SEVERAL OCCURRENCES

COLUMN 17 PEAK WIND IN M.P.H.

PRELIMINARY LOCAL CLIMATOLOGICAL DATA (WS FORM: F-6) , PAGE 2

                                          STATION:  JACKSONVILLE FL
                                          MONTH:    NOVEMBER
                                          YEAR:     2014
                                          LATITUDE:   30 30 N
                                          LONGITUDE:  81 42 W

[TEMPERATURE DATA]      [PRECIPITATION DATA]       SYMBOLS USED IN COLUMN 16

AVERAGE MONTHLY: 57.1   TOTAL FOR MONTH:   2.06    1 = FOG OR MIST
DPTR FM NORMAL:  -6.1   DPTR FM NORMAL:    0.45    2 = FOG REDUCING VISIBILITY
HIGHEST:    82 ON  6    GRTST 24HR  1.11 ON 23-23      TO 1/4 MILE OR LESS
LOWEST:     24 ON 20                               3 = THUNDER
                        SNOW, ICE PELLETS, HAIL    4 = ICE PELLETS
                        TOTAL MONTH:   0.0 INCH    5 = HAIL
                        GRTST 24HR     0.0         6 = FREEZING RAIN OR DRIZZLE
                        GRTST DEPTH:   0           7 = DUSTSTORM OR SANDSTORM:
                                                       VSBY 1/2 MILE OR LESS
                                                   8 = SMOKE OR HAZE
[NO. OF DAYS WITH]      [WEATHER - DAYS WITH]      9 = BLOWING SNOW
                                                   X = TORNADO
MAX 32 OR BELOW:   0    0.01 INCH OR MORE:   2
MAX 90 OR ABOVE:   0    0.10 INCH OR MORE:   2
MIN 32 OR BELOW:   2    0.50 INCH OR MORE:   2
MIN  0 OR BELOW:   0    1.00 INCH OR MORE:   1

[HDD (BASE 65) ]
TOTAL THIS MO.   194    CLEAR  (SCALE 0-3)   6
DPTR FM NORMAL    97    PTCLDY (SCALE 4-7)  13
TOTAL FM JUL 1   215    CLOUDY (SCALE 8-10)  4
DPTR FM NORMAL    90

[CDD (BASE 65) ]
TOTAL THIS MO.    17
DPTR FM NORMAL   -35    [PRESSURE DATA]
TOTAL FM JAN 1  2565    HIGHEST SLP M ON M
DPTR FM NORMAL   -70    LOWEST  SLP 29.81 ON 17

[REMARKS]
