000
CXUS52 KJAX 170800
CF6JAX
PRELIMINARY LOCAL CLIMATOLOGICAL DATA (WS FORM: F-6)

                                          STATION:   JACKSONVILLE FL
                                          MONTH:     NOVEMBER
                                          YEAR:      2017
                                          LATITUDE:   30 30 N
                                          LONGITUDE:  81 42 W

  TEMPERATURE IN F:       :PCPN:    SNOW:  WIND      :SUNSHINE: SKY     :PK WND
================================================================================
1   2   3   4   5  6A  6B    7    8   9   10  11  12  13   14  15   16   17  18
                                     12Z  AVG MX 2MIN
DY MAX MIN AVG DEP HDD CDD  WTR  SNW DPTH SPD SPD DIR MIN PSBL S-S WX    SPD DR
================================================================================

 1  79  51  65  -1   0   0 0.00  0.0    0  2.5 13  80   M    M   5 1      16  80
 2  85  55  70   4   0   5 0.00  0.0    0  2.1 13  80   M    M   4 12     15  80
 3  84  58  71   6   0   6 0.00  0.0    0  3.6 13  60   M    M   1 1      16 110
 4  84  58  71   6   0   6 0.00  0.0    0  2.7 14  50   M    M   1        18  80
 5  81  59  70   5   0   5 0.00  0.0    0  7.0 17  50   M    M   9 12     21  30
 6  84  62  73   8   0   8 0.00  0.0    0  3.0  9  60   M    M   6 12     11 350
 7  86  59  73   9   0   8 0.00  0.0    0  2.2  8 270   M    M   6 12     13 260
 8  85  62  74  10   0   9 0.00  0.0    0  3.3  9  70   M    M   7 1      12 280
 9  80  58  69   5   0   4 0.16  0.0    0  5.8 18 350   M    M  10 18     22 350
10  68  53  61  -3   4   0 0.00  0.0    0  8.0 18  30   M    M   6 1      23  20
11  73  53  63   0   2   0 0.03  0.0    0 11.2 24  60   M    M   7 18     32  50
12  80  63  72   9   0   7    T  0.0    0 10.2 21  70   M    M   7 1      25  30
13  76  57  67   4   0   2 0.00  0.0    0  7.7 15  20   M    M   6 1      18  20
14  69  52  61  -2   4   0 0.00  0.0    0 10.6 20  30   M    M   3        26  30
15  62  49  56  -6   9   0 0.00  0.0    0  8.5 15  20   M    M   6        20  10
16  73  44  59  -3   6   0 0.00  0.0    0  3.4 13 330   M    M   2 1      17  20
================================================================================
SM 1249  893        25  60  0.19     0.0  91.8          M       86
================================================================================
AV 78.1 55.8                               5.7 FASTST   M    M   5    MAX(MPH)
                                 MISC ---->  # 24  60               # 32   50
================================================================================
NOTES:
# LAST OF SEVERAL OCCURRENCES

COLUMN 17 PEAK WIND IN M.P.H.

PRELIMINARY LOCAL CLIMATOLOGICAL DATA (WS FORM: F-6) , PAGE 2

                                          STATION:  JACKSONVILLE FL
                                          MONTH:    NOVEMBER
                                          YEAR:     2017
                                          LATITUDE:   30 30 N
                                          LONGITUDE:  81 42 W

[TEMPERATURE DATA]      [PRECIPITATION DATA]       SYMBOLS USED IN COLUMN 16

AVERAGE MONTHLY: 66.9   TOTAL FOR MONTH:   0.19    1 = FOG OR MIST
DPTR FM NORMAL:   2.9   DPTR FM NORMAL:   -0.98    2 = FOG REDUCING VISIBILITY
HIGHEST:    86 ON  7    GRTST 24HR  0.16 ON  9- 9      TO 1/4 MILE OR LESS
LOWEST:     44 ON 16                               3 = THUNDER
                        SNOW, ICE PELLETS, HAIL    4 = ICE PELLETS
                        TOTAL MONTH:   0.0 INCH    5 = HAIL
                        GRTST 24HR     0.0         6 = FREEZING RAIN OR DRIZZLE
                        GRTST DEPTH:   0           7 = DUSTSTORM OR SANDSTORM:
                                                       VSBY 1/2 MILE OR LESS
                                                   8 = SMOKE OR HAZE
[NO. OF DAYS WITH]      [WEATHER - DAYS WITH]      9 = BLOWING SNOW
                                                   X = TORNADO
MAX 32 OR BELOW:   0    0.01 INCH OR MORE:   2
MAX 90 OR ABOVE:   0    0.10 INCH OR MORE:   1
MIN 32 OR BELOW:   0    0.50 INCH OR MORE:   0
MIN  0 OR BELOW:   0    1.00 INCH OR MORE:   0

[HDD (BASE 65) ]
TOTAL THIS MO.    25    CLEAR  (SCALE 0-3)   3
DPTR FM NORMAL   -33    PTCLDY (SCALE 4-7)  11
TOTAL FM JUL 1    57    CLOUDY (SCALE 8-10)  2
DPTR FM NORMAL   -29

[CDD (BASE 65) ]
TOTAL THIS MO.    60
DPTR FM NORMAL    20    [PRESSURE DATA]
TOTAL FM JAN 1  3004    HIGHEST SLP M ON M
DPTR FM NORMAL   381    LOWEST  SLP 29.95 ON M

[REMARKS]
