000
CXUS55 KGGW 220800
CF6JDN
PRELIMINARY LOCAL CLIMATOLOGICAL DATA (WS FORM: F-6)

                                          STATION:   JORDAN  ASOS MT
                                          MONTH:     JANUARY
                                          YEAR:      2018
                                          LATITUDE:   47 19 N
                                          LONGITUDE: 106 50 W

  TEMPERATURE IN F:       :PCPN:    SNOW:  WIND      :SUNSHINE: SKY     :PK WND
================================================================================
1   2   3   4   5  6A  6B    7    8   9   10  11  12  13   14  15   16   17  18
                                     12Z  AVG MX 2MIN
DY MAX MIN AVG DEP HDD CDD  WTR  SNW DPTH SPD SPD DIR MIN PSBL S-S WX    SPD DR
================================================================================

 1 -13 -37 -25 -41  90   0 0.00  0.0    0  3.6  9 290   M    M   0        11  80
 2  26 -28  -1 -17  66   0 0.01    M    0  9.8 18 270   M    M   0        22 260
 3  20  -1  10  -6  55   0 0.00  0.0    0  2.7 13 290   M    M   0        13 280
 4  26   1  14  -2  51   0 0.00  0.0    0  2.7  9 290   M    M   0        11 270
 5  22  -2  10  -6  55   0 0.00  0.0    0  2.4  7 270   M    M   0         9  80
 6  41   5  23   7  42   0 0.00  0.0    0  8.6 26 300   M    M   0        30 310
 7  40  14  27  11  38   0 0.00  0.0    0  6.7 18 290   M    M   0        21 290
 8  38  11  25   9  40   0 0.02    M    0  2.0  8 300   M    M   0         9 260
 9  42  18  30  14  35   0 0.00  0.0    0  5.2 35 360   M    M   0        39  10
10  32 -14   9  -8  56   0 0.25    M    0 17.2 33 360   M    M   0        39 350
11  -3 -13  -8 -25  73   0 0.09    M    0  6.4 14 340   M    M   0        15 120
12  -2 -10  -6 -23  71   0 0.04    M    0  5.5 13  40   M    M   0        14  40
13  30  -5  13  -4  52   0 0.08    M    0  4.9 16 270   M    M   0        19 270
14  32 -15   9  -8  56   0 0.00  0.0    0 12.2 24 330   M    M   0        29 320
15 -10 -28 -19 -36  84   0 0.00  0.0    0  6.4 12 330   M    M   0         M  M
16  17 -16   1 -16  64   0 0.00  0.0    M  3.8 12 190   M    M   0        14 190
17  40   0  20   3  45   0 0.00  0.0    0  9.3 23 240   M    M   0        30 240
18  43  31  37  20  28   0 0.00  0.0    0  7.7 21 310   M    M   0        28 280
19  42  22  32  15  33   0 0.01    M    M  7.8 17 230   M    M   0        21 240
20  35  10  23   6  42   0 0.00  0.0    0  7.6 14 260   M    M   0        16 260
21  34   2  18   0  47   0 0.00  0.0    0  6.3 14 280   M    M   0        16 270
================================================================================
SM  532  -55      1123   0  0.50     0.0 138.8          M        0
================================================================================
AV 25.3 -2.6                               6.6 FASTST   M    M   0    MAX(MPH)
                                 MISC ---->  # 35 360               # 39   10
================================================================================
NOTES:
# LAST OF SEVERAL OCCURRENCES

COLUMN 17 PEAK WIND IN M.P.H.

PRELIMINARY LOCAL CLIMATOLOGICAL DATA (WS FORM: F-6) , PAGE 2

                                          STATION:  JORDAN  ASOS MT
                                          MONTH:    JANUARY
                                          YEAR:     2018
                                          LATITUDE:   47 19 N
                                          LONGITUDE: 106 50 W

[TEMPERATURE DATA]      [PRECIPITATION DATA]       SYMBOLS USED IN COLUMN 16

AVERAGE MONTHLY: 11.4   TOTAL FOR MONTH:   0.50    1 = FOG OR MIST
DPTR FM NORMAL:  -5.3   DPTR FM NORMAL:    0.33    2 = FOG REDUCING VISIBILITY
HIGHEST:    43 ON 18    GRTST 24HR  0.25 ON 10-10      TO 1/4 MILE OR LESS
LOWEST:    -37 ON  1                               3 = THUNDER
                        SNOW, ICE PELLETS, HAIL    4 = ICE PELLETS
                        TOTAL MONTH:   0.0 INCH    5 = HAIL
                        GRTST 24HR     0.0         6 = FREEZING RAIN OR DRIZZLE
                        GRTST DEPTH:   0           7 = DUSTSTORM OR SANDSTORM:
                                                       VSBY 1/2 MILE OR LESS
                                                   8 = SMOKE OR HAZE
[NO. OF DAYS WITH]      [WEATHER - DAYS WITH]      9 = BLOWING SNOW
                                                   X = TORNADO
MAX 32 OR BELOW:  12    0.01 INCH OR MORE:   7
MAX 90 OR ABOVE:   0    0.10 INCH OR MORE:   1
MIN 32 OR BELOW:  21    0.50 INCH OR MORE:   0
MIN  0 OR BELOW:  12    1.00 INCH OR MORE:   0

[HDD (BASE 65) ]
TOTAL THIS MO.  1123    CLEAR  (SCALE 0-3)  21
DPTR FM NORMAL   109    PTCLDY (SCALE 4-7)   0
TOTAL FM JUL 1  4443    CLOUDY (SCALE 8-10)  0
DPTR FM NORMAL   -21

[CDD (BASE 65) ]
TOTAL THIS MO.     0
DPTR FM NORMAL     0    [PRESSURE DATA]
TOTAL FM JAN 1     0    HIGHEST SLP M ON M
DPTR FM NORMAL     0    LOWEST  SLP 29.46 ON  9

[REMARKS]
