000
CXUS53 KLSX 281139
CF6JEF
PRELIMINARY LOCAL CLIMATOLOGICAL DATA (WS FORM: F-6)

                                          STATION:   JEFFERSON CITY
                                          MONTH:     AUGUST
                                          YEAR:      2015
                                          LATITUDE:   38 35 N
                                          LONGITUDE:  92 10 W

  TEMPERATURE IN F:       :PCPN:    SNOW:  WIND      :SUNSHINE: SKY     :PK WND
================================================================================
1   2   3   4   5  6A  6B    7    8   9   10  11  12  13   14  15   16   17  18
                                     12Z  AVG MX 2MIN
DY MAX MIN AVG DEP HDD CDD  WTR  SNW DPTH SPD SPD DIR MIN PSBL S-S WX    SPD DR
================================================================================

 1  92  67  80   2   0  15 0.01  0.0    0  2.8 17 280   M    M   0        25 270
 2  92  67  80   2   0  15 0.00  0.0    0  6.1 16 270   M    M   1 1      21 220
 3  90  73  82   4   0  17 0.00  0.0    0  3.4 14 300   M    M   0        21 310
 4  89  70  80   2   0  15 0.01  0.0    0  5.4 23 220   M    M   1        30 220
 5  76  69  73  -5   0   8 0.27  0.0    0  2.6 12 120   M    M   7 1      15 120
 6  85  67  76  -2   0  11 0.00  0.0    0  4.1 10 120   M    M   8 1      14  10
 7  90  67  79   1   0  14 0.00  0.0    0  4.1 10 100   M    M   2 1      13 120
 8  88  71  80   2   0  15    T  0.0    0  6.0 23 130   M    M   3 128    29 130
 9  92  73  83   5   0  18 0.01  0.0    0  5.2 18 260   M    M   1        24 260
10  88  72  80   2   0  15 0.01  0.0    0  5.8 13 320   M    M   4        18 260
11  84  65  75  -3   0  10 0.00  0.0    0  6.3 15 330   M    M   1        19  10
12  86  61  74  -3   0   9 0.00  0.0    0  1.9 10 330   M    M   2 12     14 330
13  87  61  74  -3   0   9 0.00  0.0    0  2.2  9 170   M    M   1 12     11 170
14  88  66  77   0   0  12 0.00  0.0    0  2.0 12 120   M    M   0        14 120
15  89  64  77   0   0  12 0.00  0.0    0  3.3 12 110   M    M   2 12     14 110
16  90  65  78   1   0  13 0.00  0.0    0  4.8 13 130   M    M   1 1      19 130
17  90  68  79   2   0  14 0.00  0.0    0  4.8 17 100   M    M   1 1      22 110
18  88  65  77   1   0  12 2.02  0.0    0  8.2 21 230   M    M   4 1      42 290
19  70  58  64 -12   1   0 0.01  0.0    0  7.7 17 290   M    M   3 1      20 300
20  81  54  68  -8   0   3 0.00  0.0    0  2.8 14 250   M    M   1        17 220
21  82  57  70  -6   0   5 0.00  0.0    0  7.0 20 130   M    M   0        24 130
22  81  64  73  -3   0   8 1.07  0.0    0  7.9 18  60   M    M   3 1      23  70
23  77  58  68  -8   0   3 0.02  0.0    0  6.1 22 290   M    M   2        28 280
24  79  52  66  -9   0   1 0.00  0.0    0  5.3 14 300   M    M   1 12     19 260
25  80  53  67  -8   0   2 0.00  0.0    0  4.4 14 280   M    M   1 12     17 280
26  81  52  67  -8   0   2 0.00  0.0    0  2.2  9 340   M    M   1 12     12 340
27  80  54  67  -8   0   2 0.00  0.0    0  4.6 12 120   M    M   0 18     15 150
================================================================================
SM 2295 1713         1 260  3.43     0.0 127.0          M       51
================================================================================
AV 85.0 63.4                               4.7 FASTST   M    M   2    MAX(MPH)
                                 MISC ---->  # 23 220               # 42  290
================================================================================
NOTES:
# LAST OF SEVERAL OCCURRENCES

COLUMN 17 PEAK WIND IN M.P.H.

PRELIMINARY LOCAL CLIMATOLOGICAL DATA (WS FORM: F-6) , PAGE 2

                                          STATION:  JEFFERSON CITY
                                          MONTH:    AUGUST
                                          YEAR:     2015
                                          LATITUDE:   38 35 N
                                          LONGITUDE:  92 10 W

[TEMPERATURE DATA]      [PRECIPITATION DATA]       SYMBOLS USED IN COLUMN 16

AVERAGE MONTHLY: 74.2   TOTAL FOR MONTH:   3.43    1 = FOG OR MIST
DPTR FM NORMAL:  -2.7   DPTR FM NORMAL:   -0.21    2 = FOG REDUCING VISIBILITY
HIGHEST:    92 ON  9, 2 GRTST 24HR  2.03 ON 18-19      TO 1/4 MILE OR LESS
LOWEST:     52 ON 26,24                            3 = THUNDER
                        SNOW, ICE PELLETS, HAIL    4 = ICE PELLETS
                        TOTAL MONTH:   0.0 INCH    5 = HAIL
                        GRTST 24HR     0.0         6 = FREEZING RAIN OR DRIZZLE
                        GRTST DEPTH:   0           7 = DUSTSTORM OR SANDSTORM:
                                                       VSBY 1/2 MILE OR LESS
                                                   8 = SMOKE OR HAZE
[NO. OF DAYS WITH]      [WEATHER - DAYS WITH]      9 = BLOWING SNOW
                                                   X = TORNADO
MAX 32 OR BELOW:   0    0.01 INCH OR MORE:   9
MAX 90 OR ABOVE:   7    0.10 INCH OR MORE:   3
MIN 32 OR BELOW:   0    0.50 INCH OR MORE:   2
MIN  0 OR BELOW:   0    1.00 INCH OR MORE:   2

[HDD (BASE 65) ]
TOTAL THIS MO.     1    CLEAR  (SCALE 0-3)  23
DPTR FM NORMAL     1    PTCLDY (SCALE 4-7)   4
TOTAL FM JUL 1     1    CLOUDY (SCALE 8-10)  0
DPTR FM NORMAL     1

[CDD (BASE 65) ]
TOTAL THIS MO.   260
DPTR FM NORMAL   -62    [PRESSURE DATA]
TOTAL FM JAN 1  1145    HIGHEST SLP M ON M
DPTR FM NORMAL    -4    LOWEST  SLP 29.70 ON M

[REMARKS]
