000
CXUS53 KLSX 181600
CF6JEF
PRELIMINARY LOCAL CLIMATOLOGICAL DATA (WS FORM: F-6)

                                          STATION:   JEFFERSON CITY
                                          MONTH:     SEPTEMBER
                                          YEAR:      2014
                                          LATITUDE:   38 35 N
                                          LONGITUDE:  92 10 W

  TEMPERATURE IN F:       :PCPN:    SNOW:  WIND      :SUNSHINE: SKY     :PK WND
================================================================================
1   2   3   4   5  6A  6B    7    8   9   10  11  12  13   14  15   16   17  18
                                     12Z  AVG MX 2MIN
DY MAX MIN AVG DEP HDD CDD  WTR  SNW DPTH SPD SPD DIR MIN PSBL S-S WX    SPD DR
================================================================================

 1  85  67  76   3   0  11 0.43  0.0    0  6.9 22 320   M    M   6 13     35 330
 2  82  66  74   1   0   9 0.10  0.0    0  4.0 16 220   M    M   7 123    19 230
 3  81  64  73   1   0   8 0.10  0.0    0  6.0 22 170   M    M   1 12     30 170
 4  94  72  83  11   0  18 0.00  0.0    0  7.3 17 200   M    M   0        25 190
 5  95  63  79   7   0  14 0.62  0.0    0  6.8 23 260   M    M   3 13     32 260
 6  73  56  65  -7   0   0 0.05  0.0    0  4.7 10 350   M    M   3        14 330
 7  78  52  65  -6   0   0 0.00  0.0    0  3.1 10 140   M    M   0        14 120
 8  84  53  69  -2   0   4 0.00  0.0    0  4.2 13 170   M    M   3        16 170
 9  91  66  79   9   0  14 0.04  0.0    0  6.8 30 220   M    M   3 3      40 200
10  85  65  75   5   0  10 0.25  0.0    0  8.5 18 180   M    M   8 138    28 190
11  65  56  61  -9   4   0 0.00  0.0    0  7.0 12  10   M    M  10 18     18  10
12  56  48  52 -17  13   0    T  0.0    0  7.3 14  10   M    M  10 18     19  10
13  65  40  53 -16  12   0 0.00  0.0    0  3.8 12  70   M    M   1 1      16  50
14  72  42  57 -12   8   0 0.00  0.0    0  3.5  9 150   M    M   6        13 160
15  79  56  68   0   0   3    T  0.0    0  6.2 17 240   M    M   7 1      24 240
16  72  53  63  -5   2   0 0.00  0.0    0  3.6  9 230   M    M   6        13  50
17  71  54  63  -5   2   0 0.23  0.0    0  5.3  9  60   M    M  10 13     13  60
================================================================================
SM 1328  973        41  91  1.82     0.0  95.0          M       84
================================================================================
AV 78.1 57.2                               5.6 FASTST   M    M   5    MAX(MPH)
                                 MISC ---->  # 30 220               # 40  200
================================================================================
NOTES:
# LAST OF SEVERAL OCCURRENCES

COLUMN 17 PEAK WIND IN M.P.H.

PRELIMINARY LOCAL CLIMATOLOGICAL DATA (WS FORM: F-6) , PAGE 2

                                          STATION:  JEFFERSON CITY
                                          MONTH:    SEPTEMBER
                                          YEAR:     2014
                                          LATITUDE:   38 35 N
                                          LONGITUDE:  92 10 W

[TEMPERATURE DATA]      [PRECIPITATION DATA]       SYMBOLS USED IN COLUMN 16

AVERAGE MONTHLY: 67.7   TOTAL FOR MONTH:   1.82    1 = FOG OR MIST
DPTR FM NORMAL:  -2.7   DPTR FM NORMAL:   -0.64    2 = FOG REDUCING VISIBILITY
HIGHEST:    95 ON  5    GRTST 24HR  0.67 ON  5- 6      TO 1/4 MILE OR LESS
LOWEST:     40 ON 13                               3 = THUNDER
                        SNOW, ICE PELLETS, HAIL    4 = ICE PELLETS
                        TOTAL MONTH:   0.0 INCH    5 = HAIL
                        GRTST 24HR     0.0         6 = FREEZING RAIN OR DRIZZLE
                        GRTST DEPTH:   0           7 = DUSTSTORM OR SANDSTORM:
                                                       VSBY 1/2 MILE OR LESS
                                                   8 = SMOKE OR HAZE
[NO. OF DAYS WITH]      [WEATHER - DAYS WITH]      9 = BLOWING SNOW
                                                   X = TORNADO
MAX 32 OR BELOW:   0    0.01 INCH OR MORE:   8
MAX 90 OR ABOVE:   3    0.10 INCH OR MORE:   6
MIN 32 OR BELOW:   0    0.50 INCH OR MORE:   1
MIN  0 OR BELOW:   0    1.00 INCH OR MORE:   0

[HDD (BASE 65) ]
TOTAL THIS MO.    41    CLEAR  (SCALE 0-3)   7
DPTR FM NORMAL    34    PTCLDY (SCALE 4-7)   7
TOTAL FM JUL 1    41    CLOUDY (SCALE 8-10)  3
DPTR FM NORMAL    32

[CDD (BASE 65) ]
TOTAL THIS MO.    91
DPTR FM NORMAL   -10    [PRESSURE DATA]
TOTAL FM JAN 1  1267    HIGHEST SLP M ON M
DPTR FM NORMAL   -19    LOWEST  SLP 29.63 ON 10

[REMARKS]
