659
CXUS51 KOKX 250702
CF6JFK
PRELIMINARY LOCAL CLIMATOLOGICAL DATA (WS FORM: F-6)

                                          STATION:   KENNEDY NY
                                          MONTH:     APRIL
                                          YEAR:      2017
                                          LATITUDE:   40 39 N
                                          LONGITUDE:  73 47 W

  TEMPERATURE IN F:       :PCPN:    SNOW:  WIND      :SUNSHINE: SKY     :PK WND
================================================================================
1   2   3   4   5  6A  6B    7    8   9   10  11  12  13   14  15   16   17  18
                                     12Z  AVG MX 2MIN
DY MAX MIN AVG DEP HDD CDD  WTR  SNW DPTH SPD SPD DIR MIN PSBL S-S WX    SPD DR
================================================================================

 1  47  38  43  -3  22   0 0.01  0.0    0 16.5 26  20   M    M   8 1      33  30
 2  65  40  53   6  12   0 0.00  0.0    0 12.6 26 330   M    M   4        32 320
 3  59  42  51   4  14   0 0.03  0.0    0  8.7 23 130   M    M   8 1      27 120
 4  54  46  50   2  15   0 1.05  0.0    0 10.4 29 130   M    M  10 12     39 120
 5  60  44  52   4  13   0    T  0.0    0  7.5 20 110   M    M   9 1      24 100
 6  54  42  48   0  17   0 0.96  0.0    0 16.1 29  80   M    M   8 123    40 100
 7  52  41  47  -1  18   0    T  0.0    0 20.4 28 280   M    M   7        39 290
 8  58  41  50   1  15   0 0.00  0.0    0 16.9 28 320   M    M   5        38 270
 9  61  40  51   2  14   0 0.00  0.0    0 10.4 25 180   M    M   4        31 180
10  62  43  53   3  12   0 0.00  0.0    0 11.3 26 190   M    M   7        33 190
11  66  47  57   7   8   0 0.00  0.0    0  6.8 20 180   M    M   7        25 180
12  73  52  63  13   2   0 0.05  0.0    0  6.9 22 310   M    M   6        25 310
13  66  49  58   8   7   0 0.00  0.0    0 12.5 24 330   M    M   6        29 320
14  60  47  54   3  11   0 0.00  0.0    0  7.5 16 180   M    M   4        19 190
15  58  44  51   0  14   0    T  0.0    0 11.1 24 170   M    M   7        28 180
16  83  51  67  15   0   2 0.01  0.0    0 13.2 37 280   M    M   6 1      47 270
17  76  58  67  15   0   2    T  0.0    0 15.0 29 340   M    M   7        34 350
18  62  47  55   3  10   0 0.00  0.0    0 12.7 21 140   M    M   4        24 150
19  52  45  49  -3  16   0    T  0.0    0 12.6 21 130   M    M   8        24 150
20  64  50  57   4   8   0 0.17  0.0    0  6.5 17 110   M    M   9 18     23 100
21  58  49  54   1  11   0 0.03  0.0    0  9.2 21 100   M    M  10 1      27  90
22  58  50  54   1  11   0 0.11  0.0    0  7.8 21 360   M    M  10 1      25 360
23  61  47  54   0  11   0 0.00  0.0    0 11.1 18 360   M    M   7        25 350
24  57  44  51  -3  14   0 0.01  0.0    0  7.4 15  80   M    M   9        19  70
================================================================================
SM 1466 1097       275   4  2.43     0.0 271.1          M      170
================================================================================
AV 61.1 45.7                              11.3 FASTST   M    M   7    MAX(MPH)
                                 MISC ---->  # 37 280               # 47  270
================================================================================
NOTES:
# LAST OF SEVERAL OCCURRENCES

COLUMN 17 PEAK WIND IN M.P.H.

PRELIMINARY LOCAL CLIMATOLOGICAL DATA (WS FORM: F-6) , PAGE 2

                                          STATION:  KENNEDY NY
                                          MONTH:    APRIL
                                          YEAR:     2017
                                          LATITUDE:   40 39 N
                                          LONGITUDE:  73 47 W

[TEMPERATURE DATA]      [PRECIPITATION DATA]       SYMBOLS USED IN COLUMN 16

AVERAGE MONTHLY: 53.4   TOTAL FOR MONTH:   2.43    1 = FOG OR MIST
DPTR FM NORMAL:   3.1   DPTR FM NORMAL:   -0.72    2 = FOG REDUCING VISIBILITY
HIGHEST:    83 ON 16    GRTST 24HR  2.07 ON 31- 1      TO 1/4 MILE OR LESS
LOWEST:     38 ON  1                               3 = THUNDER
                        SNOW, ICE PELLETS, HAIL    4 = ICE PELLETS
                        TOTAL MONTH:   0.0 INCH    5 = HAIL
                        GRTST 24HR     0.0         6 = FREEZING RAIN OR DRIZZLE
                        GRTST DEPTH:   0           7 = DUSTSTORM OR SANDSTORM:
                                                       VSBY 1/2 MILE OR LESS
                                                   8 = SMOKE OR HAZE
[NO. OF DAYS WITH]      [WEATHER - DAYS WITH]      9 = BLOWING SNOW
                                                   X = TORNADO
MAX 32 OR BELOW:   0    0.01 INCH OR MORE:  10
MAX 90 OR ABOVE:   0    0.10 INCH OR MORE:   4
MIN 32 OR BELOW:   0    0.50 INCH OR MORE:   2
MIN  0 OR BELOW:   0    1.00 INCH OR MORE:   1

[HDD (BASE 65) ]
TOTAL THIS MO.   275    CLEAR  (SCALE 0-3)   0
DPTR FM NORMAL   -81    PTCLDY (SCALE 4-7)  16
TOTAL FM JUL 1  3981    CLOUDY (SCALE 8-10)  8
DPTR FM NORMAL  -611

[CDD (BASE 65) ]
TOTAL THIS MO.     4
DPTR FM NORMAL     4    [PRESSURE DATA]
TOTAL FM JAN 1     4    HIGHEST SLP M ON M
DPTR FM NORMAL     4    LOWEST  SLP 29.19 ON  6

[REMARKS]
