000
CXUS51 KOKX 300703
CF6JFK
PRELIMINARY LOCAL CLIMATOLOGICAL DATA (WS FORM: F-6)

                                          STATION:   KENNEDY NY
                                          MONTH:     MAY
                                          YEAR:      2016
                                          LATITUDE:   40 39 N
                                          LONGITUDE:  73 47 W

  TEMPERATURE IN F:       :PCPN:    SNOW:  WIND      :SUNSHINE: SKY     :PK WND
================================================================================
1   2   3   4   5  6A  6B    7    8   9   10  11  12  13   14  15   16   17  18
                                     12Z  AVG MX 2MIN
DY MAX MIN AVG DEP HDD CDD  WTR  SNW DPTH SPD SPD DIR MIN PSBL S-S WX    SPD DR
================================================================================

 1  50  45  48  -8  17   0 0.22  0.0    0  8.2 15  60   M    M  10 1      20 110
 2  56  46  51  -5  14   0 0.05  0.0    0  5.8 13 150   M    M   9 1      15 160
 3  54  50  52  -5  13   0 0.75  0.0    0  7.3 14  60   M    M  10 1      16  60
 4  53  49  51  -6  14   0 0.07  0.0    0 11.0 18  40   M    M  10 1      23  40
 5  57  47  52  -5  13   0 0.00  0.0    0 15.5 25  40   M    M  10        30  40
 6  53  48  51  -7  14   0 0.68  0.0    0 15.0 31  90   M    M  10 1      40  90
 7  56  48  52  -6  13   0    T  0.0    0  6.7 18 100   M    M   9 12     22 100
 8  68  48  58   0   7   0 0.11  0.0    0 11.9 32 320   M    M   7 128    39 320
 9  73  47  60   2   5   0 0.00  0.0    0 13.7 29 270   M    M   6        36 270
10  61  48  55  -4  10   0    T  0.0    0  9.5 20 240   M    M   8        22 230
11  71  48  60   1   5   0 0.00  0.0    0  7.1 16 190   M    M   8        18 190
12  75  51  63   4   2   0 0.00  0.0    0  6.7 15 160   M    M   6        24 200
13  65  52  59  -1   6   0 0.25  0.0    0  5.3 16 170   M    M   9 1      20 170
14  70  56  63   3   2   0    T  0.0    0 10.3 26 260   M    M   7 18     36 260
15  60  47  54  -6  11   0    T  0.0    0 19.9 37 270   M    M   6        43 270
16  68  44  56  -5   9   0 0.00  0.0    0 18.7 30 290   M    M   3        40 280
17  64  53  59  -2   6   0    T  0.0    0 11.1 21 250   M    M   9        24 250
18  66  52  59  -2   6   0 0.02  0.0    0  7.9 16 150   M    M   7        21  40
19  64  53  59  -3   6   0    T  0.0    0  7.1 15 160   M    M   7        18 180
20  75  49  62   0   3   0 0.00  0.0    0  7.2 18 190   M    M   5        23 190
21  62  50  56  -6   9   0 0.10  0.0    0  6.9 16 120   M    M   9 1      20 130
22  70  54  62   0   3   0 0.06  0.0    0  7.1 14 180   M    M   8        16 190
23  70  52  61  -2   4   0    T  0.0    0  6.4 15 160   M    M   7        17 160
24  77  60  69   6   0   4 0.34  0.0    0  6.7 17 320   M    M   8 1      22 290
25  87  57  72   9   0   7 0.00  0.0    0  9.3 20 220   M    M   2        23 230
26  84  62  73   9   0   8 0.00  0.0    0  9.6 21 190   M    M   7        25 180
27  77  63  70   6   0   5 0.00  0.0    0  9.7 29 180   M    M   7 1      33 180
28  79  64  72   8   0   7 0.00  0.0    0 11.4 25 190   M    M   5        31 180
29  78  64  71   6   0   6 0.01  0.0    0  9.8 17 160   M    M   6 18     22 160
================================================================================
SM 1943 1507       192  37  2.66     0.0 282.8          M      215
================================================================================
AV 67.0 52.0                               9.8 FASTST   M    M   7    MAX(MPH)
                                 MISC ---->  # 37 270               # 43  270
================================================================================
NOTES:
# LAST OF SEVERAL OCCURRENCES

COLUMN 17 PEAK WIND IN M.P.H.

PRELIMINARY LOCAL CLIMATOLOGICAL DATA (WS FORM: F-6) , PAGE 2

                                          STATION:  KENNEDY NY
                                          MONTH:    MAY
                                          YEAR:     2016
                                          LATITUDE:   40 39 N
                                          LONGITUDE:  73 47 W

[TEMPERATURE DATA]      [PRECIPITATION DATA]       SYMBOLS USED IN COLUMN 16

AVERAGE MONTHLY: 59.5   TOTAL FOR MONTH:   2.66    1 = FOG OR MIST
DPTR FM NORMAL:  -0.8   DPTR FM NORMAL:   -0.99    2 = FOG REDUCING VISIBILITY
HIGHEST:    87 ON 25    GRTST 24HR  0.80 ON  2- 3      TO 1/4 MILE OR LESS
LOWEST:     44 ON 16                               3 = THUNDER
                        SNOW, ICE PELLETS, HAIL    4 = ICE PELLETS
                        TOTAL MONTH:   0.0 INCH    5 = HAIL
                        GRTST 24HR     0.0         6 = FREEZING RAIN OR DRIZZLE
                        GRTST DEPTH:   0           7 = DUSTSTORM OR SANDSTORM:
                                                       VSBY 1/2 MILE OR LESS
                                                   8 = SMOKE OR HAZE
[NO. OF DAYS WITH]      [WEATHER - DAYS WITH]      9 = BLOWING SNOW
                                                   X = TORNADO
MAX 32 OR BELOW:   0    0.01 INCH OR MORE:  12
MAX 90 OR ABOVE:   0    0.10 INCH OR MORE:   7
MIN 32 OR BELOW:   0    0.50 INCH OR MORE:   2
MIN  0 OR BELOW:   0    1.00 INCH OR MORE:   0

[HDD (BASE 65) ]
TOTAL THIS MO.   192    CLEAR  (SCALE 0-3)   2
DPTR FM NORMAL    29    PTCLDY (SCALE 4-7)  15
TOTAL FM JUL 1  3890    CLOUDY (SCALE 8-10) 12
DPTR FM NORMAL  -924

[CDD (BASE 65) ]
TOTAL THIS MO.    37
DPTR FM NORMAL    11    [PRESSURE DATA]
TOTAL FM JAN 1    37    HIGHEST SLP M ON M
DPTR FM NORMAL     8    LOWEST  SLP 29.59 ON 14

[REMARKS]
