000
CXUS51 KOKX 260703
CF6JFK
PRELIMINARY LOCAL CLIMATOLOGICAL DATA (WS FORM: F-6)

                                          STATION:   KENNEDY NY
                                          MONTH:     MARCH
                                          YEAR:      2015
                                          LATITUDE:   40 39 N
                                          LONGITUDE:  73 47 W

  TEMPERATURE IN F:       :PCPN:    SNOW:  WIND      :SUNSHINE: SKY     :PK WND
================================================================================
1   2   3   4   5  6A  6B    7    8   9   10  11  12  13   14  15   16   17  18
                                     12Z  AVG MX 2MIN
DY MAX MIN AVG DEP HDD CDD  WTR  SNW DPTH SPD SPD DIR MIN PSBL S-S WX    SPD DR
================================================================================

 1  33  20  27 -11  38   0 0.51  3.1    1  4.6 18 210   M    M   8 146    23 190
 2  39  28  34  -4  31   0    T    T    4 15.3 30 310   M    M   6 18     39 320
 3  36  19  28 -10  37   0 0.70  1.2    3  9.0 17 200   M    M   7 14     21 180
 4  41  33  37  -1  28   0 0.30  0.0    3 10.9 18 240   M    M  10 1      23 240
 5  41  21  31  -7  34   0 0.73  5.8    1 13.1 24 330   M    M  10 1248   29 320
 6  25  13  19 -20  46   0 0.00  0.0    7  9.6 24 340   M    M   3 8      29 340
 7  37  16  27 -12  38   0 0.00  0.0    6 11.8 23 250   M    M   5        26 240
 8  48  30  39   0  26   0    T    T    4  9.8 28 270   M    M   6        35 270
 9  54  32  43   3  22   0 0.02  0.0    2  8.6 17 270   M    M   5        22 270
10  50  34  42   2  23   0 0.49  0.0    1  3.2 12 150   M    M   9 1      15 150
11  62  40  51  11  14   0 0.02  0.0    0 11.7 24 300   M    M   7 1      31 300
12  50  36  43   3  22   0 0.00  0.0    0 19.6 41 320   M    M   2        48 310
13  41  30  36  -5  29   0 0.00  0.0    0  8.1 16 170   M    M   6        20 160
14  49  39  44   3  21   0 1.11  0.0    0  9.0 22 160   M    M  10 12     28 160
15  46  37  42   1  23   0 0.00  0.0    0 20.2 38 310   M    M   8        51 300
16  50  36  43   2  22   0 0.00  0.0    0  8.8 24 310   M    M   8        29 310
17  60  34  47   5  18   0 0.02  0.0    0 18.4 43 300   M    M   7        53 320
18  41  30  36  -6  29   0    T    T    0 18.7 36 310   M    M   4        44 320
19  44  30  37  -5  28   0 0.00  0.0    0 11.9 25 310   M    M   7        30 310
20  40  31  36  -7  29   0 0.33  3.0    0 10.3 17  40   M    M  10 1      21  60
21  48  30  39  -4  26   0 0.02    T    3  9.1 20 310   M    M   8 1      24 310
22  45  28  37  -6  28   0 0.00  0.0    0 17.3 26 330   M    M   3        35 330
23  41  24  33 -11  32   0 0.00  0.0    0 15.4 24 300   M    M   3        32 340
24  43  26  35  -9  30   0 0.00  0.0    0  8.4 16 350   M    M   5        20 350
25  46  30  38  -6  27   0 0.12  0.0    0  5.6 17 170   M    M   7 1      22 180
================================================================================
SM 1110  727       701   0  4.37    13.1 288.4          M      164
================================================================================
AV 44.4 29.1                              11.5 FASTST   M    M   7    MAX(MPH)
                                 MISC ---->  # 43 300               # 53  320
================================================================================
NOTES:
# LAST OF SEVERAL OCCURRENCES

COLUMN 17 PEAK WIND IN M.P.H.

PRELIMINARY LOCAL CLIMATOLOGICAL DATA (WS FORM: F-6) , PAGE 2

                                          STATION:  KENNEDY NY
                                          MONTH:    MARCH
                                          YEAR:     2015
                                          LATITUDE:   40 39 N
                                          LONGITUDE:  73 47 W

[TEMPERATURE DATA]      [PRECIPITATION DATA]       SYMBOLS USED IN COLUMN 16

AVERAGE MONTHLY: 36.7   TOTAL FOR MONTH:   4.37    1 = FOG OR MIST
DPTR FM NORMAL:  -4.0   DPTR FM NORMAL:    1.38    2 = FOG REDUCING VISIBILITY
HIGHEST:    62 ON 11    GRTST 24HR  1.11 ON 14-14      TO 1/4 MILE OR LESS
LOWEST:     13 ON  6                               3 = THUNDER
                        SNOW, ICE PELLETS, HAIL    4 = ICE PELLETS
                        TOTAL MONTH:  13.1 INCHES  5 = HAIL
                        GRTST 24HR   5.8 ON   M    6 = FREEZING RAIN OR DRIZZLE
                        GRTST DEPTH:   7 ON  6     7 = DUSTSTORM OR SANDSTORM:
                                                       VSBY 1/2 MILE OR LESS
                                                   8 = SMOKE OR HAZE
[NO. OF DAYS WITH]      [WEATHER - DAYS WITH]      9 = BLOWING SNOW
                                                   X = TORNADO
MAX 32 OR BELOW:   1    0.01 INCH OR MORE:  12
MAX 90 OR ABOVE:   0    0.10 INCH OR MORE:   8
MIN 32 OR BELOW:  17    0.50 INCH OR MORE:   4
MIN  0 OR BELOW:   0    1.00 INCH OR MORE:   1

[HDD (BASE 65) ]
TOTAL THIS MO.   701    CLEAR  (SCALE 0-3)   3
DPTR FM NORMAL    95    PTCLDY (SCALE 4-7)  16
TOTAL FM JUL 1  4393    CLOUDY (SCALE 8-10)  6
DPTR FM NORMAL   276

[CDD (BASE 65) ]
TOTAL THIS MO.     0
DPTR FM NORMAL     0    [PRESSURE DATA]
TOTAL FM JAN 1     0    HIGHEST SLP M ON M
DPTR FM NORMAL     0    LOWEST  SLP 29.55 ON 17

[REMARKS]
