000
CXUS55 KCTP 230700
CF6JST
PRELIMINARY LOCAL CLIMATOLOGICAL DATA (WS FORM: F-6)

                                          STATION:   JOHNSTOWN
                                          MONTH:     MAY
                                          YEAR:      2017
                                          LATITUDE:   40 18 N
                                          LONGITUDE:  78 50 W

  TEMPERATURE IN F:       :PCPN:    SNOW:  WIND      :SUNSHINE: SKY     :PK WND
================================================================================
1   2   3   4   5  6A  6B    7    8   9   10  11  12  13   14  15   16   17  18
                                     12Z  AVG MX 2MIN
DY MAX MIN AVG DEP HDD CDD  WTR  SNW DPTH SPD SPD DIR MIN PSBL S-S WX    SPD DR
================================================================================

 1  76  57  67  14   0   2 0.75    M    M 14.9 35 160   M    M   4 13     44 160
 2  58  46  52  -1  13   0 0.04    M    M 17.2 32 240   M    M   9 1      45 230
 3  53  38  46  -7  19   0 0.02    M    M  9.9 24 310   M    M   6 1      35 270
 4  55  42  49  -5  16   0 0.26    M    M 12.4 23 140   M    M   8 1      34 150
 5  64  47  56   2   9   0 1.08    M    M 10.3 21  70   M    M   9 13     31  70
 6  53  37  45  -9  20   0 0.55    M    M 13.4 22 280   M    M  10 123    32 280
 7  52  35  44 -10  21   0 0.18    M    M 16.0 26 310   M    M   8        36 290
 8  52  32  42 -13  23   0 0.00    M    M 12.1 23 300   M    M   2 8      32 250
 9  60  32  46  -9  19   0 0.00    M    M  5.0 16 320   M    M   0        19 280
10  65  42  54  -1  11   0 0.00    M    M  4.3 14 320   M    M   5        24 270
11  54  44  49  -7  16   0 0.82    M    M  6.2 12 100   M    M   9 1      18 100
12  48  44  46 -10  19   0 0.05    M    M  9.8 17 140   M    M  10 1      27 120
13  57  44  51  -5  14   0 0.14    M    M  4.1 13 130   M    M   7 1      18 130
14  64  43  54  -2  11   0 0.05    M    M 14.1 32 300   M    M   5 1      46 310
15  65  40  53  -4  12   0 0.00    M    M 13.7 25 300   M    M   0        33 290
16  77  44  61   4   4   0 0.00    M    M  5.7 12 230   M    M   1        14 310
17  84  63  74  17   0   9 0.00    M    M 10.0 24 240   M    M   1        33 270
18  82  66  74  17   0   9 0.00    M    M 12.1 23 260   M    M   2        33 260
19  78  63  71  13   0   6 0.14    M    M  7.6 16 270   M    M   7 13     24 270
20  64  50  57  -1   8   0 0.15    M    M  8.4 15 160   M    M   9 12     22 170
21  63  52  58   0   7   0 0.01    M    M 10.0 18 160   M    M   9 1      27 160
22  67  51  59   1   6   0    T    M    M  9.0 17 260   M    M   5 12     25 280
================================================================================
SM 1391 1012       248  26  4.24    M    226.2          M      126
================================================================================
AV 63.2 46.0                              10.3 FASTST   M    M   6    MAX(MPH)
                                 MISC ---->  # 35 160               # 46  310
================================================================================
NOTES:
# LAST OF SEVERAL OCCURRENCES

COLUMN 17 PEAK WIND IN M.P.H.

PRELIMINARY LOCAL CLIMATOLOGICAL DATA (WS FORM: F-6) , PAGE 2

                                          STATION:  JOHNSTOWN
                                          MONTH:    MAY
                                          YEAR:     2017
                                          LATITUDE:   40 18 N
                                          LONGITUDE:  78 50 W

[TEMPERATURE DATA]      [PRECIPITATION DATA]       SYMBOLS USED IN COLUMN 16

AVERAGE MONTHLY: 54.6   TOTAL FOR MONTH:   4.24    1 = FOG OR MIST
DPTR FM NORMAL:  -1.0   DPTR FM NORMAL:    1.17    2 = FOG REDUCING VISIBILITY
HIGHEST:    84 ON 17    GRTST 24HR  1.08 ON  5- 5      TO 1/4 MILE OR LESS
LOWEST:     32 ON  9, 8                            3 = THUNDER
                        SNOW, ICE PELLETS, HAIL    4 = ICE PELLETS
                        TOTAL MONTH:    M          5 = HAIL
                        GRTST 24HR    M  ON   M    6 = FREEZING RAIN OR DRIZZLE
                        GRTST DEPTH:  M  ON   M    7 = DUSTSTORM OR SANDSTORM:
                                                       VSBY 1/2 MILE OR LESS
                                                   8 = SMOKE OR HAZE
[NO. OF DAYS WITH]      [WEATHER - DAYS WITH]      9 = BLOWING SNOW
                                                   X = TORNADO
MAX 32 OR BELOW:   0    0.01 INCH OR MORE:  14
MAX 90 OR ABOVE:   0    0.10 INCH OR MORE:   9
MIN 32 OR BELOW:   2    0.50 INCH OR MORE:   4
MIN  0 OR BELOW:   0    1.00 INCH OR MORE:   1

[HDD (BASE 65) ]
TOTAL THIS MO.   248    CLEAR  (SCALE 0-3)   6
DPTR FM NORMAL    29    PTCLDY (SCALE 4-7)   8
TOTAL FM JUL 1  5416    CLOUDY (SCALE 8-10)  8
DPTR FM NORMAL -1134

[CDD (BASE 65) ]
TOTAL THIS MO.    26
DPTR FM NORMAL    17    [PRESSURE DATA]
TOTAL FM JAN 1    29    HIGHEST SLP M ON M
DPTR FM NORMAL    15    LOWEST  SLP 29.24 ON  6

[REMARKS]
