000
CXUS55 KCTP 260700
CF6JST
PRELIMINARY LOCAL CLIMATOLOGICAL DATA (WS FORM: F-6)

                                          STATION:   JOHNSTOWN
                                          MONTH:     JUNE
                                          YEAR:      2017
                                          LATITUDE:   40 18 N
                                          LONGITUDE:  78 50 W

  TEMPERATURE IN F:       :PCPN:    SNOW:  WIND      :SUNSHINE: SKY     :PK WND
================================================================================
1   2   3   4   5  6A  6B    7    8   9   10  11  12  13   14  15   16   17  18
                                     12Z  AVG MX 2MIN
DY MAX MIN AVG DEP HDD CDD  WTR  SNW DPTH SPD SPD DIR MIN PSBL S-S WX    SPD DR
================================================================================

 1  68  50  59  -2   6   0 0.00    M    M  8.7 18 300   M    M   2 1      24 300
 2  69  51  60  -1   5   0    T    M    M  9.4 25 310   M    M   3        33 300
 3  74  56  65   4   0   0 0.00    M    M 10.1 22 310   M    M   3        30 310
 4  77  57  67   5   0   2 0.04    M    M  7.6 21 260   M    M   6 1      32 250
 5  70  57  64   2   1   0 0.05    M    M  8.3 15 320   M    M   5 1      23 300
 6  62  52  57  -5   8   0 0.09    M    M 11.6 20 310   M    M   9 1      24 290
 7  58  49  54  -9  11   0 0.07    M    M  6.1 13  50   M    M   9 1      17  90
 8  64  46  55  -8  10   0 0.00    M    M  3.8 10  80   M    M   7        17  90
 9  73  50  62  -1   3   0 0.00    M    M  8.4 16 280   M    M   3        23 290
10  79  60  70   7   0   5 0.05    M    M 10.2 20 260   M    M   3 3      28 270
11  81  64  73   9   0   8 0.00    M    M 11.2 24 270   M    M   0        37 260
12  83  63  73   9   0   8 0.00    M    M  7.5 16 250   M    M   2        23 230
13  86  67  77  13   0  12 0.00    M    M  8.4 21 270   M    M   2        27 270
14  81  66  74   9   0   9 0.00    M    M  4.5 10 330   M    M   5 18     13 330
15  81  65  73   8   0   8 2.98    M    M  7.3 20 330   M    M   4 13     28 160
16  78  63  71   6   0   6 1.12    M    M  5.4 14 330   M    M   5 123    19 350
17  79  62  71   6   0   6 0.00    M    M  7.0 14 160   M    M   5 12     18 160
18  86  68  77  11   0  12 0.02    M    M 10.9 22 190   M    M   3        30 190
19  73  59  66   0   0   1 0.79    M    M  9.7 29 290   M    M   7 1      40 300
20  73  56  65  -1   0   0 0.00    M    M  9.9 22 280   M    M   2        29 260
21  75  61  68   2   0   3 0.09    M    M  7.1 17 280   M    M   4 13     22 240
22  80  63  72   5   0   7    T    M    M  7.7 22 340   M    M   3 3      27 340
23  73  64  69   2   0   4 2.23    M    M 10.0 20 250   M    M   9 123    29 240
24  75  63  69   2   0   4 0.20    M    M 11.9 23 310   M    M   6 1      31 310
25  71  57  64  -3   1   0 0.00    M    M  8.5 23 260   M    M   5        30 250
================================================================================
SM 1869 1469        45  95  7.73    M    211.2          M      112
================================================================================
AV 74.8 58.8                               8.4 FASTST   M    M   4    MAX(MPH)
                                 MISC ---->  # 29 290               # 40  300
================================================================================
NOTES:
# LAST OF SEVERAL OCCURRENCES

COLUMN 17 PEAK WIND IN M.P.H.

PRELIMINARY LOCAL CLIMATOLOGICAL DATA (WS FORM: F-6) , PAGE 2

                                          STATION:  JOHNSTOWN
                                          MONTH:    JUNE
                                          YEAR:     2017
                                          LATITUDE:   40 18 N
                                          LONGITUDE:  78 50 W

[TEMPERATURE DATA]      [PRECIPITATION DATA]       SYMBOLS USED IN COLUMN 16

AVERAGE MONTHLY: 66.8   TOTAL FOR MONTH:   7.73    1 = FOG OR MIST
DPTR FM NORMAL:   2.6   DPTR FM NORMAL:    4.27    2 = FOG REDUCING VISIBILITY
HIGHEST:    86 ON 18,13 GRTST 24HR  2.98 ON 15-15      TO 1/4 MILE OR LESS
LOWEST:     46 ON  8                               3 = THUNDER
                        SNOW, ICE PELLETS, HAIL    4 = ICE PELLETS
                        TOTAL MONTH:    M          5 = HAIL
                        GRTST 24HR    M  ON   M    6 = FREEZING RAIN OR DRIZZLE
                        GRTST DEPTH:  M  ON   M    7 = DUSTSTORM OR SANDSTORM:
                                                       VSBY 1/2 MILE OR LESS
                                                   8 = SMOKE OR HAZE
[NO. OF DAYS WITH]      [WEATHER - DAYS WITH]      9 = BLOWING SNOW
                                                   X = TORNADO
MAX 32 OR BELOW:   0    0.01 INCH OR MORE:  12
MAX 90 OR ABOVE:   0    0.10 INCH OR MORE:   5
MIN 32 OR BELOW:   0    0.50 INCH OR MORE:   4
MIN  0 OR BELOW:   0    1.00 INCH OR MORE:   3

[HDD (BASE 65) ]
TOTAL THIS MO.    45    CLEAR  (SCALE 0-3)   6
DPTR FM NORMAL   -29    PTCLDY (SCALE 4-7)  16
TOTAL FM JUL 1  5508    CLOUDY (SCALE 8-10)  3
DPTR FM NORMAL -1175

[CDD (BASE 65) ]
TOTAL THIS MO.    95
DPTR FM NORMAL    40    [PRESSURE DATA]
TOTAL FM JAN 1   124    HIGHEST SLP M ON M
DPTR FM NORMAL    45    LOWEST  SLP 29.55 ON 23

[REMARKS]
