000
CXUS54 KFWD 200730
CF6JWY
PRELIMINARY LOCAL CLIMATOLOGICAL DATA (WS FORM: F-6)

                                          STATION:   WAXAHACHIE
                                          MONTH:     DECEMBER
                                          YEAR:      2014
                                          LATITUDE:   32 27 N
                                          LONGITUDE:  96 54 W

  TEMPERATURE IN F:       :PCPN:    SNOW:  WIND      :SUNSHINE: SKY     :PK WND
================================================================================
1   2   3   4   5  6A  6B    7    8   9   10  11  12  13   14  15   16   17  18
                                     12Z  AVG MX 2MIN
DY MAX MIN AVG DEP HDD CDD  WTR  SNW DPTH SPD SPD DIR MIN PSBL S-S WX    SPD DR
================================================================================

 1  65  34  50   1  15   0 0.00  0.0    0 15.3 25 330   M    M  10        29 330
 2  50  32  41  -8  24   0 0.00  0.0    0  5.6 12 180   M    M   9         M  M
 3  60  48  54   5  11   0 0.00  0.0    0  5.8 13 170   M    M  10 1       M  M
 4  65  55  60  12   5   0 0.00  0.0    0  5.8  9 150   M    M   9 1       M  M
 5  77  58  68  20   0   3 0.00  0.0    0 10.7 18 210   M    M   7 1      25 210
 6  67  47  57   9   8   0 0.00  0.0    0 10.0 16 340   M    M   3        20 350
 7  55  43  49   2  16   0 0.00  0.0    0  4.0  9  60   M    M   7 1       M  M
 8  59  38  49   2  16   0 0.00  0.0    0  3.8  8 360   M    M   4 12      M  M
 9  63  37  50   3  15   0 0.00  0.0    0  2.1  6  60   M    M   4 12      M  M
10  60  38  49   2  16   0 0.00  0.0    0  3.1  7 130   M    M   9 12      M  M
11  63  50  57  11   8   0 0.00  0.0    0  5.8 12 190   M    M   9 1       M  M
12  70  56  63  17   2   0 0.01  0.0    0  6.0 12 180   M    M   8        16 170
13  70  55  63  17   2   0 0.00  0.0    0  8.7 14 160   M    M   7 1      17 170
14  67  60  64  18   1   0 0.11  0.0    0 12.5 20 170   M    M   9 1      22 160
15  65  47  56  10   9   0 0.02    M    0 10.5 18 190   M    M   1        24 220
16  53  37  45   0  20   0 0.00  0.0    0  7.9 17 340   M    M   0        24 320
17  47  36  42  -3  23   0 0.57    M    0  5.6 12 100   M    M  10 1       M  M
18  49  42  46   1  19   0 0.02  0.0    0  5.0  9  10   M    M  10 1       M  M
19  48  45  47   2  18   0 0.04  0.0    0  7.9 15 320   M    M  10 1      16  20
================================================================================
SM 1153  858       228   3  0.77     0.0 136.1          M      136
================================================================================
AV 60.7 45.2                               7.2 FASTST   M    M   7    MAX(MPH)
                                 MISC ---->    25   M                 29    M
================================================================================
NOTES:
# LAST OF SEVERAL OCCURRENCES

COLUMN 17 PEAK WIND IN M.P.H.

PRELIMINARY LOCAL CLIMATOLOGICAL DATA (WS FORM: F-6) , PAGE 2

                                          STATION:  WAXAHACHIE
                                          MONTH:    DECEMBER
                                          YEAR:     2014
                                          LATITUDE:   32 27 N
                                          LONGITUDE:  96 54 W

[TEMPERATURE DATA]      [PRECIPITATION DATA]       SYMBOLS USED IN COLUMN 16

AVERAGE MONTHLY: 52.9   TOTAL FOR MONTH:   0.77    1 = FOG OR MIST
DPTR FM NORMAL:   6.1   DPTR FM NORMAL:   -1.23    2 = FOG REDUCING VISIBILITY
HIGHEST:    77 ON  5    GRTST 24HR  0.57 ON 17-17      TO 1/4 MILE OR LESS
LOWEST:     32 ON  2                               3 = THUNDER
                        SNOW, ICE PELLETS, HAIL    4 = ICE PELLETS
                        TOTAL MONTH:   0.0 INCH    5 = HAIL
                        GRTST 24HR     0.0         6 = FREEZING RAIN OR DRIZZLE
                        GRTST DEPTH:   0           7 = DUSTSTORM OR SANDSTORM:
                                                       VSBY 1/2 MILE OR LESS
                                                   8 = SMOKE OR HAZE
[NO. OF DAYS WITH]      [WEATHER - DAYS WITH]      9 = BLOWING SNOW
                                                   X = TORNADO
MAX 32 OR BELOW:   0    0.01 INCH OR MORE:   6
MAX 90 OR ABOVE:   0    0.10 INCH OR MORE:   2
MIN 32 OR BELOW:   1    0.50 INCH OR MORE:   1
MIN  0 OR BELOW:   0    1.00 INCH OR MORE:   0

[HDD (BASE 65) ]
TOTAL THIS MO.   228    CLEAR  (SCALE 0-3)   2
DPTR FM NORMAL  -119    PTCLDY (SCALE 4-7)   7
TOTAL FM JUL 1   645    CLOUDY (SCALE 8-10) 10
DPTR FM NORMAL   -99

[CDD (BASE 65) ]
TOTAL THIS MO.     3
DPTR FM NORMAL     3    [PRESSURE DATA]
TOTAL FM JAN 1  2439    HIGHEST SLP M ON M
DPTR FM NORMAL     8    LOWEST  SLP M ON M

[REMARKS]
