000
CXUS53 KGRR 261017
CF6JXN
PRELIMINARY LOCAL CLIMATOLOGICAL DATA (WS FORM: F-6)

                                          STATION:   JACKSON MI
                                          MONTH:     JANUARY
                                          YEAR:      2015
                                          LATITUDE:   42 16 N
                                          LONGITUDE:  84 28 W

  TEMPERATURE IN F:       :PCPN:    SNOW:  WIND      :SUNSHINE: SKY     :PK WND
================================================================================
1   2   3   4   5  6A  6B    7    8   9   10  11  12  13   14  15   16   17  18
                                     12Z  AVG MX 2MIN
DY MAX MIN AVG DEP HDD CDD  WTR  SNW DPTH SPD SPD DIR MIN PSBL S-S WX    SPD DR
================================================================================

 1  28  16  22  -2  43   0 0.00    M    M 14.1 23 250   M    M   7        31 280
 2  34  24  29   5  36   0 0.00    M    M  5.8 14 250   M    M   6        20 240
 3  33  23  28   4  37   0 0.49    M    M  6.6 14 140   M    M   8 16     18 130
 4  33  16  25   1  40   0 0.06    M    M  9.7 21 290   M    M  10 18     32 300
 5  16   4  10 -14  55   0    T    M    M 12.0 22 290   M    M   8 18     36 290
 6  16   3  10 -14  55   0 0.05    M    M  9.8 21 260   M    M  10 18     31 260
 7  12   2   7 -17  58   0 0.01    M    M 10.3 20 320   M    M   5 18     28 320
 8  14  -5   5 -19  60   0    T    M    M 15.1 23 180   M    M   7 18     32 210
 9  16   0   8 -16  57   0 0.01    M    M 12.9 25 300   M    M   8 128    35 290
10  16  -1   8 -16  57   0    T    M    M 11.4 20 220   M    M   6 8      28 210
11  31  16  24   0  41   0 0.13    M    M  9.5 17 200   M    M  10 1      20 200
12  28  12  20  -4  45   0 0.06    M    M  8.2 17 360   M    M   9 18     24 350
13  17  -4   7 -16  58   0 0.00    M    M  4.7 14  30   M    M   1 18     20  30
14  19 -10   5 -18  60   0    T    M    M  3.5  9 240   M    M   4 18     12 230
15  28   7  18  -5  47   0 0.00    M    M 10.6 20 230   M    M   5 18     27 230
16  29  18  24   1  41   0 0.00    M    M  7.9 17 130   M    M   8 18     21 110
17  46  17  32   9  33   0 0.00    M    M 15.5 23 200   M    M   4 18     31 210
18  39  32  36  13  29   0 0.02    M    M  9.6 17 270   M    M  10 1      25 260
19  36  30  33  10  32   0    T    M    M  3.3  8 260   M    M  10        12 260
20  32  28  30   7  35   0 0.03    M    M  6.3 13 110   M    M  10 12     15 110
21  28  24  26   3  39   0 0.12    M    M  5.1 14 110   M    M  10 168    18 130
22  30  22  26   3  39   0    T    M    M  5.3 13 300   M    M  10 18     17 310
23  31  24  28   5  37   0 0.00    M    M 10.5 18 220   M    M  10        22 230
24  38  26  32   9  33   0    T    M    M  7.6 15 280   M    M  10 18     21 280
25  34  16  25   2  40   0    T    M    M  8.5 17  30   M    M   9 1      25  20
================================================================================
SM  684  340      1107   0  0.98    M    223.8          M      195
================================================================================
AV 27.4 13.6                               9.0 FASTST   M    M   8    MAX(MPH)
                                 MISC ---->  # 25 300               # 36  290
================================================================================
NOTES:
# LAST OF SEVERAL OCCURRENCES

COLUMN 17 PEAK WIND IN M.P.H.

PRELIMINARY LOCAL CLIMATOLOGICAL DATA (WS FORM: F-6) , PAGE 2

                                          STATION:  JACKSON MI
                                          MONTH:    JANUARY
                                          YEAR:     2015
                                          LATITUDE:   42 16 N
                                          LONGITUDE:  84 28 W

[TEMPERATURE DATA]      [PRECIPITATION DATA]       SYMBOLS USED IN COLUMN 16

AVERAGE MONTHLY: 20.5   TOTAL FOR MONTH:   0.98    1 = FOG OR MIST
DPTR FM NORMAL:  -3.0   DPTR FM NORMAL:   -0.28    2 = FOG REDUCING VISIBILITY
HIGHEST:    46 ON 17    GRTST 24HR  0.52 ON  3- 4      TO 1/4 MILE OR LESS
LOWEST:    -10 ON 14                               3 = THUNDER
                        SNOW, ICE PELLETS, HAIL    4 = ICE PELLETS
                        TOTAL MONTH:    M          5 = HAIL
                        GRTST 24HR    M  ON   M    6 = FREEZING RAIN OR DRIZZLE
                        GRTST DEPTH:  M  ON   M    7 = DUSTSTORM OR SANDSTORM:
                                                       VSBY 1/2 MILE OR LESS
                                                   8 = SMOKE OR HAZE
[NO. OF DAYS WITH]      [WEATHER - DAYS WITH]      9 = BLOWING SNOW
                                                   X = TORNADO
MAX 32 OR BELOW:  17    0.01 INCH OR MORE:  10
MAX 90 OR ABOVE:   0    0.10 INCH OR MORE:   3
MIN 32 OR BELOW:  25    0.50 INCH OR MORE:   0
MIN  0 OR BELOW:   5    1.00 INCH OR MORE:   0

[HDD (BASE 65) ]
TOTAL THIS MO.  1107    CLEAR  (SCALE 0-3)   1
DPTR FM NORMAL    68    PTCLDY (SCALE 4-7)  12
TOTAL FM JUL 1  3737    CLOUDY (SCALE 8-10) 12
DPTR FM NORMAL   150

[CDD (BASE 65) ]
TOTAL THIS MO.     0
DPTR FM NORMAL     0    [PRESSURE DATA]
TOTAL FM JAN 1     0    HIGHEST SLP M ON M
DPTR FM NORMAL     0    LOWEST  SLP 29.59 ON M

[REMARKS]
