000
CXUS53 KGID 260730
CF6JYR
PRELIMINARY LOCAL CLIMATOLOGICAL DATA (WS FORM: F-6)

                                          STATION:   YORK
                                          MONTH:     APRIL
                                          YEAR:      2017
                                          LATITUDE:   40 54 N
                                          LONGITUDE:  97 37 W

  TEMPERATURE IN F:       :PCPN:    SNOW:  WIND      :SUNSHINE: SKY     :PK WND
================================================================================
1   2   3   4   5  6A  6B    7    8   9   10  11  12  13   14  15   16   17  18
                                     12Z  AVG MX 2MIN
DY MAX MIN AVG DEP HDD CDD  WTR  SNW DPTH SPD SPD DIR MIN PSBL S-S WX    SPD DR
================================================================================

 1  45  37  41   M  24   0 0.04    M    M  5.8 12 110   M    M   7 1       M  M
 2  57  39  48   M  17   0 0.01    M    M  3.4 12 150   M    M   8 12      M  M
 3  63  39  51   M  14   0    T    M    M  8.7 21 330   M    M   9 12     28 330
 4  55  41  48   M  17   0 0.00    M    M 13.0 21 320   M    M   5        27 320
 5  57  36  47   M  18   0 0.01    M    M 12.2 21 360   M    M   2        32 360
 6  57  32  45   M  20   0 0.00    M    M  8.4 14 340   M    M   0        25 340
 7  66  34  50   M  15   0 0.00    M    M 15.1 25 190   M    M   0        32 180
 8  75  46  61   M   4   0 0.00    M    M 10.7 16 170   M    M   0        23 170
 9  72  46  59   M   6   0 0.04    M    M  9.0 18 330   M    M   1 13     24 340
10  48  30  39   M  26   0    T    M    M 15.4 32 310   M    M   4        31 310
11  66  23  45   M  20   0 0.00    M    M  7.9 15 200   M    M   0        21 170
12  68  48  58   M   7   0 0.06    M    M 13.9 23 170   M    M   2 38     32 170
13  73  45  59   M   6   0 0.00    M    M  7.6 12 180   M    M   3 12      M  M
14  75  57  66   M   0   1 0.40    M    M 16.7 24 180   M    M   6 13     32 170
15  75  54  65   M   0   0 0.00    M    M 12.7 18  10   M    M   6        30  30
16  66  46  56   M   9   0 0.00    M    M  8.6 17  70   M    M   0        23  70
17  73  41  57   M   8   0    T    M    M  7.0 17 160   M    M   3        18 170
18  73  57  65   M   0   0    T    M    M 11.3 22 180   M    M   7 3      29 180
19  75  48  62   M   3   0    T    M    M 15.0 21 360   M    M   9        32 360
20  66  45  56   M   9   0 0.00    M    M 11.5 17 330   M    M   3        29 330
21  55  41  48   M  17   0 0.00    M    M 11.4 20  40   M    M   1        28  60
22  64  39  52   M  13   0 0.00    M    M  6.0 10  40   M    M   0        21 350
23  72  37  55   M  10   0 0.00    M    M 13.6 27 200   M    M   0        35 180
24  75  50  63   M   2   0 0.00    M    M 17.5 30 200   M    M   0        40 200
25  50  37  44   M  21   0    T    M    M 16.5 24  10   M    M   8        29  10
================================================================================
SM 1621 1048       286   1  0.56    M    278.9          M       84
================================================================================
AV 64.8 41.9                              11.2 FASTST   M    M   3    MAX(MPH)
                                 MISC ---->    32   M                 40    M
================================================================================
NOTES:
# LAST OF SEVERAL OCCURRENCES

COLUMN 17 PEAK WIND IN M.P.H.

PRELIMINARY LOCAL CLIMATOLOGICAL DATA (WS FORM: F-6) , PAGE 2

                                          STATION:  YORK
                                          MONTH:    APRIL
                                          YEAR:     2017
                                          LATITUDE:   40 54 N
                                          LONGITUDE:  97 37 W

[TEMPERATURE DATA]      [PRECIPITATION DATA]       SYMBOLS USED IN COLUMN 16

AVERAGE MONTHLY: 53.4   TOTAL FOR MONTH:   0.56    1 = FOG OR MIST
DPTR FM NORMAL:     M   DPTR FM NORMAL:       M    2 = FOG REDUCING VISIBILITY
HIGHEST:    75 ON 24,19 GRTST 24HR  0.40 ON 14-14      TO 1/4 MILE OR LESS
LOWEST:     23 ON 11                               3 = THUNDER
                        SNOW, ICE PELLETS, HAIL    4 = ICE PELLETS
                        TOTAL MONTH:    M          5 = HAIL
                        GRTST 24HR    M  ON   M    6 = FREEZING RAIN OR DRIZZLE
                        GRTST DEPTH:  M  ON   M    7 = DUSTSTORM OR SANDSTORM:
                                                       VSBY 1/2 MILE OR LESS
                                                   8 = SMOKE OR HAZE
[NO. OF DAYS WITH]      [WEATHER - DAYS WITH]      9 = BLOWING SNOW
                                                   X = TORNADO
MAX 32 OR BELOW:   0    0.01 INCH OR MORE:   6
MAX 90 OR ABOVE:   0    0.10 INCH OR MORE:   1
MIN 32 OR BELOW:   3    0.50 INCH OR MORE:   0
MIN  0 OR BELOW:   0    1.00 INCH OR MORE:   0

[HDD (BASE 65) ]
TOTAL THIS MO.   286    CLEAR  (SCALE 0-3)  15
DPTR FM NORMAL     M    PTCLDY (SCALE 4-7)   6
TOTAL FM JUL 1  5055    CLOUDY (SCALE 8-10)  4
DPTR FM NORMAL     M

[CDD (BASE 65) ]
TOTAL THIS MO.     1
DPTR FM NORMAL     M    [PRESSURE DATA]
TOTAL FM JAN 1     1    HIGHEST SLP M ON M
DPTR FM NORMAL     M    LOWEST  SLP M ON M

[REMARKS]
