000
CXUS53 KGID 190730
CF6JYR
PRELIMINARY LOCAL CLIMATOLOGICAL DATA (WS FORM: F-6)

                                          STATION:   YORK
                                          MONTH:     FEBRUARY
                                          YEAR:      2017
                                          LATITUDE:   40 54 N
                                          LONGITUDE:  97 37 W

  TEMPERATURE IN F:       :PCPN:    SNOW:  WIND      :SUNSHINE: SKY     :PK WND
================================================================================
1   2   3   4   5  6A  6B    7    8   9   10  11  12  13   14  15   16   17  18
                                     12Z  AVG MX 2MIN
DY MAX MIN AVG DEP HDD CDD  WTR  SNW DPTH SPD SPD DIR MIN PSBL S-S WX    SPD DR
================================================================================

 1  32  21  27   M  38   0    T    M    M 11.5 17 360   M    M   7        25 360
 2  25  16  21   M  44   0    M    M    M  8.0 13 360   M    M   5        18 350
 3  28  18  23   M  42   0    M    M    M  5.5 13 180   M    M   4         M  M
 4  52  23  38   M  27   0 0.00    M    M 15.4 24 220   M    M   0        32 210
 5  39  19  29   M  36   0 0.00    M    M  6.3 15  10   M    M   0        20  10
 6  45  27  36   M  29   0 0.00    M    M  7.3 14 190   M    M   2 12      M  M
 7  36  19  28   M  37   0    T    M    M  7.2 21  10   M    M   5 12     27  10
 8  19  10  15   M  50   0    M    M    M 11.7 24  10   M    M   5         M  M
 9  36  10  23   M  42   0    T    M    M 10.5 18 190   M    M   3        28 190
10  73  30  52   M  13   0 0.00    M    M  8.6 16 210   M    M   0         M  M
11  59  36  48   M  17   0 0.00    M    M 10.9 20 360   M    M   1        24 360
12  48  28  38   M  27   0 0.00    M    M  9.4 15 340   M    M   0        21 340
13  50  25  38   M  27   0 0.00    M    M 10.5 18 230   M    M   1        24 220
14  50  28  39   M  26   0 0.00    M    M 11.8 20 360   M    M   0        25 350
15  59  27  43   M  22   0 0.00    M    M  8.2 13 210   M    M   0        21 230
16  72  30  51   M  14   0 0.00    M    M  9.1 14 230   M    M   0        16 250
17  72  32  52   M  13   0 0.00    M    M  9.6 14  10   M    M   0        23 360
18  64  28  46   M  19   0 0.00    M    M  7.1 14 140   M    M   0         M  M
================================================================================
SM  859  427       523   0    T     M    168.6          M       33
================================================================================
AV 47.7 23.7                               9.4 FASTST   M    M   2    MAX(MPH)
                                 MISC ---->    24   M                 32    M
================================================================================
NOTES:
# LAST OF SEVERAL OCCURRENCES

COLUMN 17 PEAK WIND IN M.P.H.

PRELIMINARY LOCAL CLIMATOLOGICAL DATA (WS FORM: F-6) , PAGE 2

                                          STATION:  YORK
                                          MONTH:    FEBRUARY
                                          YEAR:     2017
                                          LATITUDE:   40 54 N
                                          LONGITUDE:  97 37 W

[TEMPERATURE DATA]      [PRECIPITATION DATA]       SYMBOLS USED IN COLUMN 16

AVERAGE MONTHLY: 35.7   TOTAL FOR MONTH:      T    1 = FOG OR MIST
DPTR FM NORMAL:     M   DPTR FM NORMAL:       M    2 = FOG REDUCING VISIBILITY
HIGHEST:    73 ON 10    GRTST 24HR    T  ON  9- 9      TO 1/4 MILE OR LESS
LOWEST:     10 ON  9, 8                            3 = THUNDER
                        SNOW, ICE PELLETS, HAIL    4 = ICE PELLETS
                        TOTAL MONTH:    M          5 = HAIL
                        GRTST 24HR    M  ON   M    6 = FREEZING RAIN OR DRIZZLE
                        GRTST DEPTH:  M  ON   M    7 = DUSTSTORM OR SANDSTORM:
                                                       VSBY 1/2 MILE OR LESS
                                                   8 = SMOKE OR HAZE
[NO. OF DAYS WITH]      [WEATHER - DAYS WITH]      9 = BLOWING SNOW
                                                   X = TORNADO
MAX 32 OR BELOW:   4    0.01 INCH OR MORE:   0
MAX 90 OR ABOVE:   0    0.10 INCH OR MORE:   0
MIN 32 OR BELOW:  17    0.50 INCH OR MORE:   0
MIN  0 OR BELOW:   0    1.00 INCH OR MORE:   0

[HDD (BASE 65) ]
TOTAL THIS MO.   523    CLEAR  (SCALE 0-3)  12
DPTR FM NORMAL     M    PTCLDY (SCALE 4-7)   6
TOTAL FM JUL 1  3826    CLOUDY (SCALE 8-10)  0
DPTR FM NORMAL     M

[CDD (BASE 65) ]
TOTAL THIS MO.     0
DPTR FM NORMAL     M    [PRESSURE DATA]
TOTAL FM JAN 1     0    HIGHEST SLP M ON M
DPTR FM NORMAL     M    LOWEST  SLP M ON M

[REMARKS]
