000
CXUS55 KPUB 261159
CF6LAA
PRELIMINARY LOCAL CLIMATOLOGICAL DATA (WS FORM: F-6)

                                          STATION:   LAMAR CO
                                          MONTH:     NOVEMBER
                                          YEAR:      2014
                                          LATITUDE:   38  4 N
                                          LONGITUDE: 102 41 W

  TEMPERATURE IN F:       :PCPN:    SNOW:  WIND      :SUNSHINE: SKY     :PK WND
================================================================================
1   2   3   4   5  6A  6B    7    8   9   10  11  12  13   14  15   16   17  18
                                     12Z  AVG MX 2MIN
DY MAX MIN AVG DEP HDD CDD  WTR  SNW DPTH SPD SPD DIR MIN PSBL S-S WX    SPD DR
================================================================================

 1  79  36  58  12   7   0 0.00  0.0    0 12.5 28 200   M    M   0        36 200
 2  80  34  57  11   8   0 0.02  0.0    0 11.9 44 240   M    M   2 3      53 240
 3  63  28  46   1  19   0 0.00  0.0    0 14.5 31 270   M    M   0        37 270
 4  60  27  44  -1  21   0 0.00  0.0    0  6.7 13 310   M    M   0        16 320
 5  71  23  47   2  18   0 0.00  0.0    0  5.8 14 350   M    M   0        17  40
 6  70  23  47   3  18   0 0.00  0.0    0  5.3 13 160   M    M   0        18 160
 7  79  30  55  11  10   0    T  0.0    0 10.1 28  20   M    M   1        35  10
 8  65  29  47   4  18   0    T  0.0    0  6.5 16 340   M    M   2        20 350
 9  79  29  54  11  11   0 0.00  0.0    0  8.9 20 200   M    M   0        25 200
10  80  19  50   8  15   0 0.03    M    0 16.1 43  20   M    M   4 18     53  20
11  22  16  19 -23  46   0    T    M    M  9.6 17  50   M    M  10 8      22  20
12  16   9  13 -29  52   0 0.03    M    M  9.4 18  50   M    M  10 18     23  50
13  18 -11   4 -37  61   0    T    M    M  5.2 16 140   M    M   3 18     20 140
14  32   8  20 -21  45   0 0.00  0.0    M  5.2 10 110   M    M   5        14 110
15  39  13  26 -14  39   0    T    T    T 12.6 28  30   M    M   3 1      33  20
16  29   5  17 -23  48   0 0.07    M    M  9.9 22 280   M    M   4 1      26 290
17  34  -1  17 -22  48   0 0.00  0.0    M  6.6 12 220   M    M   0        14 250
18  49   5  27 -12  38   0 0.00  0.0    M  9.2 20 240   M    M   0        24 240
19  52  15  34  -4  31   0 0.00  0.0    0  7.6 18 150   M    M   0 8      22 120
20  55  23  39   1  26   0 0.00  0.0    0  5.1 12 140   M    M   0        13 110
21  56  19  38   0  27   0 0.00  0.0    0  3.6 10 190   M    M   0 1      13 250
22  68  21  45   8  20   0 0.00  0.0    0  8.8 18 260   M    M   0        25 230
23  50  27  39   2  26   0 0.00  0.0    0 16.6 38  10   M    M   4 8      49  10
24  51  20  36   0  29   0 0.00  0.0    0 11.7 30 350   M    M   2        40 350
25  54  12  33  -3  32   0 0.00  0.0    0  8.0 20 250   M    M   1        24 250
================================================================================
SM 1351  459       713   0  0.15    T    227.4          M       51
================================================================================
AV 54.0 18.4                               9.1 FASTST   M    M   2    MAX(MPH)
                                 MISC ---->  # 44 240               # 53  240
================================================================================
NOTES:
# LAST OF SEVERAL OCCURRENCES

COLUMN 17 PEAK WIND IN M.P.H.

PRELIMINARY LOCAL CLIMATOLOGICAL DATA (WS FORM: F-6) , PAGE 2

                                          STATION:  LAMAR CO
                                          MONTH:    NOVEMBER
                                          YEAR:     2014
                                          LATITUDE:   38  4 N
                                          LONGITUDE: 102 41 W

[TEMPERATURE DATA]      [PRECIPITATION DATA]       SYMBOLS USED IN COLUMN 16

AVERAGE MONTHLY: 36.2   TOTAL FOR MONTH:   0.15    1 = FOG OR MIST
DPTR FM NORMAL:  -4.9   DPTR FM NORMAL:   -0.20    2 = FOG REDUCING VISIBILITY
HIGHEST:    80 ON 10, 2 GRTST 24HR  0.07 ON 16-16      TO 1/4 MILE OR LESS
LOWEST:    -11 ON 13                               3 = THUNDER
                        SNOW, ICE PELLETS, HAIL    4 = ICE PELLETS
                        TOTAL MONTH:    T          5 = HAIL
                        GRTST 24HR    T  ON 15-15  6 = FREEZING RAIN OR DRIZZLE
                        GRTST DEPTH:   T           7 = DUSTSTORM OR SANDSTORM:
                                                       VSBY 1/2 MILE OR LESS
                                                   8 = SMOKE OR HAZE
[NO. OF DAYS WITH]      [WEATHER - DAYS WITH]      9 = BLOWING SNOW
                                                   X = TORNADO
MAX 32 OR BELOW:   5    0.01 INCH OR MORE:   4
MAX 90 OR ABOVE:   0    0.10 INCH OR MORE:   0
MIN 32 OR BELOW:  23    0.50 INCH OR MORE:   0
MIN  0 OR BELOW:   2    1.00 INCH OR MORE:   0

[HDD (BASE 65) ]
TOTAL THIS MO.   713    CLEAR  (SCALE 0-3)  19
DPTR FM NORMAL   116    PTCLDY (SCALE 4-7)   4
TOTAL FM JUL 1  1039    CLOUDY (SCALE 8-10)  2
DPTR FM NORMAL   -25

[CDD (BASE 65) ]
TOTAL THIS MO.     0
DPTR FM NORMAL     0    [PRESSURE DATA]
TOTAL FM JAN 1  1322    HIGHEST SLP M ON M
DPTR FM NORMAL   201    LOWEST  SLP 29.50 ON 10

[REMARKS]
