000
CXUS55 KCYS 241000
CF6LAR
PRELIMINARY LOCAL CLIMATOLOGICAL DATA (WS FORM: F-6)

                                          STATION:   LARAMIE WYOMING AIRPORT
                                          MONTH:     JUNE
                                          YEAR:      2017
                                          LATITUDE:   41 18 N
                                          LONGITUDE: 105 40 W

  TEMPERATURE IN F:       :PCPN:    SNOW:  WIND      :SUNSHINE: SKY     :PK WND
================================================================================
1   2   3   4   5  6A  6B    7    8   9   10  11  12  13   14  15   16   17  18
                                     12Z  AVG MX 2MIN
DY MAX MIN AVG DEP HDD CDD  WTR  SNW DPTH SPD SPD DIR MIN PSBL S-S WX    SPD DR
================================================================================

 1  76  41  59   6   6   0    T    M    M  8.1 24 260   M    M   2 3      30 120
 2  67  43  55   2  10   0 0.03    M    M  8.2 24 300   M    M   3 3      27 300
 3  72  35  54   1  11   0 0.00    M    M  7.2 17  90   M    M   1 1      22  60
 4  80  40  60   6   5   0 0.00    M    M  9.5 22 150   M    M   0        24 160
 5  79  43  61   7   4   0 0.03    M    M  9.0 37 210   M    M   3 3      49 210
 6  74  44  59   5   6   0 0.09    M    M 10.3 29 160   M    M   2 3      36 170
 7  79  42  61   7   4   0    T    M    M  8.2 24 360   M    M   1 3      30 360
 8  83  41  62   7   3   0 0.00    M    M 11.0 25 150   M    M   1 3      30 150
 9  83  43  63   8   2   0 0.00    M    M 16.2 33 230   M    M   0        40 200
10  86  50  68  13   0   3 0.00    M    M 14.3 31 220   M    M   0        44 210
11  75  47  61   5   4   0 0.00    M    M 15.9 33 140   M    M   0        40 140
12  78  39  59   3   6   0 0.00    M    M 19.0 38 120   M    M   0 1      48 120
13  65  36  51  -5  14   0 0.00    M    M 23.6 43 240   M    M   2        55 230
14  73  39  56  -1   9   0 0.00    M    M 17.4 35 270   M    M   1        50 260
15  78  35  57   0   8   0 0.00    M    M 11.9 30 280   M    M   1        39 290
16  80  45  63   6   2   0 0.00    M    M 19.2 38 270   M    M   1        49 260
17  72  47  60   2   5   0    T    M    M 14.2 39 280   M    M   5        45 270
18  78  38  58   0   7   0 0.00    M    M 10.0 28 300   M    M   2 12     37 290
19  80  40  60   2   5   0 0.00    M    M  9.1 20 330   M    M   0        25 330
20  88  44  66   7   0   1 0.04    M    M  8.7 43 310   M    M   0 3      53 320
21  87  51  69  10   0   4    T    M    M 16.6 32 240   M    M   1        40 290
22  85  54  70  11   0   5 0.00    M    M 12.5 29 290   M    M   1        44 290
23  71  43  57  -3   8   0    T    M    M 11.2 22  50   M    M   5        27  10
================================================================================
SM 1789  980       119  13  0.19    M    291.3          M       32
================================================================================
AV 77.8 42.6                              12.7 FASTST   M    M   1    MAX(MPH)
                                 MISC ---->  # 43 240               # 55  230
================================================================================
NOTES:
# LAST OF SEVERAL OCCURRENCES

COLUMN 17 PEAK WIND IN M.P.H.

PRELIMINARY LOCAL CLIMATOLOGICAL DATA (WS FORM: F-6) , PAGE 2

                                          STATION:  LARAMIE WYOMING AIRPORT
                                          MONTH:    JUNE
                                          YEAR:     2017
                                          LATITUDE:   41 18 N
                                          LONGITUDE: 105 40 W

[TEMPERATURE DATA]      [PRECIPITATION DATA]       SYMBOLS USED IN COLUMN 16

AVERAGE MONTHLY: 60.2   TOTAL FOR MONTH:   0.19    1 = FOG OR MIST
DPTR FM NORMAL:   4.1   DPTR FM NORMAL:   -1.07    2 = FOG REDUCING VISIBILITY
HIGHEST:    88 ON 20    GRTST 24HR  0.09 ON  6- 6      TO 1/4 MILE OR LESS
LOWEST:     35 ON 15, 3                            3 = THUNDER
                        SNOW, ICE PELLETS, HAIL    4 = ICE PELLETS
                        TOTAL MONTH:    M          5 = HAIL
                        GRTST 24HR    M  ON   M    6 = FREEZING RAIN OR DRIZZLE
                        GRTST DEPTH:  M  ON   M    7 = DUSTSTORM OR SANDSTORM:
                                                       VSBY 1/2 MILE OR LESS
                                                   8 = SMOKE OR HAZE
[NO. OF DAYS WITH]      [WEATHER - DAYS WITH]      9 = BLOWING SNOW
                                                   X = TORNADO
MAX 32 OR BELOW:   0    0.01 INCH OR MORE:   4
MAX 90 OR ABOVE:   0    0.10 INCH OR MORE:   0
MIN 32 OR BELOW:   0    0.50 INCH OR MORE:   0
MIN  0 OR BELOW:   0    1.00 INCH OR MORE:   0

[HDD (BASE 65) ]
TOTAL THIS MO.   119    CLEAR  (SCALE 0-3)  20
DPTR FM NORMAL   -89    PTCLDY (SCALE 4-7)   3
TOTAL FM JUL 1  7888    CLOUDY (SCALE 8-10)  0
DPTR FM NORMAL  -909

[CDD (BASE 65) ]
TOTAL THIS MO.    13
DPTR FM NORMAL    13    [PRESSURE DATA]
TOTAL FM JAN 1    13    HIGHEST SLP M ON M
DPTR FM NORMAL    13    LOWEST  SLP 29.41 ON 10

[REMARKS]
