000
CXUS55 KCYS 231000
CF6LAR
PRELIMINARY LOCAL CLIMATOLOGICAL DATA (WS FORM: F-6)

                                          STATION:   LARAMIE WYOMING AIRPORT
                                          MONTH:     JANUARY
                                          YEAR:      2017
                                          LATITUDE:   41 18 N
                                          LONGITUDE: 105 40 W

  TEMPERATURE IN F:       :PCPN:    SNOW:  WIND      :SUNSHINE: SKY     :PK WND
================================================================================
1   2   3   4   5  6A  6B    7    8   9   10  11  12  13   14  15   16   17  18
                                     12Z  AVG MX 2MIN
DY MAX MIN AVG DEP HDD CDD  WTR  SNW DPTH SPD SPD DIR MIN PSBL S-S WX    SPD DR
================================================================================

 1  37  20  29   8  36   0 0.00    M    M 15.2 32 240   M    M   1        39 240
 2  29  16  23   1  42   0 0.14    M    M  8.5 31 330   M    M   7 128    41 340
 3  23   9  16  -6  49   0 0.04    M    M  7.0 18 220   M    M   9 1      21 270
 4  21  -2  10 -12  55   0 0.20    M    M  7.5 18 150   M    M  10 12     23 150
 5  -1 -36 -18 -40  83   0 0.02    M    M  4.7 16 360   M    M   5 18     19 360
 6   6 -40 -17 -39  82   0 0.00    M    M  9.7 31 230   M    M   1 18     33 230
 7  29   1  15  -7  50   0 0.00    M    M 12.1 28 230   M    M   2        31 240
 8  42  23  33  11  32   0 0.00    M    M 19.0 36 230   M    M   8 18     44 240
 9  42  28  35  13  30   0 0.06    M    M 18.9 43 230   M    M   5 1      57 220
10  33  19  26   4  39   0    T    M    M 23.2 40 270   M    M   3 8      48 270
11  33  23  28   6  37   0 0.01    M    M 17.4 37 270   M    M   5 189    45 270
12  30  18  24   2  41   0    T    M    M 14.7 31 270   M    M   4 1      35 270
13  24  13  19  -3  46   0    T    M    M  4.4 13 360   M    M   9 12     14 360
14  26   9  18  -4  47   0 0.00    M    M  3.5 12 360   M    M   7 128    13 360
15  22   7  15  -7  50   0 0.00    M    M  3.9 10 350   M    M   7 128    12 360
16  25   3  14  -8  51   0 0.00    M    M  2.9 12 200   M    M   8 12     12 200
17  22 -10   6 -16  59   0 0.00    M    M  3.5 12 360   M    M   3 12     13  10
18  29  -3  13  -9  52   0 0.00    M    M  5.8 12 160   M    M   0 1      13 150
19  32   3  18  -4  47   0 0.00    M    M  6.6 14 240   M    M   0        18 240
20  30   8  19  -3  46   0 0.00    M    M  6.6 18 270   M    M   4        23 250
21  29   4  17  -5  48   0 0.00    M    M  5.6 15 170   M    M   5        16 140
22  27  14  21  -1  44   0    T    M    M 10.0 29 220   M    M   4        32 220
================================================================================
SM  590  127      1066   0  0.47    M    210.7          M      107
================================================================================
AV 26.8  5.8                               9.6 FASTST   M    M   5    MAX(MPH)
                                 MISC ---->  # 43 230               # 57  220
================================================================================
NOTES:
# LAST OF SEVERAL OCCURRENCES

COLUMN 17 PEAK WIND IN M.P.H.

PRELIMINARY LOCAL CLIMATOLOGICAL DATA (WS FORM: F-6) , PAGE 2

                                          STATION:  LARAMIE WYOMING AIRPORT
                                          MONTH:    JANUARY
                                          YEAR:     2017
                                          LATITUDE:   41 18 N
                                          LONGITUDE: 105 40 W

[TEMPERATURE DATA]      [PRECIPITATION DATA]       SYMBOLS USED IN COLUMN 16

AVERAGE MONTHLY: 16.3   TOTAL FOR MONTH:   0.47    1 = FOG OR MIST
DPTR FM NORMAL:  -5.7   DPTR FM NORMAL:    0.29    2 = FOG REDUCING VISIBILITY
HIGHEST:    42 ON  9, 8 GRTST 24HR  0.22 ON  4- 5      TO 1/4 MILE OR LESS
LOWEST:    -40 ON  6                               3 = THUNDER
                        SNOW, ICE PELLETS, HAIL    4 = ICE PELLETS
                        TOTAL MONTH:    M          5 = HAIL
                        GRTST 24HR    M  ON   M    6 = FREEZING RAIN OR DRIZZLE
                        GRTST DEPTH:  M  ON   M    7 = DUSTSTORM OR SANDSTORM:
                                                       VSBY 1/2 MILE OR LESS
                                                   8 = SMOKE OR HAZE
[NO. OF DAYS WITH]      [WEATHER - DAYS WITH]      9 = BLOWING SNOW
                                                   X = TORNADO
MAX 32 OR BELOW:  17    0.01 INCH OR MORE:   6
MAX 90 OR ABOVE:   0    0.10 INCH OR MORE:   2
MIN 32 OR BELOW:  22    0.50 INCH OR MORE:   0
MIN  0 OR BELOW:   5    1.00 INCH OR MORE:   0

[HDD (BASE 65) ]
TOTAL THIS MO.  1066    CLEAR  (SCALE 0-3)   7
DPTR FM NORMAL   119    PTCLDY (SCALE 4-7)  12
TOTAL FM JUL 1  4239    CLOUDY (SCALE 8-10)  3
DPTR FM NORMAL  -381

[CDD (BASE 65) ]
TOTAL THIS MO.     0
DPTR FM NORMAL     0    [PRESSURE DATA]
TOTAL FM JAN 1     0    HIGHEST SLP M ON M
DPTR FM NORMAL     0    LOWEST  SLP  0.00 ON  8

[REMARKS]
