000
CXUS55 KVEF 250940
CF6LAS
PRELIMINARY LOCAL CLIMATOLOGICAL DATA (WS FORM: F-6)

                                          STATION:   LAS VEGAS NV
                                          MONTH:     APRIL
                                          YEAR:      2017
                                          LATITUDE:   36  4 N
                                          LONGITUDE: 115 10 W

  TEMPERATURE IN F:       :PCPN:    SNOW:  WIND      :SUNSHINE: SKY     :PK WND
================================================================================
1   2   3   4   5  6A  6B    7    8   9   10  11  12  13   14  15   16   17  18
                                     12Z  AVG MX 2MIN
DY MAX MIN AVG DEP HDD CDD  WTR  SNW DPTH SPD SPD DIR MIN PSBL S-S WX    SPD DR
================================================================================

 1  77  59  68   5   0   3 0.00  0.0    0 11.7 24 350   M    M   2        32 360
 2  83  55  69   6   0   4 0.00  0.0    0  4.2 13 220   M    M   2        17 230
 3  75  55  65   1   0   0 0.04  0.0    0  8.1 37 340   M    M   4 3      44 340
 4  71  50  61  -3   4   0 0.00  0.0    0  5.8 16 100   M    M   3        22  50
 5  76  54  65   1   0   0 0.00  0.0    0  4.2 12  10   M    M   8        15  10
 6  86  55  71   7   0   6 0.00  0.0    0  7.6 22 230   M    M   6        29 240
 7  82  67  75  10   0  10 0.00  0.0    0 13.0 23 190   M    M   8        34 190
 8  74  57  66   1   0   1 0.00  0.0    0 18.4 29 220   M    M   4        41 210
 9  69  53  61  -4   4   0 0.00  0.0    0  8.4 25 330   M    M   3        30 340
10  77  51  64  -1   1   0 0.00  0.0    0  3.7 10  30   M    M   5        13  30
11  82  55  69   3   0   4 0.00  0.0    0  6.1 20 280   M    M   7        24 290
12  87  59  73   7   0   8 0.00  0.0    0  8.7 18 230   M    M   1        24 250
13  80  60  70   4   0   5 0.00  0.0    0 16.9 32 220   M    M   2        47 210
14  77  54  66   0   0   1 0.00  0.0    0  5.3 20 220   M    M   1        26 210
15  81  59  70   3   0   5 0.00  0.0    0  4.7 14  50   M    M   3        20  60
16  89  60  75   8   0  10 0.00  0.0    0  7.2 22 220   M    M   6        31 220
17  78  69  74   6   0   9 0.00  0.0    0 14.7 28 230   M    M   8        39 230
18  84  66  75   7   0  10 0.00  0.0    0 15.3 33 230   M    M   3        45 230
19  81  59  70   2   0   5 0.00  0.0    0  5.6 15 260   M    M   2        22 300
20  86  63  75   7   0  10 0.00  0.0    0  8.2 21 330   M    M   1        28 330
21  80  63  72   3   0   7 0.00  0.0    0  9.7 22  20   M    M   3        32 340
22  84  62  73   4   0   8 0.00  0.0    0  6.7 17  70   M    M   5        21  60
23  89  67  78   8   0  13 0.00  0.0    0 13.1 28 240   M    M   6        38 230
24  85  64  75   5   0  10 0.00  0.0    0  8.5 23 310   M    M   7        30 320
================================================================================
SM 1933 1416         9 129  0.04     0.0 215.8          M      100
================================================================================
AV 80.5 59.0                               9.0 FASTST   M    M   4    MAX(MPH)
                                 MISC ---->  # 37 340               # 47  210
================================================================================
NOTES:
# LAST OF SEVERAL OCCURRENCES

COLUMN 17 PEAK WIND IN M.P.H.

PRELIMINARY LOCAL CLIMATOLOGICAL DATA (WS FORM: F-6) , PAGE 2

                                          STATION:  LAS VEGAS NV
                                          MONTH:    APRIL
                                          YEAR:     2017
                                          LATITUDE:   36  4 N
                                          LONGITUDE: 115 10 W

[TEMPERATURE DATA]      [PRECIPITATION DATA]       SYMBOLS USED IN COLUMN 16

AVERAGE MONTHLY: 69.8   TOTAL FOR MONTH:   0.04    1 = FOG OR MIST
DPTR FM NORMAL:   3.5   DPTR FM NORMAL:   -0.09    2 = FOG REDUCING VISIBILITY
HIGHEST:    89 ON 23,16 GRTST 24HR  0.04 ON  3- 3      TO 1/4 MILE OR LESS
LOWEST:     50 ON  4                               3 = THUNDER
                        SNOW, ICE PELLETS, HAIL    4 = ICE PELLETS
                        TOTAL MONTH:   0.0 INCH    5 = HAIL
                        GRTST 24HR     0.0         6 = FREEZING RAIN OR DRIZZLE
                        GRTST DEPTH:   0           7 = DUSTSTORM OR SANDSTORM:
                                                       VSBY 1/2 MILE OR LESS
                                                   8 = SMOKE OR HAZE
[NO. OF DAYS WITH]      [WEATHER - DAYS WITH]      9 = BLOWING SNOW
                                                   X = TORNADO
MAX 32 OR BELOW:   0    0.01 INCH OR MORE:   1
MAX 90 OR ABOVE:   0    0.10 INCH OR MORE:   0
MIN 32 OR BELOW:   0    0.50 INCH OR MORE:   0
MIN  0 OR BELOW:   0    1.00 INCH OR MORE:   0

[HDD (BASE 65) ]
TOTAL THIS MO.     9    CLEAR  (SCALE 0-3)  10
DPTR FM NORMAL   -49    PTCLDY (SCALE 4-7)  14
TOTAL FM JUL 1  1463    CLOUDY (SCALE 8-10)  0
DPTR FM NORMAL  -475

[CDD (BASE 65) ]
TOTAL THIS MO.   129
DPTR FM NORMAL    42    [PRESSURE DATA]
TOTAL FM JAN 1   240    HIGHEST SLP M ON M
DPTR FM NORMAL   122    LOWEST  SLP 29.49 ON 24

[REMARKS]
