000
CXUS55 KLBF 271200
CF6LBF
PRELIMINARY LOCAL CLIMATOLOGICAL DATA (WS FORM: F-6)

                                          STATION:   NORTH PLATTE
                                          MONTH:     JUNE
                                          YEAR:      2017
                                          LATITUDE:   41  7 N
                                          LONGITUDE: 100 41 W

  TEMPERATURE IN F:       :PCPN:    SNOW:  WIND      :SUNSHINE: SKY     :PK WND
================================================================================
1   2   3   4   5  6A  6B    7    8   9   10  11  12  13   14  15   16   17  18
                                     12Z  AVG MX 2MIN
DY MAX MIN AVG DEP HDD CDD  WTR  SNW DPTH SPD SPD DIR MIN PSBL S-S WX    SPD DR
================================================================================

 1  84  50  67   4   0   2 0.00  0.0    0  8.1 18 160   M    M   0        23 130
 2  88  62  75  12   0  10 0.00  0.0    0  9.3 22 170   M    M   1        31 170
 3  80  56  68   4   0   3 0.01  0.0    0  4.6 14  40   M    M   4        17  20
 4  88  50  69   5   0   4 0.00  0.0    0  2.9  9 250   M    M   0        11 210
 5  90  52  71   7   0   6 0.00  0.0    0  2.5 10 100   M    M   1        17 200
 6  82  60  71   6   0   6    T  0.0    0  7.2 15  30   M    M   4        23 340
 7  86  57  72   7   0   7 0.00  0.0    0  4.3 12 170   M    M   4        16 130
 8  88  56  72   7   0   7 0.00  0.0    0  6.7 16 180   M    M   2        21 180
 9  92  61  77  11   0  12 0.00  0.0    0 13.1 23 180   M    M   0        31 190
10  91  68  80  14   0  15 0.00  0.0    0 11.2 23 170   M    M   0        30 180
11  91  72  82  16   0  17 0.00  0.0    0 12.1 20  60   M    M   1        30  10
12  90  68  79  12   0  14 0.00  0.0    0 12.1 28 170   M    M   4 1      38 160
13  90  61  76   9   0  11 0.00  0.0    0 10.2 31 170   M    M   0        41 170
14  88  52  70   2   0   5    T  0.0    0  7.6 17 260   M    M   1        22 250
15  91  47  69   1   0   4 0.00  0.0    0  4.3 13 320   M    M   0        17 320
16  97  53  75   7   0  10 0.00  0.0    0  8.4 24 280   M    M   0        29 290
17  80  51  66  -2   0   1    T  0.0    0  6.3 20  10   M    M   1        26 360
18  85  45  65  -4   0   0    T  0.0    0  7.4 20 270   M    M   3        23 270
19  87  57  72   3   0   7 0.00  0.0    0  5.6 18 280   M    M   5        23 300
20 100  49  75   5   0  10 0.00  0.0    0  5.4 21 100   M    M   1        25 110
21 107  61  84  14   0  19 0.00  0.0    0  7.4 21 310   M    M   0 18     26 300
22  92  63  78   8   0  13 0.00  0.0    0 13.4 29  20   M    M   1        38  50
23  78  49  64  -6   1   0    T  0.0    0 10.1 30 340   M    M   4        39 340
24  79  45  62  -9   3   0 0.00  0.0    0  5.6 17 220   M    M   4        21 230
25  79  44  62  -9   3   0 0.02  0.0    0  6.9 20 200   M    M   2        24 200
26  82  51  67  -4   0   2 0.14  0.0    0  7.8 18 100   M    M   4 13     25  90
================================================================================
SM 2285 1440         7 185  0.17     0.0 200.5          M       47
================================================================================
AV 87.9 55.4                               7.7 FASTST   M    M   2    MAX(MPH)
                                 MISC ---->  # 31 170               # 41  170
================================================================================
NOTES:
# LAST OF SEVERAL OCCURRENCES

COLUMN 17 PEAK WIND IN M.P.H.

PRELIMINARY LOCAL CLIMATOLOGICAL DATA (WS FORM: F-6) , PAGE 2

                                          STATION:  NORTH PLATTE
                                          MONTH:    JUNE
                                          YEAR:     2017
                                          LATITUDE:   41  7 N
                                          LONGITUDE: 100 41 W

[TEMPERATURE DATA]      [PRECIPITATION DATA]       SYMBOLS USED IN COLUMN 16

AVERAGE MONTHLY: 71.6   TOTAL FOR MONTH:   0.17    1 = FOG OR MIST
DPTR FM NORMAL:   4.4   DPTR FM NORMAL:   -2.85    2 = FOG REDUCING VISIBILITY
HIGHEST:   107 ON 21    GRTST 24HR  0.14 ON 26-26      TO 1/4 MILE OR LESS
LOWEST:     44 ON 25                               3 = THUNDER
                        SNOW, ICE PELLETS, HAIL    4 = ICE PELLETS
                        TOTAL MONTH:   0.0 INCH    5 = HAIL
                        GRTST 24HR     0.0         6 = FREEZING RAIN OR DRIZZLE
                        GRTST DEPTH:   0           7 = DUSTSTORM OR SANDSTORM:
                                                       VSBY 1/2 MILE OR LESS
                                                   8 = SMOKE OR HAZE
[NO. OF DAYS WITH]      [WEATHER - DAYS WITH]      9 = BLOWING SNOW
                                                   X = TORNADO
MAX 32 OR BELOW:   0    0.01 INCH OR MORE:   3
MAX 90 OR ABOVE:  11    0.10 INCH OR MORE:   1
MIN 32 OR BELOW:   0    0.50 INCH OR MORE:   0
MIN  0 OR BELOW:   0    1.00 INCH OR MORE:   0

[HDD (BASE 65) ]
TOTAL THIS MO.     7    CLEAR  (SCALE 0-3)  18
DPTR FM NORMAL   -44    PTCLDY (SCALE 4-7)   8
TOTAL FM JUL 1  5672    CLOUDY (SCALE 8-10)  0
DPTR FM NORMAL -1014

[CDD (BASE 65) ]
TOTAL THIS MO.   185
DPTR FM NORMAL    77    [PRESSURE DATA]
TOTAL FM JAN 1   202    HIGHEST SLP M ON M
DPTR FM NORMAL    66    LOWEST  SLP 29.38 ON 11

[REMARKS]
