000
CXUS52 KILM 281000
CF6LBT
PRELIMINARY LOCAL CLIMATOLOGICAL DATA (WS FORM: F-6)

                                          STATION:   LUMBERTON NORTH CAROLINA
                                          MONTH:     AUGUST
                                          YEAR:      2016
                                          LATITUDE:   34 35 N
                                          LONGITUDE:  79  4 W

  TEMPERATURE IN F:       :PCPN:    SNOW:  WIND      :SUNSHINE: SKY     :PK WND
================================================================================
1   2   3   4   5  6A  6B    7    8   9   10  11  12  13   14  15   16   17  18
                                     12Z  AVG MX 2MIN
DY MAX MIN AVG DEP HDD CDD  WTR  SNW DPTH SPD SPD DIR MIN PSBL S-S WX    SPD DR
================================================================================

 1  93  75  84   3   0  19 0.53    M    M  5.5 25 210   M    M   4 13     31 210
 2  88  73  81   0   0  16 1.42    M    M  5.2 23  50   M    M   5 13     30  50
 3  89  73  81   1   0  16 0.08    M    M  5.2 20  60   M    M   5 13     24  60
 4  89  73  81   1   0  16 0.10    M    M  6.2 18 110   M    M   8 1      24 120
 5  87  74  81   1   0  16 0.26    M    M  2.9 14 270   M    M   3 13     18 280
 6  92  76  84   4   0  19 0.05    M    M  5.2 14  30   M    M   2 13     19  20
 7  92  77  85   5   0  20    T    M    M  5.6 17 350   M    M   4 3      21 350
 8  91  74  83   3   0  18 0.07    M    M  4.4 15 200   M    M   2 138    22 190
 9  92  75  84   4   0  19    T    M    M  5.0 16 160   M    M   2 1      23 170
10  92  74  83   3   0  18    T    M    M  4.5 17 100   M    M   2        22 100
11  93  73  83   3   0  18 0.00    M    M  3.5 14 130   M    M   M        16 130
12  93  75  84   4   0  19 0.00    M    M  3.4 13 140   M    M   3 1      15 140
13  94  75  85   5   0  20 0.00    M    M  6.2 13 200   M    M   1        17 210
14  94  75  85   6   0  20 0.00    M    M  5.0 14 220   M    M   1        21 240
15  96  73  85   6   0  20 0.00    M    M  3.7 10 160   M    M   0        16 150
16  95  72  84   5   0  19 0.00    M    M  3.2 13 150   M    M   1 12     17 170
17  96  74  85   6   0  20 0.00    M    M  4.8 13 200   M    M   1        15 190
18  90  73  82   3   0  17 0.48    M    M  6.9 18 310   M    M   3 13     24 300
19  91  72  82   3   0  17 0.23    M    M  4.3 13 240   M    M   3 13     19 250
20  92  74  83   4   0  18 0.01    M    M  2.8 10 340   M    M   3 13     13 340
21  95  73  84   6   0  19 0.00    M    M  7.8 18 240   M    M   1        25 230
22  91  68  80   2   0  15 0.00    M    M  4.6 14  20   M    M   4        17  30
23  90  66  78   0   0  13 0.00    M    M  3.2 12 140   M    M   4        14 110
24  89  65  77  -1   0  12 0.00    M    M  3.5 12  50   M    M   2        15  50
25  91  61  76  -2   0  11 0.00    M    M  2.6  8 160   M    M   1 1      12 110
26  96  69  83   5   0  18 0.00    M    M  2.9 12 150   M    M   0        17 110
27  95  69  82   4   0  17 0.03    M    M  3.7 14  30   M    M   3 13     18  30
================================================================================
SM 2486 1951         0 470  3.26    M    121.8          M       68
================================================================================
AV 92.1 72.3                               4.5 FASTST   M    M   3    MAX(MPH)
                                 MISC ---->  # 25 210               # 31  210
================================================================================
NOTES:
# LAST OF SEVERAL OCCURRENCES

COLUMN 17 PEAK WIND IN M.P.H.

PRELIMINARY LOCAL CLIMATOLOGICAL DATA (WS FORM: F-6) , PAGE 2

                                          STATION:  LUMBERTON NORTH CAROLINA
                                          MONTH:    AUGUST
                                          YEAR:     2016
                                          LATITUDE:   34 35 N
                                          LONGITUDE:  79  4 W

[TEMPERATURE DATA]      [PRECIPITATION DATA]       SYMBOLS USED IN COLUMN 16

AVERAGE MONTHLY: 82.2   TOTAL FOR MONTH:   3.26    1 = FOG OR MIST
DPTR FM NORMAL:   2.9   DPTR FM NORMAL:   -1.62    2 = FOG REDUCING VISIBILITY
HIGHEST:    96 ON 26,17 GRTST 24HR  1.47 ON  2- 3      TO 1/4 MILE OR LESS
LOWEST:     61 ON 25                               3 = THUNDER
                        SNOW, ICE PELLETS, HAIL    4 = ICE PELLETS
                        TOTAL MONTH:    M          5 = HAIL
                        GRTST 24HR    M  ON   M    6 = FREEZING RAIN OR DRIZZLE
                        GRTST DEPTH:  M  ON   M    7 = DUSTSTORM OR SANDSTORM:
                                                       VSBY 1/2 MILE OR LESS
                                                   8 = SMOKE OR HAZE
[NO. OF DAYS WITH]      [WEATHER - DAYS WITH]      9 = BLOWING SNOW
                                                   X = TORNADO
MAX 32 OR BELOW:   0    0.01 INCH OR MORE:  11
MAX 90 OR ABOVE:  22    0.10 INCH OR MORE:   6
MIN 32 OR BELOW:   0    0.50 INCH OR MORE:   2
MIN  0 OR BELOW:   0    1.00 INCH OR MORE:   1

[HDD (BASE 65) ]
TOTAL THIS MO.     0    CLEAR  (SCALE 0-3)  16
DPTR FM NORMAL     0    PTCLDY (SCALE 4-7)  10
TOTAL FM JUL 1     0    CLOUDY (SCALE 8-10)  0
DPTR FM NORMAL     0

[CDD (BASE 65) ]
TOTAL THIS MO.   470
DPTR FM NORMAL    85    [PRESSURE DATA]
TOTAL FM JAN 1  1833    HIGHEST SLP M ON M
DPTR FM NORMAL   310    LOWEST  SLP 29.82 ON 20

[REMARKS]
