000
CXUS52 KMLB 220629
CF6LEE
PRELIMINARY LOCAL CLIMATOLOGICAL DATA (WS FORM: F-6)

                                          STATION:   LEESBURG
                                          MONTH:     SEPTEMBER
                                          YEAR:      2017
                                          LATITUDE:   28 49 N
                                          LONGITUDE:  81 49 W

  TEMPERATURE IN F:       :PCPN:    SNOW:  WIND      :SUNSHINE: SKY     :PK WND
================================================================================
1   2   3   4   5  6A  6B    7    8   9   10  11  12  13   14  15   16   17  18
                                     12Z  AVG MX 2MIN
DY MAX MIN AVG DEP HDD CDD  WTR  SNW DPTH SPD SPD DIR MIN PSBL S-S WX    SPD DR
================================================================================

 1  95  76  86   4   0  21 0.07  0.0    0  5.2 20 290   M    M   2 138    27 290
 2  90  75  83   1   0  18 0.01  0.0    0  3.9 12 310   M    M   4        16 290
 3  89  75  82   0   0  17 0.00  0.0    0  3.5 10 190   M    M   2        15 170
 4  90  76  83   1   0  18 1.11  0.0    0  3.7 21 230   M    M   3 13     29 230
 5  91  76  84   2   0  19 0.00  0.0    0  3.4  9 170   M    M   1 8      12 180
 6  87  74  81  -1   0  16 1.16  0.0    0  2.4 16 240   M    M   3 13     22 260
 7  93  76  85   3   0  20 0.00  0.0    0  6.6 16  60   M    M   2 8      21  60
 8  92  76  84   2   0  19    T  0.0    0 10.2 23  50   M    M   4 13     31  50
 9  87  76  82   0   0  17 0.08  0.0    0 13.1 24  60   M    M   5 1      32  60
10  79  75  77  -5   0  12 6.48  0.0    0 19.3 46  60   M    M   9 1      65  50
11  82  74  78  -4   0  13 1.62  0.0    0 24.4 48 120   M    M   8 1      69 120
12  87  73  80  -2   0  15 0.04  0.0    0  6.9 16 250   M    M   5 1      23 250
13  91  71  81  -1   0  16 0.00  0.0    0  1.5  9 300   M    M   0 1      13 160
14  91  74  83   2   0  18 0.01  0.0    0  3.2 13 190   M    M   2 13     17 180
15  92  77  85   4   0  20 0.00  0.0    0  5.4 14 100   M    M   1        18 100
16  93  76  85   4   0  20 0.00  0.0    0  6.9 16  40   M    M   2        21  50
17  92  74  83   2   0  18 0.00  0.0    0  7.7 15  30   M    M   1        20 210
18  87  74  81   0   0  16 0.02  0.0    0  6.5 14  40   M    M   6 18     17  60
19  94  71  83   2   0  18 0.00  0.0    0  5.4 13  60   M    M   2 1      22 100
20  93  73  83   2   0  18 0.00  0.0    0  4.3 13 100   M    M   0 1      16 110
21  93  73  83   2   0  18 0.00  0.0    0  6.5 15  50   M    M   1 1      23 340
================================================================================
SM 1888 1565         0 367 10.60     0.0 150.0          M       63
================================================================================
AV 89.9 74.5                               7.1 FASTST   M    M   3    MAX(MPH)
                                 MISC ---->  # 48 120               # 69  120
================================================================================
NOTES:
# LAST OF SEVERAL OCCURRENCES

COLUMN 17 PEAK WIND IN M.P.H.

PRELIMINARY LOCAL CLIMATOLOGICAL DATA (WS FORM: F-6) , PAGE 2

                                          STATION:  LEESBURG
                                          MONTH:    SEPTEMBER
                                          YEAR:     2017
                                          LATITUDE:   28 49 N
                                          LONGITUDE:  81 49 W

[TEMPERATURE DATA]      [PRECIPITATION DATA]       SYMBOLS USED IN COLUMN 16

AVERAGE MONTHLY: 82.2   TOTAL FOR MONTH:  10.60    1 = FOG OR MIST
DPTR FM NORMAL:   0.6   DPTR FM NORMAL:    5.87    2 = FOG REDUCING VISIBILITY
HIGHEST:    95 ON  1    GRTST 24HR  6.48 ON 10-10      TO 1/4 MILE OR LESS
LOWEST:     71 ON 19,13                            3 = THUNDER
                        SNOW, ICE PELLETS, HAIL    4 = ICE PELLETS
                        TOTAL MONTH:   0.0 INCH    5 = HAIL
                        GRTST 24HR     0.0         6 = FREEZING RAIN OR DRIZZLE
                        GRTST DEPTH:   0           7 = DUSTSTORM OR SANDSTORM:
                                                       VSBY 1/2 MILE OR LESS
                                                   8 = SMOKE OR HAZE
[NO. OF DAYS WITH]      [WEATHER - DAYS WITH]      9 = BLOWING SNOW
                                                   X = TORNADO
MAX 32 OR BELOW:   0    0.01 INCH OR MORE:  10
MAX 90 OR ABOVE:  14    0.10 INCH OR MORE:   4
MIN 32 OR BELOW:   0    0.50 INCH OR MORE:   4
MIN  0 OR BELOW:   0    1.00 INCH OR MORE:   4

[HDD (BASE 65) ]
TOTAL THIS MO.     0    CLEAR  (SCALE 0-3)  14
DPTR FM NORMAL     0    PTCLDY (SCALE 4-7)   6
TOTAL FM JUL 1     0    CLOUDY (SCALE 8-10)  1
DPTR FM NORMAL     0

[CDD (BASE 65) ]
TOTAL THIS MO.   367
DPTR FM NORMAL    19    [PRESSURE DATA]
TOTAL FM JAN 1  3185    HIGHEST SLP M ON M
DPTR FM NORMAL   477    LOWEST  SLP 29.08 ON 11

[REMARKS]
