000
CXUS52 KMLB 210629
CF6LEE
PRELIMINARY LOCAL CLIMATOLOGICAL DATA (WS FORM: F-6)

                                          STATION:   LEESBURG
                                          MONTH:     FEBRUARY
                                          YEAR:      2017
                                          LATITUDE:   28 49 N
                                          LONGITUDE:  81 49 W

  TEMPERATURE IN F:       :PCPN:    SNOW:  WIND      :SUNSHINE: SKY     :PK WND
================================================================================
1   2   3   4   5  6A  6B    7    8   9   10  11  12  13   14  15   16   17  18
                                     12Z  AVG MX 2MIN
DY MAX MIN AVG DEP HDD CDD  WTR  SNW DPTH SPD SPD DIR MIN PSBL S-S WX    SPD DR
================================================================================

 1  74  47  61   1   4   0 0.00  0.0    0  2.6 10 120   M    M   1 12     14 190
 2  78  49  64   4   1   0 0.00  0.0    0  1.6  8 140   M    M   1 1      15 150
 3  79  52  66   6   0   1 0.00  0.0    0  3.6 10 280   M    M   1 12     15 280
 4  72  54  63   3   2   0 0.00  0.0    0  9.2 16  30   M    M   5 12     27  30
 5  73  52  63   3   2   0 0.00  0.0    0  4.7 10 360   M    M   5 18     13  10
 6  79  50  65   4   0   0 0.00  0.0    0  3.3  9 110   M    M   3 12     14 150
 7  84  58  71  10   0   6 0.18  0.0    0  5.8 24 320   M    M   3 13     35 320
 8  83  60  72  11   0   7 0.34  0.0    0  8.8 18 230   M    M   5 13     27 240
 9  82  57  70   9   0   5 0.00  0.0    0 11.1 20 280   M    M   4        27 290
10  72  44  58  -3   7   0 0.00  0.0    0  7.6 17  10   M    M   0        22  20
11  80  50  65   4   0   0 0.00  0.0    0  4.0 10 300   M    M   0 1      13 290
12  80  53  67   5   0   2 0.00  0.0    0  4.5 13 280   M    M   1 12     19 290
13  78  59  69   7   0   4 0.00  0.0    0  6.6 16  60   M    M   5        20  60
14  81  55  68   6   0   3 0.00  0.0    0  4.2 10 290   M    M   4 1      17 290
15  80  63  72  10   0   7    T  0.0    0 13.2 26 250   M    M   7 13     42 250
16  70  52  61  -1   4   0    T  0.0    0  8.1 17 350   M    M   2        22 330
17  75  43  59  -3   6   0 0.00  0.0    0  3.6  8 100   M    M   0        11 140
18  77  50  64   2   1   0 0.08  0.0    0  5.1 16 180   M    M   4        22 170
19  81  61  71   9   0   6 0.05  0.0    0  3.7 12 340   M    M   3 12     16 330
20  83  56  70   7   0   5 0.00  0.0    0  2.9 12  90   M    M   3 12     15 100
================================================================================
SM 1561 1065        27  46  0.65     0.0 114.2          M       57
================================================================================
AV 78.1 53.3                               5.7 FASTST   M    M   3    MAX(MPH)
                                 MISC ---->  # 26 250               # 42  250
================================================================================
NOTES:
# LAST OF SEVERAL OCCURRENCES

COLUMN 17 PEAK WIND IN M.P.H.

PRELIMINARY LOCAL CLIMATOLOGICAL DATA (WS FORM: F-6) , PAGE 2

                                          STATION:  LEESBURG
                                          MONTH:    FEBRUARY
                                          YEAR:     2017
                                          LATITUDE:   28 49 N
                                          LONGITUDE:  81 49 W

[TEMPERATURE DATA]      [PRECIPITATION DATA]       SYMBOLS USED IN COLUMN 16

AVERAGE MONTHLY: 65.7   TOTAL FOR MONTH:   0.65    1 = FOG OR MIST
DPTR FM NORMAL:   4.4   DPTR FM NORMAL:   -1.16    2 = FOG REDUCING VISIBILITY
HIGHEST:    84 ON  7    GRTST 24HR  0.52 ON  7- 8      TO 1/4 MILE OR LESS
LOWEST:     43 ON 17                               3 = THUNDER
                        SNOW, ICE PELLETS, HAIL    4 = ICE PELLETS
                        TOTAL MONTH:   0.0 INCH    5 = HAIL
                        GRTST 24HR     0.0         6 = FREEZING RAIN OR DRIZZLE
                        GRTST DEPTH:   0           7 = DUSTSTORM OR SANDSTORM:
                                                       VSBY 1/2 MILE OR LESS
                                                   8 = SMOKE OR HAZE
[NO. OF DAYS WITH]      [WEATHER - DAYS WITH]      9 = BLOWING SNOW
                                                   X = TORNADO
MAX 32 OR BELOW:   0    0.01 INCH OR MORE:   4
MAX 90 OR ABOVE:   0    0.10 INCH OR MORE:   2
MIN 32 OR BELOW:   0    0.50 INCH OR MORE:   0
MIN  0 OR BELOW:   0    1.00 INCH OR MORE:   0

[HDD (BASE 65) ]
TOTAL THIS MO.    27    CLEAR  (SCALE 0-3)  12
DPTR FM NORMAL   -78    PTCLDY (SCALE 4-7)   8
TOTAL FM JUL 1   219    CLOUDY (SCALE 8-10)  0
DPTR FM NORMAL  -360

[CDD (BASE 65) ]
TOTAL THIS MO.    46
DPTR FM NORMAL    14    [PRESSURE DATA]
TOTAL FM JAN 1   139    HIGHEST SLP M ON M
DPTR FM NORMAL    79    LOWEST  SLP 29.67 ON 15

[REMARKS]
