000
CXUS54 KSHV 221300
CF6LFK
PRELIMINARY LOCAL CLIMATOLOGICAL DATA (WS FORM: F-6)

                                          STATION:   LUFKIN
                                          MONTH:     MAY
                                          YEAR:      2017
                                          LATITUDE:   31 14 N
                                          LONGITUDE:  94 45 W

  TEMPERATURE IN F:       :PCPN:    SNOW:  WIND      :SUNSHINE: SKY     :PK WND
================================================================================
1   2   3   4   5  6A  6B    7    8   9   10  11  12  13   14  15   16   17  18
                                     12Z  AVG MX 2MIN
DY MAX MIN AVG DEP HDD CDD  WTR  SNW DPTH SPD SPD DIR MIN PSBL S-S WX    SPD DR
================================================================================

 1  83  45  64  -6   1   0 0.00  0.0    0  5.8 15 170   M    M   0        20 180
 2  87  54  71   0   0   6 0.00  0.0    0  6.6 17 160   M    M   0        21 140
 3  82  57  70  -1   0   5 0.79  0.0    0  7.5 28  10   M    M   7 13     36 330
 4  71  52  62  -9   3   0 0.00  0.0    0  8.7 20 300   M    M   1        30 280
 5  76  49  63  -9   2   0 0.00  0.0    0  5.5 17 300   M    M   0        25 310
 6  81  48  65  -7   0   0 0.00  0.0    0  2.4 12 300   M    M   0        14 280
 7  83  52  68  -4   0   3 0.00  0.0    0  3.6 12 140   M    M   1        15 150
 8  82  55  69  -3   0   4 0.00  0.0    0  5.6 15 140   M    M   1 1      25 150
 9  83  59  71  -2   0   6    T  0.0    0  7.2 15 160   M    M   2        20 190
10  85  63  74   1   0   9 0.00  0.0    0  8.0 17 150   M    M   3 1      21 150
11  81  66  74   1   0   9    T  0.0    0  6.7 18 160   M    M   6 13     25 150
12  78  62  70  -3   0   5 0.41  0.0    0  7.2 17 290   M    M   3 13     26 290
13  83  59  71  -3   0   6 0.00  0.0    0  4.6 12 350   M    M   3 1      17 350
14  85  57  71  -3   0   6 0.00  0.0    0  3.4 10 120   M    M   1        14 160
15  86  59  73  -1   0   8 0.00  0.0    0  5.4 14 140   M    M   0 1      20 140
16  86  62  74   0   0   9 0.00  0.0    0 10.9 21 140   M    M   2 1      27 160
17  86  67  77   2   0  12 0.02  0.0    0  9.5 21 160   M    M   8 1      29 180
18  89  70  80   5   0  15 0.00  0.0    0 10.4 23 140   M    M   6        31 130
19  91  71  81   6   0  16 0.00  0.0    0 12.8 22 150   M    M   4        32 160
20  86  67  77   2   0  12 1.11  0.0    0  4.4 29 200   M    M   4 13     39 190
21  77  66  72  -4   0   7 0.03  0.0    0  6.4 18  10   M    M   6 3      25 360
================================================================================
SM 1741 1240         6 138  2.36     0.0 142.6          M       58
================================================================================
AV 82.9 59.1                               6.8 FASTST   M    M   3    MAX(MPH)
                                 MISC ---->  # 29 200               # 39  190
================================================================================
NOTES:
# LAST OF SEVERAL OCCURRENCES

COLUMN 17 PEAK WIND IN M.P.H.

PRELIMINARY LOCAL CLIMATOLOGICAL DATA (WS FORM: F-6) , PAGE 2

                                          STATION:  LUFKIN
                                          MONTH:    MAY
                                          YEAR:     2017
                                          LATITUDE:   31 14 N
                                          LONGITUDE:  94 45 W

[TEMPERATURE DATA]      [PRECIPITATION DATA]       SYMBOLS USED IN COLUMN 16

AVERAGE MONTHLY: 71.0   TOTAL FOR MONTH:   2.36    1 = FOG OR MIST
DPTR FM NORMAL:  -2.1   DPTR FM NORMAL:   -0.67    2 = FOG REDUCING VISIBILITY
HIGHEST:    91 ON 19    GRTST 24HR  1.11 ON 20-20      TO 1/4 MILE OR LESS
LOWEST:     45 ON  1                               3 = THUNDER
                        SNOW, ICE PELLETS, HAIL    4 = ICE PELLETS
                        TOTAL MONTH:   0.0 INCH    5 = HAIL
                        GRTST 24HR     0.0         6 = FREEZING RAIN OR DRIZZLE
                        GRTST DEPTH:   0           7 = DUSTSTORM OR SANDSTORM:
                                                       VSBY 1/2 MILE OR LESS
                                                   8 = SMOKE OR HAZE
[NO. OF DAYS WITH]      [WEATHER - DAYS WITH]      9 = BLOWING SNOW
                                                   X = TORNADO
MAX 32 OR BELOW:   0    0.01 INCH OR MORE:   5
MAX 90 OR ABOVE:   1    0.10 INCH OR MORE:   3
MIN 32 OR BELOW:   0    0.50 INCH OR MORE:   2
MIN  0 OR BELOW:   0    1.00 INCH OR MORE:   1

[HDD (BASE 65) ]
TOTAL THIS MO.     6    CLEAR  (SCALE 0-3)  12
DPTR FM NORMAL     5    PTCLDY (SCALE 4-7)   9
TOTAL FM JUL 1  1145    CLOUDY (SCALE 8-10)  0
DPTR FM NORMAL  -769

[CDD (BASE 65) ]
TOTAL THIS MO.   138
DPTR FM NORMAL   -36    [PRESSURE DATA]
TOTAL FM JAN 1   438    HIGHEST SLP M ON M
DPTR FM NORMAL    88    LOWEST  SLP 29.61 ON  3

[REMARKS]
