000
CXUS54 KFWD 160730
CF6LHB
PRELIMINARY LOCAL CLIMATOLOGICAL DATA (WS FORM: F-6)

                                          STATION:   HEARNE
                                          MONTH:     DECEMBER
                                          YEAR:      2017
                                          LATITUDE:   30 52 N
                                          LONGITUDE:  96 36 W

  TEMPERATURE IN F:       :PCPN:    SNOW:  WIND      :SUNSHINE: SKY     :PK WND
================================================================================
1   2   3   4   5  6A  6B    7    8   9   10  11  12  13   14  15   16   17  18
                                     12Z  AVG MX 2MIN
DY MAX MIN AVG DEP HDD CDD  WTR  SNW DPTH SPD SPD DIR MIN PSBL S-S WX    SPD DR
================================================================================

 1  73  41  57   M   8   0 0.00  0.0    0  0.8  5 190   M    M   1         M  M
 2  76  46  61   M   4   0 0.00  0.0    0  2.5  8 150   M    M   0 1       M  M
 3  75  52  64   M   1   0 0.00  0.0    0  3.9  9 130   M    M   7 1       M  M
 4  82  65  74   M   0   9 0.00  0.0    0  9.2 16 180   M    M   7        23 180
 5  68  43  56   M   9   0 0.17  0.0    0 10.9 20 350   M    M  10        25 350
 6  43  39  41   M  24   0 0.52  0.0    0  5.8 13 360   M    M  10        18 360
 7  47  34  41   M  24   0 0.00  0.0    0  5.7 17 350   M    M  10        28 350
 8  47  29  38   M  27   0 0.00  0.0    0  4.7 12 300   M    M   1        17 300
 9  63  26  45   M  20   0 0.00  0.0    0  4.0 18 330   M    M   0        18 320
10  66  28  47   M  18   0 0.00  0.0    0  1.6  8 250   M    M   0         M  M
11  70  31  51   M  14   0 0.00  0.0    0  0.7  4 220   M    M   0         M  M
12  59  31  45   M  20   0 0.00  0.0    0  6.4 18 330   M    M   0        23 340
13  61  28  45   M  20   0 0.00  0.0    0  4.3 13 170   M    M   0        16 170
14  63  42  53   M  12   0 0.00  0.0    0  5.2 13 360   M    M   0        20 360
15  58  34  46   M  19   0 0.00  0.0    0  4.2 12 350   M    M   0        17 350
================================================================================
SM  951  569       220   9  0.69     0.0  69.9          M       46
================================================================================
AV 63.4 37.9                               4.7 FASTST   M    M   3    MAX(MPH)
                                 MISC ---->    20   M                 28    M
================================================================================
NOTES:
# LAST OF SEVERAL OCCURRENCES

COLUMN 17 PEAK WIND IN M.P.H.

PRELIMINARY LOCAL CLIMATOLOGICAL DATA (WS FORM: F-6) , PAGE 2

                                          STATION:  HEARNE
                                          MONTH:    DECEMBER
                                          YEAR:     2017
                                          LATITUDE:   30 52 N
                                          LONGITUDE:  96 36 W

[TEMPERATURE DATA]      [PRECIPITATION DATA]       SYMBOLS USED IN COLUMN 16

AVERAGE MONTHLY: 50.7   TOTAL FOR MONTH:   0.69    1 = FOG OR MIST
DPTR FM NORMAL:     M   DPTR FM NORMAL:       M    2 = FOG REDUCING VISIBILITY
HIGHEST:    82 ON  4    GRTST 24HR  0.52 ON  6- 6      TO 1/4 MILE OR LESS
LOWEST:     26 ON  9                               3 = THUNDER
                        SNOW, ICE PELLETS, HAIL    4 = ICE PELLETS
                        TOTAL MONTH:   0.0 INCH    5 = HAIL
                        GRTST 24HR     0.0         6 = FREEZING RAIN OR DRIZZLE
                        GRTST DEPTH:   0           7 = DUSTSTORM OR SANDSTORM:
                                                       VSBY 1/2 MILE OR LESS
                                                   8 = SMOKE OR HAZE
[NO. OF DAYS WITH]      [WEATHER - DAYS WITH]      9 = BLOWING SNOW
                                                   X = TORNADO
MAX 32 OR BELOW:   0    0.01 INCH OR MORE:   2
MAX 90 OR ABOVE:   0    0.10 INCH OR MORE:   2
MIN 32 OR BELOW:   6    0.50 INCH OR MORE:   1
MIN  0 OR BELOW:   0    1.00 INCH OR MORE:   0

[HDD (BASE 65) ]
TOTAL THIS MO.   220    CLEAR  (SCALE 0-3)  10
DPTR FM NORMAL     M    PTCLDY (SCALE 4-7)   2
TOTAL FM JUL 1   461    CLOUDY (SCALE 8-10)  3
DPTR FM NORMAL     M

[CDD (BASE 65) ]
TOTAL THIS MO.     9
DPTR FM NORMAL     M    [PRESSURE DATA]
TOTAL FM JAN 1  2896    HIGHEST SLP M ON M
DPTR FM NORMAL     M    LOWEST  SLP M ON M

[REMARKS]
