000
CXUS54 KFWD 280730
CF6LHB
PRELIMINARY LOCAL CLIMATOLOGICAL DATA (WS FORM: F-6)

                                          STATION:   HEARNE
                                          MONTH:     MAY
                                          YEAR:      2016
                                          LATITUDE:   30 52 N
                                          LONGITUDE:  96 36 W

  TEMPERATURE IN F:       :PCPN:    SNOW:  WIND      :SUNSHINE: SKY     :PK WND
================================================================================
1   2   3   4   5  6A  6B    7    8   9   10  11  12  13   14  15   16   17  18
                                     12Z  AVG MX 2MIN
DY MAX MIN AVG DEP HDD CDD  WTR  SNW DPTH SPD SPD DIR MIN PSBL S-S WX    SPD DR
================================================================================

 1  79  64  72   M   0   7 0.05  0.0    0  6.5 14 360   M    M   5 3      22 360
 2  67  56  62   M   3   0 0.01  0.0    0  9.3 16 320   M    M   9 8      22 320
 3  74  48  61   M   4   0 0.00  0.0    0  5.1 15 350   M    M   1        23 360
 4  83  49  66   M   0   1 0.00  0.0    0  2.7 14 310   M    M   0         M  M
 5  83  54  69   M   0   4 0.00  0.0    0  1.9  9 360   M    M   0         M  M
 6  83  50  67   M   0   2 0.00  0.0    0  0.6  6 140   M    M   0         M  M
 7  84  55  70   M   0   5 0.00  0.0    0  7.6 17 150   M    M   0        23 150
 8  75  64  70   M   0   5 0.01  0.0    0  9.9 18 130   M    M   2        28 130
 9  86  63  75   M   0  10 0.00  0.0    0  9.5 18 170   M    M   3        25 180
10  90  67  79   M   0  14 0.00  0.0    0  9.6 16 270   M    M   8 1      22 160
11  87  64  76   M   0  11 0.13  0.0    0  7.5 15 160   M    M   3 8      20 300
12  85  68  77   M   0  12 0.00  0.0    0  0.8  8 320   M    M   4 1       M  M
13  87  67  77   M   0  12 0.00  0.0    0  1.9  9  70   M    M   3         M  M
14  82  63  73   M   0   8 0.13  0.0    0  1.5  8  20   M    M   3 13      M  M
15  75  59  67   M   0   2 0.01  0.0    0  1.6  8 130   M    M   7         M  M
16  77  66  72   M   0   7 0.07  0.0    0  2.6  9 100   M    M   8         M  M
17  83  64  74   M   0   9 0.00  0.0    0  3.5 14 350   M    M   6 138    24 350
18  73  62  68   M   0   3 0.01  0.0    0  6.0 14 360   M    M   9        18 340
19  70  60  65   M   0   0 1.99  0.0    0  4.8 10 360   M    M   9 13     18 100
20  81  60  71   M   0   6 0.00  0.0    0  1.9  9 290   M    M   5         M  M
21  83  63  73   M   0   8 0.01  0.0    0  1.5  6  70   M    M   4 3       M  M
22  87  68  78   M   0  13 0.00  0.0    0  3.9 10  90   M    M   6 1      16  90
23  83  70  77   M   0  12 0.00  0.0    0  5.4  9 150   M    M   7         M  M
24  88  72  80   M   0  15 0.00  0.0    0  7.0 14 150   M    M   8        21 130
25  87  76  82   M   0  17 0.00  0.0    0  8.9 17 150   M    M   6        22 150
26  79  68  74   M   0   9 2.92  0.0    0  7.6 17  40   M    M   8 3      21  40
27  73  64  69   M   0   4 0.87  0.0    0  7.0 20 150   M    M   9 13     31 150
================================================================================
SM 2184 1684         7 196  6.21     0.0 136.1          M      133
================================================================================
AV 80.9 62.4                               5.0 FASTST   M    M   5    MAX(MPH)
                                 MISC ---->    20   M                 31    M
================================================================================
NOTES:
# LAST OF SEVERAL OCCURRENCES

COLUMN 17 PEAK WIND IN M.P.H.

PRELIMINARY LOCAL CLIMATOLOGICAL DATA (WS FORM: F-6) , PAGE 2

                                          STATION:  HEARNE
                                          MONTH:    MAY
                                          YEAR:     2016
                                          LATITUDE:   30 52 N
                                          LONGITUDE:  96 36 W

[TEMPERATURE DATA]      [PRECIPITATION DATA]       SYMBOLS USED IN COLUMN 16

AVERAGE MONTHLY: 71.6   TOTAL FOR MONTH:   6.21    1 = FOG OR MIST
DPTR FM NORMAL:     M   DPTR FM NORMAL:       M    2 = FOG REDUCING VISIBILITY
HIGHEST:    90 ON 10    GRTST 24HR  2.92 ON 26-26      TO 1/4 MILE OR LESS
LOWEST:     48 ON  3                               3 = THUNDER
                        SNOW, ICE PELLETS, HAIL    4 = ICE PELLETS
                        TOTAL MONTH:   0.0 INCH    5 = HAIL
                        GRTST 24HR     0.0         6 = FREEZING RAIN OR DRIZZLE
                        GRTST DEPTH:   0           7 = DUSTSTORM OR SANDSTORM:
                                                       VSBY 1/2 MILE OR LESS
                                                   8 = SMOKE OR HAZE
[NO. OF DAYS WITH]      [WEATHER - DAYS WITH]      9 = BLOWING SNOW
                                                   X = TORNADO
MAX 32 OR BELOW:   0    0.01 INCH OR MORE:  12
MAX 90 OR ABOVE:   1    0.10 INCH OR MORE:   5
MIN 32 OR BELOW:   0    0.50 INCH OR MORE:   3
MIN  0 OR BELOW:   0    1.00 INCH OR MORE:   2

[HDD (BASE 65) ]
TOTAL THIS MO.     7    CLEAR  (SCALE 0-3)   9
DPTR FM NORMAL     M    PTCLDY (SCALE 4-7)  13
TOTAL FM JUL 1  1475    CLOUDY (SCALE 8-10)  5
DPTR FM NORMAL     M

[CDD (BASE 65) ]
TOTAL THIS MO.   196
DPTR FM NORMAL     M    [PRESSURE DATA]
TOTAL FM JAN 1   391    HIGHEST SLP M ON M
DPTR FM NORMAL     M    LOWEST  SLP M ON M

[REMARKS]
