000
CXUS55 KBOU 042106
CF6LIC

PRELIMINARY LOCAL CLIMATOLOGICAL DATA (WS FORM: F-6)

                                          STATION:   LIMON CO
                                          MONTH:     JULY
                                          YEAR:      2015
                                          LATITUDE:   39 10 N
                                          LONGITUDE: 103 42 W

  TEMPERATURE IN F:       :PCPN:    SNOW:  WIND      :SUNSHINE: SKY     :PK WND
================================================================================
1   2   3   4   5  6A  6B    7    8   9   10  11  12  13   14  15   16   17  18
                                     12Z  AVG MX 2MIN
DY MAX MIN AVG DEP HDD CDD  WTR  SNW DPTH SPD SPD DIR MIN PSBL S-S WX    SPD DR
================================================================================

 1  87  59  73   M   0   8 0.14    M    M  6.7 23 360   M    M   2 13     29  10
 2  81  55  68   M   0   3    T    M    M  6.9 33  40   M    M   2 3      44  40
 3  81  53  67   M   0   2 0.00    M    M  6.6 21 140   M    M   1        26 140
 4  88  52  70   M   0   5 0.00    M    M  7.7 21 270   M    M   1 12     27 260
 5  90  52  71   M   0   6 0.03    M    M  9.3 36 310   M    M   1 1      45 310
 6  66  57  62   M   3   0    T    M    M 12.6 21  10   M    M  10 18     25  20
 7  70  49  60   M   5   0 0.00    M    M 10.2 21 160   M    M   7 18     29 150
 8  71  51  61   M   4   0 0.14    M    M  8.9 18 300   M    M   8 18     23 300
 9  75  55  65   M   0   0 0.41    M    M  6.5 21 230   M    M   5 138    31 240
10  82  53  68   M   0   3 0.11    M    M  4.6 17 110   M    M   0 13     24 120
11  86  53  70   M   0   5 0.00    M    M  5.3 17 310   M    M   0        21 320
12  89  55  72   M   0   7 0.00    M    M  5.4 16 280   M    M   0        22 200
13  89  59  74   M   0   9    T    M    M  9.5 21 340   M    M   1        29 340
14  87  58  73   M   0   8 0.04    M    M  6.3 23 250   M    M   4 13     34 260
15  84  52  68   M   0   3 0.00    M    M  6.0 22 290   M    M   2 3      30 290
16  88  50  69   M   0   4 0.06    M    M  5.7 25 300   M    M   0 3      30 300
17  91  51  71   M   0   6 0.00    M    M  5.4 25 310   M    M   0        33 290
18  88  53  71   M   0   6 0.06    M    M  8.1 28 310   M    M   0 13     35 310
19  86  55  71   M   0   6 0.47    M    M  5.8 24 280   M    M   4 13     28 280
20  84  54  69   M   0   4 0.00    M    M  4.9 14 110   M    M   5        17  70
21  78  54  66   M   0   1 0.46    M    M 12.3 29 140   M    M   7 13     38 140
22  84  50  67   M   0   2 0.03    M    M  4.4 16 150   M    M   1 3      22 150
23  91  58  75   M   0  10 0.00    M    M  3.7 14 300   M    M   2 1      18 290
24  89  54  72   M   0   7 0.00    M    M  9.1 22 320   M    M   1 8      27 320
25  90  55  73   M   0   8 0.00    M    M  6.0 17  10   M    M   1        23  10
26  91  58  75   M   0  10 0.30    M    M  7.8 38 280   M    M   3 123    52 270
27  91  60  76   M   0  11    T    M    M  9.5 22 230   M    M   1        31 230
28  81  55  68   M   0   3 0.00    M    M 12.7 26  20   M    M   0        33  30
29  79  56  68   M   0   3    T    M    M  9.8 25 140   M    M   2 3      31 150
30  87  55  71   M   0   6    T    M    M  9.1 26 180   M    M   4 12     31 180
31  85  50  68   M   0   3 0.00    M    M  6.0 15 140   M    M   0        21 140
================================================================================
SM 2609 1681        12 149  2.25    M    232.8          M       75
================================================================================
AV 84.2 54.2                               7.5 FASTST   M    M   2    MAX(MPH)
                                 MISC ---->  # 38 280               # 52  270
================================================================================
NOTES:
# LAST OF SEVERAL OCCURRENCES

COLUMN 17 PEAK WIND IN M.P.H.

PRELIMINARY LOCAL CLIMATOLOGICAL DATA (WS FORM: F-6) , PAGE 2

                                          STATION:  LIMON CO
                                          MONTH:    JULY
                                          YEAR:     2015
                                          LATITUDE:   39 10 N
                                          LONGITUDE: 103 42 W

[TEMPERATURE DATA]      [PRECIPITATION DATA]       SYMBOLS USED IN COLUMN 16

AVERAGE MONTHLY: 69.2   TOTAL FOR MONTH:   2.25    1 = FOG OR MIST
DPTR FM NORMAL:     M   DPTR FM NORMAL:       M    2 = FOG REDUCING VISIBILITY
HIGHEST:    91 ON 27,26 GRTST 24HR  0.53 ON 18-19      TO 1/4 MILE OR LESS
LOWEST:     49 ON  7                               3 = THUNDER
                        SNOW, ICE PELLETS, HAIL    4 = ICE PELLETS
                        TOTAL MONTH:    M          5 = HAIL
                        GRTST 24HR    M  ON   M    6 = FREEZING RAIN OR DRIZZLE
                        GRTST DEPTH:  M  ON   M    7 = DUSTSTORM OR SANDSTORM:
                                                       VSBY 1/2 MILE OR LESS
                                                   8 = SMOKE OR HAZE
[NO. OF DAYS WITH]      [WEATHER - DAYS WITH]      9 = BLOWING SNOW
                                                   X = TORNADO
MAX 32 OR BELOW:   0    0.01 INCH OR MORE:  12
MAX 90 OR ABOVE:   6    0.10 INCH OR MORE:   7
MIN 32 OR BELOW:   0    0.50 INCH OR MORE:   0
MIN  0 OR BELOW:   0    1.00 INCH OR MORE:   0

[HDD (BASE 65) ]
TOTAL THIS MO.    12    CLEAR  (SCALE 0-3)  22
DPTR FM NORMAL     M    PTCLDY (SCALE 4-7)   8
TOTAL FM JUL 1    12    CLOUDY (SCALE 8-10)  1
DPTR FM NORMAL     M

[CDD (BASE 65) ]
TOTAL THIS MO.   149
DPTR FM NORMAL     M    [PRESSURE DATA]
TOTAL FM JAN 1   209    HIGHEST SLP M ON M
DPTR FM NORMAL     M    LOWEST  SLP 29.60 ON 27

[REMARKS]
#FINAL-07-15#
