000
CXHW51 PHFO 251250
CF6LIH
PRELIMINARY LOCAL CLIMATOLOGICAL DATA (WS FORM: F-6)

                                          STATION:   LIHUE HI
                                          MONTH:     MAY
                                          YEAR:      2015
                                          LATITUDE:   21 58 N
                                          LONGITUDE: 159 21 W

  TEMPERATURE IN F:       :PCPN:    SNOW:  WIND      :SUNSHINE: SKY     :PK WND
================================================================================
1   2   3   4   5  6A  6B    7    8   9   10  11  12  13   14  15   16   17  18
                                     12Z  AVG MX 2MIN
DY MAX MIN AVG DEP HDD CDD  WTR  SNW DPTH SPD SPD DIR MIN PSBL S-S WX    SPD DR
================================================================================

 1  82  73  78   3   0  13 0.00  0.0    0 17.3 25  70   M    M   8        31  70
 2  81  73  77   2   0  12    T  0.0    0 14.0 18  60   M    M   6        23  70
 3  82  73  78   3   0  13 0.00  0.0    0 14.2 20  70   M    M   6        23  70
 4  83  74  79   4   0  14 0.00  0.0    0 13.9 20  70   M    M   6        23  80
 5  83  72  78   3   0  13 0.03  0.0    0 16.4 24  90   M    M   8        29  80
 6  82  72  77   2   0  12 0.01  0.0    0 16.8 24  60   M    M   7        29  70
 7  82  73  78   3   0  13 0.01  0.0    0 15.9 21  50   M    M   6        25  50
 8  81  72  77   2   0  12 0.03  0.0    0 18.3 25  90   M    M   7 1      31  80
 9  83  72  78   3   0  13 0.01  0.0    0 18.9 23  60   M    M   8        30  60
10  83  73  78   3   0  13 0.03  0.0    0 18.2 23  50   M    M   8        29  70
11  82  71  77   2   0  12 0.05  0.0    0 18.8 26  50   M    M   6        33  80
12  82  71  77   2   0  12 0.05  0.0    0 18.9 29  90   M    M   6        35  90
13  82  71  77   1   0  12 0.02  0.0    0 16.3 24  60   M    M   4        28  70
14  83  72  78   2   0  13    T  0.0    0 16.3 26  70   M    M   5        32  70
15  82  73  78   2   0  13    T  0.0    0 12.4 18  60   M    M   3        21  60
16  83  73  78   2   0  13    T  0.0    0 14.4 20  70   M    M   5        24  70
17  84  73  79   3   0  14 0.07  0.0    0 14.8 20  40   M    M   6        23  40
18  83  74  79   3   0  14 0.00  0.0    0 15.2 21  70   M    M   5        25  80
19  83  74  79   3   0  14 0.00  0.0    0 12.7 15  50   M    M   4        20  60
20  84  74  79   3   0  14 0.00  0.0    0 11.3 15  80   M    M   5        18  80
21  81  67  74  -2   0   9    T  0.0    0  6.8 12  10   M    M   6        15 110
22  83  67  75  -1   0  10 0.24  0.0    0  9.0 20  20   M    M   6 18     23  20
23  80  68  74  -2   0   9 0.00  0.0    0 14.7 26  20   M    M   5        31  20
24  78  66  72  -4   0   7 0.03  0.0    0 12.7 22  10   M    M  10        28  10
================================================================================
SM 1972 1721         0 294  0.58     0.0 358.2          M      146
================================================================================
AV 82.2 71.7                              14.9 FASTST   M    M   6    MAX(MPH)
                                 MISC ---->  # 29  90               # 35   90
================================================================================
NOTES:
# LAST OF SEVERAL OCCURRENCES

COLUMN 17 PEAK WIND IN M.P.H.

PRELIMINARY LOCAL CLIMATOLOGICAL DATA (WS FORM: F-6) , PAGE 2

                                          STATION:  LIHUE HI
                                          MONTH:    MAY
                                          YEAR:     2015
                                          LATITUDE:   21 58 N
                                          LONGITUDE: 159 21 W

[TEMPERATURE DATA]      [PRECIPITATION DATA]       SYMBOLS USED IN COLUMN 16

AVERAGE MONTHLY: 76.9   TOTAL FOR MONTH:   0.58    1 = FOG OR MIST
DPTR FM NORMAL:   1.4   DPTR FM NORMAL:   -1.13    2 = FOG REDUCING VISIBILITY
HIGHEST:    84 ON 20,17 GRTST 24HR  0.24 ON 21-22      TO 1/4 MILE OR LESS
LOWEST:     66 ON 24                               3 = THUNDER
                        SNOW, ICE PELLETS, HAIL    4 = ICE PELLETS
                        TOTAL MONTH:   0.0 INCH    5 = HAIL
                        GRTST 24HR     0.0         6 = FREEZING RAIN OR DRIZZLE
                        GRTST DEPTH:   0           7 = DUSTSTORM OR SANDSTORM:
                                                       VSBY 1/2 MILE OR LESS
                                                   8 = SMOKE OR HAZE
[NO. OF DAYS WITH]      [WEATHER - DAYS WITH]      9 = BLOWING SNOW
                                                   X = TORNADO
MAX 32 OR BELOW:   0    0.01 INCH OR MORE:  12
MAX 90 OR ABOVE:   0    0.10 INCH OR MORE:   1
MIN 32 OR BELOW:   0    0.50 INCH OR MORE:   0
MIN  0 OR BELOW:   0    1.00 INCH OR MORE:   0

[HDD (BASE 65) ]
TOTAL THIS MO.     0    CLEAR  (SCALE 0-3)   0
DPTR FM NORMAL     0    PTCLDY (SCALE 4-7)  21
TOTAL FM JUL 1     0    CLOUDY (SCALE 8-10)  3
DPTR FM NORMAL     0

[CDD (BASE 65) ]
TOTAL THIS MO.   294
DPTR FM NORMAL    42    [PRESSURE DATA]
TOTAL FM JAN 1  1355    HIGHEST SLP M ON M
DPTR FM NORMAL   199    LOWEST  SLP 29.95 ON 21

[REMARKS]
