000
CXUS54 KLZK 301330
CF6LIT
PRELIMINARY LOCAL CLIMATOLOGICAL DATA (WS FORM: F-6)

                                          STATION:   Little Rock Adams Field
                                          MONTH:     JUNE
                                          YEAR:      2015
                                          LATITUDE:   34 43 N
                                          LONGITUDE:  92 14 W

  TEMPERATURE IN F:       :PCPN:    SNOW:  WIND      :SUNSHINE: SKY     :PK WND
================================================================================
1   2   3   4   5  6A  6B    7    8   9   10  11  12  13   14  15   16   17  18
                                     12Z  AVG MX 2MIN
DY MAX MIN AVG DEP HDD CDD  WTR  SNW DPTH SPD SPD DIR MIN PSBL S-S WX    SPD DR
================================================================================

 1  77  65  71  -5   0   6 0.00  0.0    0  6.0 13  60   M    M   8        14  50
 2  80  64  72  -4   0   7 0.00  0.0    0  4.9  9  80   M    M   7        12  80
 3  81  65  73  -3   0   8 0.00  0.0    0  4.2 12 100   M    M   8        15 100
 4  87  66  77   0   0  12 0.00  0.0    0  3.8 12 110   M    M   3        14  90
 5  91  67  79   2   0  14 0.00  0.0    0  2.4 10  40   M    M   4        15 160
 6  90  71  81   4   0  16    T  0.0    0  3.1 12  50   M    M   6        14  60
 7  94  71  83   6   0  18 0.00  0.0    0  4.3 12 220   M    M   2 1      16 220
 8  93  75  84   6   0  19 0.00  0.0    0  8.3 18 270   M    M   6 1      22 280
 9  94  72  83   5   0  18 0.00  0.0    0  2.3  9  60   M    M   2        13  50
10  94  70  82   4   0  17 0.00  0.0    0  3.0 10 140   M    M   2        17 180
11  94  72  83   5   0  18 0.00  0.0    0  5.8 16 170   M    M   3        22 170
12  92  75  84   5   0  19 0.00  0.0    0  8.2 16 170   M    M   4        21 170
13  87  74  81   2   0  16 0.20  0.0    0  8.7 21 210   M    M   8 1      25 210
14  91  73  82   3   0  17 0.09  0.0    0  7.8 23 160   M    M   8 13     29 170
15  91  73  82   3   0  17 0.01  0.0    0  5.9 23 190   M    M   7        31 190
16  92  74  83   3   0  18 0.05  0.0    0  4.4 14 180   M    M   7 3      20 180
17  92  73  83   3   0  18 0.36  0.0    0  5.4 25 200   M    M   8 13     32 200
18  84  74  79  -1   0  14 0.56  0.0    0 11.7 23 190   M    M   9 1      31 200
19  90  73  82   2   0  17 0.01  0.0    0 11.2 22 230   M    M   7        30 220
20  93  71  82   2   0  17 0.00  0.0    0  7.5 18 260   M    M   6 1      25 270
21  91  75  83   3   0  18 0.00  0.0    0  6.9 18 220   M    M   8        26 220
22  93  73  83   2   0  18 0.00  0.0    0  8.4 17 210   M    M   4        23 220
23  96  76  86   5   0  21 0.00  0.0    0  7.5 16 240   M    M   1        18 230
24  99  77  88   7   0  23 0.00  0.0    0  4.7 16 170   M    M   1        22 170
25  96  74  85   4   0  20 0.00  0.0    0  6.6 15 200   M    M   2        18 200
26  94  71  83   2   0  18 1.48  0.0    0  7.6 43 310   M    M   5 1238   59 310
27  85  71  78  -3   0  13    T  0.0    0  6.3 16 350   M    M   7        23 340
28  89  68  79  -3   0  14 0.00  0.0    0  4.7 14 210   M    M   3        18 200
29  94  71  83   1   0  18 0.00  0.0    0  8.2 15 250   M    M   5        22 280
================================================================================
SM 2624 2074         0 469  2.76     0.0 179.8          M      151
================================================================================
AV 90.5 71.5                               6.2 FASTST   M    M   5    MAX(MPH)
                                 MISC ---->  # 43 310               # 59  310
================================================================================
NOTES:
# LAST OF SEVERAL OCCURRENCES

COLUMN 17 PEAK WIND IN M.P.H.

PRELIMINARY LOCAL CLIMATOLOGICAL DATA (WS FORM: F-6) , PAGE 2

                                          STATION:  Little Rock Adams Field
                                          MONTH:    JUNE
                                          YEAR:     2015
                                          LATITUDE:   34 43 N
                                          LONGITUDE:  92 14 W

[TEMPERATURE DATA]      [PRECIPITATION DATA]       SYMBOLS USED IN COLUMN 16

AVERAGE MONTHLY: 81.0   TOTAL FOR MONTH:   2.76    1 = FOG OR MIST
DPTR FM NORMAL:   1.9   DPTR FM NORMAL:   -0.78    2 = FOG REDUCING VISIBILITY
HIGHEST:    99 ON 24    GRTST 24HR  1.48 ON 26-26      TO 1/4 MILE OR LESS
LOWEST:     64 ON  2                               3 = THUNDER
                        SNOW, ICE PELLETS, HAIL    4 = ICE PELLETS
                        TOTAL MONTH:   0.0 INCH    5 = HAIL
                        GRTST 24HR     0.0         6 = FREEZING RAIN OR DRIZZLE
                        GRTST DEPTH:   0           7 = DUSTSTORM OR SANDSTORM:
                                                       VSBY 1/2 MILE OR LESS
                                                   8 = SMOKE OR HAZE
[NO. OF DAYS WITH]      [WEATHER - DAYS WITH]      9 = BLOWING SNOW
                                                   X = TORNADO
MAX 32 OR BELOW:   0    0.01 INCH OR MORE:   8
MAX 90 OR ABOVE:  21    0.10 INCH OR MORE:   4
MIN 32 OR BELOW:   0    0.50 INCH OR MORE:   2
MIN  0 OR BELOW:   0    1.00 INCH OR MORE:   1

[HDD (BASE 65) ]
TOTAL THIS MO.     0    CLEAR  (SCALE 0-3)   8
DPTR FM NORMAL     0    PTCLDY (SCALE 4-7)  20
TOTAL FM JUL 1  3129    CLOUDY (SCALE 8-10)  1
DPTR FM NORMAL    77

[CDD (BASE 65) ]
TOTAL THIS MO.   469
DPTR FM NORMAL    61    [PRESSURE DATA]
TOTAL FM JAN 1   799    HIGHEST SLP M ON M
DPTR FM NORMAL   110    LOWEST  SLP 29.79 ON M

[REMARKS]
