000
CXUS56 KMFR 291000
CF6LMT
PRELIMINARY LOCAL CLIMATOLOGICAL DATA (WS FORM: F-6)

                                          STATION:   KLAMATH FALLS OR
                                          MONTH:     DECEMBER
                                          YEAR:      2014
                                          LATITUDE:   42  9 N
                                          LONGITUDE: 121 44 W

  TEMPERATURE IN F:       :PCPN:    SNOW:  WIND      :SUNSHINE: SKY     :PK WND
================================================================================
1   2   3   4   5  6A  6B    7    8   9   10  11  12  13   14  15   16   17  18
                                     12Z  AVG MX 2MIN
DY MAX MIN AVG DEP HDD CDD  WTR  SNW DPTH SPD SPD DIR MIN PSBL S-S WX    SPD DR
================================================================================

 1  48  30  39   8  26   0 0.01    M    M  1.6  7  70   M    M   9 128     8  80
 2  46  31  39   8  26   0 0.09    M    M  5.5 15  70   M    M   7 12     18  80
 3  45  38  42  11  23   0 0.11    M    M 10.4 26 150   M    M   9 1      30 150
 4  53  31  42  12  23   0 0.00    M    M  5.9 15 150   M    M   4 1      20 150
 5  51  32  42  12  23   0 0.23    M    M 12.2 24 150   M    M   6 1      32 150
 6  49  30  40  10  25   0 0.14    M    M  3.0 21 150   M    M   4 1      27 160
 7  52  28  40  10  25   0 0.05    M    M  5.7 17 140   M    M   3 1      23 150
 8  49  40  45  15  20   0 0.03    M    M 11.4 23 150   M    M   5 1      29 150
 9  53  38  46  16  19   0 0.02    M    M  6.5 21 180   M    M   5        27 180
10  52  39  46  16  19   0 0.44    M    M 14.7 37 170   M    M   5 1      47 180
11  46  38  42  12  23   0 0.36    M    M 17.7 38 140   M    M   9 1      49 150
12  44  33  39   9  26   0 0.15    M    M  3.7 14 260   M    M  10 1      16 250
13  41  25  33   4  32   0 0.00    M    M  1.4  8  60   M    M   7 1       9 260
14  38  22  30   1  35   0 0.02    M    M  6.9 18 160   M    M   6 1      24 150
15  38  32  35   6  30   0 0.07    M    M  8.9 18 140   M    M   9 18     22 150
16  44  31  38   9  27   0 0.00    M    M  9.5 20 150   M    M   5        26 150
17  42  32  37   8  28   0 0.09    M    M  6.6 14 160   M    M   8 1      17 160
18  46  33  40  11  25   0 0.03    M    M  8.8 22 180   M    M   7        28 180
19  46  35  41  12  24   0 0.19    M    M  7.3 18 170   M    M   9 1      23 170
20  48  38  43  14  22   0 0.46    M    M  9.2 22 220   M    M  10 1      32 220
21  53  46  50  21  15   0 0.51    M    M 18.6 33 270   M    M   8 18     43 270
22  53  34  44  15  21   0 0.00    M    M 10.8 28 270   M    M   8 12     34 270
23  47  34  41  12  24   0 0.00    M    M  2.9 10  70   M    M   9 12      M  M
24   M   M   M   M   M   M 0.21    M    M 10.5 27 320   M    M   M        38 300
25   M  37   M   M   M   M 0.00    M    M  8.8 17 320   M    M   5        22 320
26   M   M   M   M   M   M 0.00    M    M  2.4  7 290   M    M   2         M  M
27   M   M   M   M   M   M 0.00    M    M  3.4 18 260   M    M   3         M  M
28   M   M   M   M   M   M    T    M    M 10.5 16 270   M    M   6        28 260
================================================================================
SM 1084  807       561   0  3.21    M    224.8          M      178
================================================================================
AV 47.1 33.6                               8.0 FASTST   M    M   7    MAX(MPH)
                                 MISC ---->  # 38 140               # 49  150
================================================================================
NOTES:
# LAST OF SEVERAL OCCURRENCES

COLUMN 17 PEAK WIND IN M.P.H.

PRELIMINARY LOCAL CLIMATOLOGICAL DATA (WS FORM: F-6) , PAGE 2

                                          STATION:  KLAMATH FALLS OR
                                          MONTH:    DECEMBER
                                          YEAR:     2014
                                          LATITUDE:   42  9 N
                                          LONGITUDE: 121 44 W

[TEMPERATURE DATA]      [PRECIPITATION DATA]       SYMBOLS USED IN COLUMN 16

AVERAGE MONTHLY: 40.4   TOTAL FOR MONTH:   3.21    1 = FOG OR MIST
DPTR FM NORMAL:  10.8   DPTR FM NORMAL:    1.88    2 = FOG REDUCING VISIBILITY
HIGHEST:    53 ON 22,21 GRTST 24HR  0.79 ON 10-11      TO 1/4 MILE OR LESS
LOWEST:     22 ON 14                               3 = THUNDER
                        SNOW, ICE PELLETS, HAIL    4 = ICE PELLETS
                        TOTAL MONTH:    M          5 = HAIL
                        GRTST 24HR    M  ON   M    6 = FREEZING RAIN OR DRIZZLE
                        GRTST DEPTH:  M  ON   M    7 = DUSTSTORM OR SANDSTORM:
                                                       VSBY 1/2 MILE OR LESS
                                                   8 = SMOKE OR HAZE
[NO. OF DAYS WITH]      [WEATHER - DAYS WITH]      9 = BLOWING SNOW
                                                   X = TORNADO
MAX 32 OR BELOW:   0    0.01 INCH OR MORE:  19
MAX 90 OR ABOVE:   0    0.10 INCH OR MORE:  10
MIN 32 OR BELOW:  11    0.50 INCH OR MORE:   1
MIN  0 OR BELOW:   0    1.00 INCH OR MORE:   0

[HDD (BASE 65) ]
TOTAL THIS MO.   561    CLEAR  (SCALE 0-3)   2
DPTR FM NORMAL  -433    PTCLDY (SCALE 4-7)  15
TOTAL FM JUL 1  1951    CLOUDY (SCALE 8-10) 10
DPTR FM NORMAL  -845

[CDD (BASE 65) ]
TOTAL THIS MO.     0
DPTR FM NORMAL     0    [PRESSURE DATA]
TOTAL FM JAN 1   327    HIGHEST SLP M ON M
DPTR FM NORMAL   158    LOWEST  SLP  0.00 ON 11

[REMARKS]
