000
CXUS53 KOAX 301700
CF6LNK
PRELIMINARY LOCAL CLIMATOLOGICAL DATA (WS FORM: F-6)

                                          STATION:   LINCOLN, NEBRASKA
                                          MONTH:     SEPTEMBER
                                          YEAR:      2014
                                          LATITUDE:   40 50 N
                                          LONGITUDE:  96 45 W

  TEMPERATURE IN F:       :PCPN:    SNOW:  WIND      :SUNSHINE: SKY     :PK WND
================================================================================
1   2   3   4   5  6A  6B    7    8   9   10  11  12  13   14  15   16   17  18
                                     12Z  AVG MX 2MIN
DY MAX MIN AVG DEP HDD CDD  WTR  SNW DPTH SPD SPD DIR MIN PSBL S-S WX    SPD DR
================================================================================

 1  80  61  71  -1   0   6    T  0.0    0  5.8 16 330   M    M   1        23 340
 2  83  55  69  -3   0   4 0.00  0.0    0  4.1 12 140   M    M   0        14 250
 3  89  65  77   6   0  12 0.00  0.0    0 13.4 30 180   M    M   4        34 170
 4  93  68  81  10   0  16 0.00  0.0    0 13.5 23 230   M    M   2        29 230
 5  69  52  61  -9   4   0    T  0.0    0  9.5 25 360   M    M   6        31  10
 6  75  47  61  -9   4   0 0.00  0.0    0  2.7  8  50   M    M   0        11  40
 7  79  48  64  -6   1   0 0.00  0.0    0  6.9 16 180   M    M   0        22 200
 8  90  58  74   5   0   9 0.00  0.0    0 12.4 24 180   M    M   0        29 180
 9  76  68  72   3   0   7 2.49  0.0    0 10.3 31  60   M    M   3 13     37 360
10  69  53  61  -8   4   0    T  0.0    0 16.4 28 340   M    M   9        35 340
11  56  50  53 -15  12   0 0.10  0.0    0 10.3 18  20   M    M  10 1      22  20
12  56  39  48 -20  17   0 0.67  0.0    0  8.5 18  10   M    M   6 1      22  10
13  63  35  49 -18  16   0 0.00  0.0    0  7.9 22 180   M    M   4        30 180
14  73  45  59  -8   6   0 0.00  0.0    0  8.1 18 360   M    M   5 3      23 360
15  67  43  55 -11  10   0    T  0.0    0 10.4 26 360   M    M   6 3      33  10
16  72  39  56 -10   9   0 0.00  0.0    0  5.4 14 180   M    M   3        17 160
17  80  53  67   1   0   2 0.00  0.0    0  4.3 12 110   M    M   2 18     15 110
18  80  62  71   6   0   6 0.00  0.0    0 11.3 22 160   M    M   4 1      31 170
19  90  63  77  12   0  12 0.00  0.0    0 15.0 25 200   M    M   3        32 210
20  88  62  75  11   0  10 0.09  0.0    0  7.6 20 210   M    M   3 3      26 190
21  75  49  62  -2   3   0 0.00  0.0    0  8.5 23 360   M    M   0        29 360
22  76  42  59  -4   6   0 0.00  0.0    0  5.9 13 160   M    M   1        17 200
23  70  58  64   1   1   0 0.21  0.0    0 13.0 25 160   M    M   7 1      32 170
24  76  59  68   6   0   3 0.03  0.0    0 10.2 21 190   M    M   4 3      27 190
25  84  53  69   7   0   4 0.00  0.0    0  3.6 10 130   M    M   0        14 120
26  86  59  73  12   0   8 0.00  0.0    0  7.9 20 170   M    M   1        24 180
27  83  58  71  10   0   6 0.00  0.0    0 11.3 22 160   M    M   1        27 160
28  84  56  70  10   0   5 0.00  0.0    0  5.6 14 170   M    M   2        18 160
29  85  57  71  11   0   6 0.00  0.0    0  3.4 13 140   M    M   0 18     20 180
================================================================================
SM 2247 1557        93 116  3.59     0.0 253.2          M       87
================================================================================
AV 77.5 53.7                               8.7 FASTST   M    M   3    MAX(MPH)
                                 MISC ---->  # 31  60               # 37  360
================================================================================
NOTES:
# LAST OF SEVERAL OCCURRENCES

COLUMN 17 PEAK WIND IN M.P.H.

PRELIMINARY LOCAL CLIMATOLOGICAL DATA (WS FORM: F-6) , PAGE 2

                                          STATION:  LINCOLN, NEBRASKA
                                          MONTH:    SEPTEMBER
                                          YEAR:     2014
                                          LATITUDE:   40 50 N
                                          LONGITUDE:  96 45 W

[TEMPERATURE DATA]      [PRECIPITATION DATA]       SYMBOLS USED IN COLUMN 16

AVERAGE MONTHLY: 65.6   TOTAL FOR MONTH:   3.59    1 = FOG OR MIST
DPTR FM NORMAL:  -0.7   DPTR FM NORMAL:    0.65    2 = FOG REDUCING VISIBILITY
HIGHEST:    93 ON  4    GRTST 24HR  2.49 ON  9- 9      TO 1/4 MILE OR LESS
LOWEST:     35 ON 13                               3 = THUNDER
                        SNOW, ICE PELLETS, HAIL    4 = ICE PELLETS
                        TOTAL MONTH:   0.0 INCH    5 = HAIL
                        GRTST 24HR     0.0         6 = FREEZING RAIN OR DRIZZLE
                        GRTST DEPTH:   0           7 = DUSTSTORM OR SANDSTORM:
                                                       VSBY 1/2 MILE OR LESS
                                                   8 = SMOKE OR HAZE
[NO. OF DAYS WITH]      [WEATHER - DAYS WITH]      9 = BLOWING SNOW
                                                   X = TORNADO
MAX 32 OR BELOW:   0    0.01 INCH OR MORE:   6
MAX 90 OR ABOVE:   3    0.10 INCH OR MORE:   4
MIN 32 OR BELOW:   0    0.50 INCH OR MORE:   2
MIN  0 OR BELOW:   0    1.00 INCH OR MORE:   1

[HDD (BASE 65) ]
TOTAL THIS MO.    93    CLEAR  (SCALE 0-3)  17
DPTR FM NORMAL     6    PTCLDY (SCALE 4-7)  10
TOTAL FM JUL 1    95    CLOUDY (SCALE 8-10)  2
DPTR FM NORMAL     2

[CDD (BASE 65) ]
TOTAL THIS MO.   116
DPTR FM NORMAL    -6    [PRESSURE DATA]
TOTAL FM JAN 1  1227    HIGHEST SLP M ON M
DPTR FM NORMAL    70    LOWEST  SLP 29.55 ON  9

[REMARKS]
