000
CXUS53 KOAX 240439
CF6LNK
PRELIMINARY LOCAL CLIMATOLOGICAL DATA (WS FORM: F-6)

                                          STATION:   LINCOLN, NEBRASKA
                                          MONTH:     AUGUST
                                          YEAR:      2017
                                          LATITUDE:   40 50 N
                                          LONGITUDE:  96 45 W

  TEMPERATURE IN F:       :PCPN:    SNOW:  WIND      :SUNSHINE: SKY     :PK WND
================================================================================
1   2   3   4   5  6A  6B    7    8   9   10  11  12  13   14  15   16   17  18
                                     12Z  AVG MX 2MIN
DY MAX MIN AVG DEP HDD CDD  WTR  SNW DPTH SPD SPD DIR MIN PSBL S-S WX    SPD DR
================================================================================

 1  87  65  76  -1   0  11 0.00  0.0    0  5.5 23 350   M    M   3        29 360
 2  88  64  76  -1   0  11 0.00  0.0    0  4.1 10 340   M    M   0        12 360
 3  77  56  67 -10   0   2    T  0.0    0 13.4 26 360   M    M   3        32 360
 4  79  50  65 -12   0   0 0.00  0.0    0  4.3 10 180   M    M   1        15 270
 5  69  60  65 -12   0   0 0.26  0.0    0  9.2 17 160   M    M  10 13     22 160
 6  75  62  69  -8   0   4 0.00  0.0    0  6.7 13  50   M    M   8 1      16  40
 7  81  59  70  -7   0   5 0.00  0.0    0  7.2 15  40   M    M   2 1      20  40
 8  83  56  70  -7   0   5 0.00  0.0    0  6.2 16  80   M    M   2        20  90
 9  77  61  69  -7   0   4    T  0.0    0  7.2 15 170   M    M   2        21 240
10  82  59  71  -5   0   6 0.00  0.0    0  6.6 17  20   M    M   2 18     21  20
11  81  57  69  -7   0   4 0.01  0.0    0  5.6 15  10   M    M   1        18  20
12  83  55  69  -7   0   4 0.00  0.0    0  8.3 17 120   M    M   1        21 130
13  83  65  74  -2   0   9 0.07  0.0    0 10.2 20 160   M    M   7 1      26 160
14  87  66  77   1   0  12 0.60  0.0    0  7.1 26 280   M    M   1 13     35 270
15  89  68  79   3   0  14 0.01  0.0    0 10.7 25  20   M    M   5 3      29  20
16  83  66  75  -1   0  10 0.41  0.0    0  9.9 29 250   M    M   5 13     36 250
17  85  62  74  -2   0   9 0.00  0.0    0  8.6 18 300   M    M   0        25 290
18  87  64  76   1   0  11    T  0.0    0  5.8 28 310   M    M   2        37 310
19  88  58  73  -2   0   8 0.11  0.0    0  8.2 43 340   M    M   0 13     54 350
20  87  65  76   1   0  11 1.82  0.0    0 10.7 44 290   M    M   4 13     59 320
21  85  67  76   1   0  11    T  0.0    0 11.6 36 350   M    M   2 3      44  30
22  78  56  67  -8   0   2 0.00  0.0    0  6.7 15  10   M    M   1 1      20  10
================================================================================
SM 1814 1341         0 153  3.29     0.0 173.8          M       62
================================================================================
AV 82.5 61.0                               7.9 FASTST   M    M   3    MAX(MPH)
                                 MISC ---->  # 44 290               # 59  320
================================================================================
NOTES:
# LAST OF SEVERAL OCCURRENCES

COLUMN 17 PEAK WIND IN M.P.H.

PRELIMINARY LOCAL CLIMATOLOGICAL DATA (WS FORM: F-6) , PAGE 2

                                          STATION:  LINCOLN, NEBRASKA
                                          MONTH:    AUGUST
                                          YEAR:     2017
                                          LATITUDE:   40 50 N
                                          LONGITUDE:  96 45 W

[TEMPERATURE DATA]      [PRECIPITATION DATA]       SYMBOLS USED IN COLUMN 16

AVERAGE MONTHLY: 71.7   TOTAL FOR MONTH:   3.29    1 = FOG OR MIST
DPTR FM NORMAL:  -4.4   DPTR FM NORMAL:    0.85    2 = FOG REDUCING VISIBILITY
HIGHEST:    89 ON 15    GRTST 24HR  1.82 ON 20-20      TO 1/4 MILE OR LESS
LOWEST:     50 ON  4                               3 = THUNDER
                        SNOW, ICE PELLETS, HAIL    4 = ICE PELLETS
                        TOTAL MONTH:   0.0 INCH    5 = HAIL
                        GRTST 24HR     0.0         6 = FREEZING RAIN OR DRIZZLE
                        GRTST DEPTH:   0           7 = DUSTSTORM OR SANDSTORM:
                                                       VSBY 1/2 MILE OR LESS
                                                   8 = SMOKE OR HAZE
[NO. OF DAYS WITH]      [WEATHER - DAYS WITH]      9 = BLOWING SNOW
                                                   X = TORNADO
MAX 32 OR BELOW:   0    0.01 INCH OR MORE:   8
MAX 90 OR ABOVE:   0    0.10 INCH OR MORE:   5
MIN 32 OR BELOW:   0    0.50 INCH OR MORE:   2
MIN  0 OR BELOW:   0    1.00 INCH OR MORE:   1

[HDD (BASE 65) ]
TOTAL THIS MO.     0    CLEAR  (SCALE 0-3)  15
DPTR FM NORMAL     0    PTCLDY (SCALE 4-7)   6
TOTAL FM JUL 1     0    CLOUDY (SCALE 8-10)  1
DPTR FM NORMAL    -1

[CDD (BASE 65) ]
TOTAL THIS MO.   153
DPTR FM NORMAL   -93    [PRESSURE DATA]
TOTAL FM JAN 1   978    HIGHEST SLP M ON M
DPTR FM NORMAL    21    LOWEST  SLP 29.67 ON 16

[REMARKS]
