000
CXUS53 KMKX 260735
CF6LNR
PRELIMINARY LOCAL CLIMATOLOGICAL DATA (WS FORM: F-6)

                                          STATION:   LONE ROCK WI
                                          MONTH:     FEBRUARY
                                          YEAR:      2015
                                          LATITUDE:   43 12 N
                                          LONGITUDE:  90 11 W

  TEMPERATURE IN F:       :PCPN:    SNOW:  WIND      :SUNSHINE: SKY     :PK WND
================================================================================
1   2   3   4   5  6A  6B    7    8   9   10  11  12  13   14  15   16   17  18
                                     12Z  AVG MX 2MIN
DY MAX MIN AVG DEP HDD CDD  WTR  SNW DPTH SPD SPD DIR MIN PSBL S-S WX    SPD DR
================================================================================

 1  27  11  19   1  46   0 0.04    M    M 14.4 26  40   M    M  10 18     35  30
 2  16 -10   3 -16  62   0 0.00  0.0    0  5.4 13 360   M    M   1 18     19 330
 3  17  -9   4 -15  61   0 0.07    M    0  1.6  8 320   M    M   5 128    10 330
 4  20   1  11  -8  54   0 0.00  0.0    0  9.4 20 300   M    M   5        26 300
 5  14 -21  -3 -22  68   0 0.00    M    M  6.5 16 210   M    M   2        23 240
 6  30   3  17  -3  48   0 0.00    M    M  3.6 10  90   M    M   3        11 100
 7  38  10  24   4  41   0 0.00    M    M  4.2 13  90   M    M   2 18     14  90
 8  35  23  29   9  36   0 0.00    M    M  7.6 17  60   M    M   8 18     21  40
 9  32   4  18  -2  47   0 0.00  0.0    0  3.9 12  40   M    M   5        14  50
10  29   3  16  -5  49   0    T    M    0  5.9 20 140   M    M   6 18     26 150
11  33  14  24   3  41   0    T    M    0 14.5 24 290   M    M   6 18     35 290
12  14  -3   6 -15  59   0    T    M    0  8.1 26 350   M    M   1 8      37  10
13  29  -8  11 -11  54   0 0.00  0.0    0  6.7 18 300   M    M   7        28 310
14  26  -3  12 -10  53   0    T    M    0 15.0 31 330   M    M   4 8      43 330
15  11  -4   4 -18  61   0 0.00  0.0    0  5.6 10 100   M    M   6        13  80
16  18  10  14  -9  51   0    T    M    M  5.2 10 270   M    M  10        13 260
17  18   3  11 -12  54   0    T    M    M  9.8 18 280   M    M   6 18     23 280
18   6  -9  -1 -24  66   0    T    M    M 12.8 23 290   M    M   6 8      29 300
19   7 -16  -4 -28  69   0 0.00  0.0    0  4.2 12 280   M    M   0        14 280
20  21 -12   5 -19  60   0    T    M    0  8.2 21 160   M    M   9 8      27 160
21  32  14  23  -2  42   0 0.00  0.0    0  5.2 16 310   M    M   9 18     22 330
22  18  -3   8 -17  57   0 0.00  0.0    0 10.5 21 300   M    M   1        31 300
23  10 -17  -3 -28  68   0 0.00    M    M  6.2 15 220   M    M   0        19 210
24  35   9  22  -4  43   0    T    M    M 13.7 30 290   M    M   5        36 280
25  19   9  14 -12  51   0 0.02    M    M  5.1 13 360   M    M   8 8      16 360
================================================================================
SM  555   -1      1341   0  0.13     0.0 193.3          M      125
================================================================================
AV 22.2 -0.0                               7.7 FASTST   M    M   5    MAX(MPH)
                                 MISC ---->  # 31 330               # 43  330
================================================================================
NOTES:
# LAST OF SEVERAL OCCURRENCES

COLUMN 17 PEAK WIND IN M.P.H.

PRELIMINARY LOCAL CLIMATOLOGICAL DATA (WS FORM: F-6) , PAGE 2

                                          STATION:  LONE ROCK WI
                                          MONTH:    FEBRUARY
                                          YEAR:     2015
                                          LATITUDE:   43 12 N
                                          LONGITUDE:  90 11 W

[TEMPERATURE DATA]      [PRECIPITATION DATA]       SYMBOLS USED IN COLUMN 16

AVERAGE MONTHLY: 11.1   TOTAL FOR MONTH:   0.13    1 = FOG OR MIST
DPTR FM NORMAL: -10.8   DPTR FM NORMAL:   -0.86    2 = FOG REDUCING VISIBILITY
HIGHEST:    38 ON  7    GRTST 24HR  0.13 ON 31- 1      TO 1/4 MILE OR LESS
LOWEST:    -21 ON  5                               3 = THUNDER
                        SNOW, ICE PELLETS, HAIL    4 = ICE PELLETS
                        TOTAL MONTH:   0.0 INCH    5 = HAIL
                        GRTST 24HR     0.0         6 = FREEZING RAIN OR DRIZZLE
                        GRTST DEPTH:   0           7 = DUSTSTORM OR SANDSTORM:
                                                       VSBY 1/2 MILE OR LESS
                                                   8 = SMOKE OR HAZE
[NO. OF DAYS WITH]      [WEATHER - DAYS WITH]      9 = BLOWING SNOW
                                                   X = TORNADO
MAX 32 OR BELOW:  21    0.01 INCH OR MORE:   3
MAX 90 OR ABOVE:   0    0.10 INCH OR MORE:   0
MIN 32 OR BELOW:  25    0.50 INCH OR MORE:   0
MIN  0 OR BELOW:  12    1.00 INCH OR MORE:   0

[HDD (BASE 65) ]
TOTAL THIS MO.  1341    CLEAR  (SCALE 0-3)   8
DPTR FM NORMAL   264    PTCLDY (SCALE 4-7)  11
TOTAL FM JUL 1  5251    CLOUDY (SCALE 8-10)  6
DPTR FM NORMAL  -177

[CDD (BASE 65) ]
TOTAL THIS MO.     0
DPTR FM NORMAL     0    [PRESSURE DATA]
TOTAL FM JAN 1     0    HIGHEST SLP M ON M
DPTR FM NORMAL     0    LOWEST  SLP 29.58 ON  7

[REMARKS]
