000
CXUS53 KLMK 220800
CF6LOU
PRELIMINARY LOCAL CLIMATOLOGICAL DATA (WS FORM: F-6)

                                          STATION:   LOUISVILLE BOWMAN KY
                                          MONTH:     JANUARY
                                          YEAR:      2017
                                          LATITUDE:   38 13 N
                                          LONGITUDE:  85 40 W

  TEMPERATURE IN F:       :PCPN:    SNOW:  WIND      :SUNSHINE: SKY     :PK WND
================================================================================
1   2   3   4   5  6A  6B    7    8   9   10  11  12  13   14  15   16   17  18
                                     12Z  AVG MX 2MIN
DY MAX MIN AVG DEP HDD CDD  WTR  SNW DPTH SPD SPD DIR MIN PSBL S-S WX    SPD DR
================================================================================

 1  49  33  41   6  24   0 0.02    M    M  3.3 10  80   M    M   9 1      15  70
 2  60  45  53  18  12   0 0.02    M    M  2.0  8 150   M    M  10 12     12 150
 3  60  41  51  16  14   0 0.43    M    M  6.8 22 290   M    M  10 1      29 310
 4  41  25  33  -2  32   0    T    M    M 12.0 23 300   M    M   3 18     24 290
 5  26  19  23 -12  42   0 0.02    M    M  5.3 15 310   M    M   9 18     18 310
 6  19  12  16 -18  49   0    T    M    M  8.0 16 320   M    M   5        20 310
 7  19   8  14 -20  51   0 0.00    M    M  7.7 15 280   M    M   0        20 300
 8  25  10  18 -16  47   0 0.00    M    M  4.4 13 270   M    M   2        16 260
 9  41  21  31  -3  34   0 0.00    M    M  7.5 16 220   M    M   2        21 220
10  57  41  49  15  16   0 0.34    M    M 14.4 26 200   M    M   9 13     39 210
11  66  33  50  16  15   0 0.37    M    M  7.3 21 210   M    M   6 1      34 190
12  70  39  55  21  10   0 0.54    M    M 13.1 28 300   M    M  10 1      36 200
13  40  36  38   4  27   0 0.18    M    M  6.9 13  40   M    M  10 1      18  20
14  42  38  40   6  25   0 0.36    M    M  3.1  8  10   M    M  10 1      10  10
15  42  38  40   6  25   0 0.15    M    M  3.3  8  60   M    M  10 18     10  50
16  59  41  50  16  15   0 0.21    M    M  1.7  7 130   M    M   9 18     11 140
17  64  44  54  20  11   0 0.45    M    M 11.4 23 240   M    M   9 1      31 260
18  45  37  41   7  24   0    T    M    M  5.7 17 290   M    M   8        21 290
19  55  36  46  12  19   0 0.83    M    M  3.7 13 120   M    M   8 1      19 110
20  63  53  58  24   7   0 0.31    M    M  6.7 17 200   M    M   8 1      25 210
21  68  47  58  24   7   0 0.00    M    M  3.5 15 220   M    M   2        20 200
================================================================================
SM 1011  697       506   0  4.23    M    137.8          M      149
================================================================================
AV 48.1 33.2                               6.6 FASTST   M    M   7    MAX(MPH)
                                 MISC ---->  # 28 300               # 39  210
================================================================================
NOTES:
# LAST OF SEVERAL OCCURRENCES

COLUMN 17 PEAK WIND IN M.P.H.

PRELIMINARY LOCAL CLIMATOLOGICAL DATA (WS FORM: F-6) , PAGE 2

                                          STATION:  LOUISVILLE BOWMAN KY
                                          MONTH:    JANUARY
                                          YEAR:     2017
                                          LATITUDE:   38 13 N
                                          LONGITUDE:  85 40 W

[TEMPERATURE DATA]      [PRECIPITATION DATA]       SYMBOLS USED IN COLUMN 16

AVERAGE MONTHLY: 40.7   TOTAL FOR MONTH:   4.23    1 = FOG OR MIST
DPTR FM NORMAL:   6.4   DPTR FM NORMAL:    1.81    2 = FOG REDUCING VISIBILITY
HIGHEST:    70 ON 12    GRTST 24HR  1.14 ON 19-20      TO 1/4 MILE OR LESS
LOWEST:      8 ON  7                               3 = THUNDER
                        SNOW, ICE PELLETS, HAIL    4 = ICE PELLETS
                        TOTAL MONTH:    M          5 = HAIL
                        GRTST 24HR    M  ON   M    6 = FREEZING RAIN OR DRIZZLE
                        GRTST DEPTH:  M  ON   M    7 = DUSTSTORM OR SANDSTORM:
                                                       VSBY 1/2 MILE OR LESS
                                                   8 = SMOKE OR HAZE
[NO. OF DAYS WITH]      [WEATHER - DAYS WITH]      9 = BLOWING SNOW
                                                   X = TORNADO
MAX 32 OR BELOW:   4    0.01 INCH OR MORE:  14
MAX 90 OR ABOVE:   0    0.10 INCH OR MORE:  11
MIN 32 OR BELOW:   6    0.50 INCH OR MORE:   2
MIN  0 OR BELOW:   0    1.00 INCH OR MORE:   0

[HDD (BASE 65) ]
TOTAL THIS MO.   506    CLEAR  (SCALE 0-3)   5
DPTR FM NORMAL  -139    PTCLDY (SCALE 4-7)   4
TOTAL FM JUL 1  1874    CLOUDY (SCALE 8-10) 12
DPTR FM NORMAL  -435

[CDD (BASE 65) ]
TOTAL THIS MO.     0
DPTR FM NORMAL     0    [PRESSURE DATA]
TOTAL FM JAN 1     0    HIGHEST SLP M ON M
DPTR FM NORMAL     0    LOWEST  SLP 29.62 ON 20

[REMARKS]
