000
CXUS53 KLMK 220800
CF6LOU
PRELIMINARY LOCAL CLIMATOLOGICAL DATA (WS FORM: F-6)

                                          STATION:   LOUISVILLE BOWMAN KY
                                          MONTH:     AUGUST
                                          YEAR:      2014
                                          LATITUDE:   38 13 N
                                          LONGITUDE:  85 40 W

  TEMPERATURE IN F:       :PCPN:    SNOW:  WIND      :SUNSHINE: SKY     :PK WND
================================================================================
1   2   3   4   5  6A  6B    7    8   9   10  11  12  13   14  15   16   17  18
                                     12Z  AVG MX 2MIN
DY MAX MIN AVG DEP HDD CDD  WTR  SNW DPTH SPD SPD DIR MIN PSBL S-S WX    SPD DR
================================================================================

 1  87  60  74  -4   0   9 0.00    M    M  1.6  9 310   M    M   1 1      13 330
 2  85  65  75  -3   0  10    T    M    M  4.5 18 310   M    M   1 138    23 300
 3  87  61  74  -4   0   9 0.00    M    M  2.0  9 330   M    M   1 18     16  60
 4  89  62  76  -2   0  11 0.00    M    M  2.6  9 320   M    M   1 18     16 330
 5  87  64  76  -2   0  11 0.00    M    M  3.2 10 250   M    M   2 18     15 220
 6  88  68  78   0   0  13 0.00    M    M  4.0 15 310   M    M   1 18     17 320
 7  83  70  77  -1   0  12    T    M    M  6.0 12  90   M    M   0        17  70
 8  76  67  72  -6   0   7 0.76    M    M  6.1 12  70   M    M   9 1      16  70
 9  84  71  78   0   0  13 0.12    M    M  4.7 12  80   M    M   9 1      13  60
10  87  73  80   2   0  15 0.16    M    M  3.0 10 290   M    M   7 13     14 260
11  85  72  79   1   0  14 0.54    M    M  3.9 18 280   M    M   4 13     25 280
12  79  65  72  -6   0   7 0.00    M    M  9.7 20 280   M    M   5 1      24 280
13  81  60  71  -7   0   6 0.00    M    M  4.3 13 320   M    M   1        18 310
14  84  60  72  -6   0   7 0.01    M    M  4.2 17 310   M    M   2        21 310
15  82  61  72  -6   0   7 0.00    M    M  3.5 13 350   M    M   0        16 340
16  83  62  73  -5   0   8 0.12    M    M  3.0 12 260   M    M   4 1      16 260
17  75  69  72  -6   0   7 0.69    M    M  4.3  9  90   M    M   9 13     14  40
18  82  72  77  -1   0  12 0.05    M    M  4.3 12 280   M    M   8 1      14 260
19  87  67  77  -1   0  12    T    M    M  3.7 13 230   M    M   2 128    18 240
20  89  71  80   2   0  15 0.09    M    M  4.3 24 320   M    M   2 3      33 320
21  89  72  81   3   0  16 0.00    M    M  5.2 13 240   M    M   1        17 260
================================================================================
SM 1769 1392         0 221  2.54    M     88.1          M       70
================================================================================
AV 84.2 66.3                               4.2 FASTST   M    M   3    MAX(MPH)
                                 MISC ---->  # 24 320               # 33  320
================================================================================
NOTES:
# LAST OF SEVERAL OCCURRENCES

COLUMN 17 PEAK WIND IN M.P.H.

PRELIMINARY LOCAL CLIMATOLOGICAL DATA (WS FORM: F-6) , PAGE 2

                                          STATION:  LOUISVILLE BOWMAN KY
                                          MONTH:    AUGUST
                                          YEAR:     2014
                                          LATITUDE:   38 13 N
                                          LONGITUDE:  85 40 W

[TEMPERATURE DATA]      [PRECIPITATION DATA]       SYMBOLS USED IN COLUMN 16

AVERAGE MONTHLY: 75.3   TOTAL FOR MONTH:   2.54    1 = FOG OR MIST
DPTR FM NORMAL:  -2.7   DPTR FM NORMAL:    0.26    2 = FOG REDUCING VISIBILITY
HIGHEST:    89 ON 21,20 GRTST 24HR  0.79 ON  8- 9      TO 1/4 MILE OR LESS
LOWEST:     60 ON 14,13                            3 = THUNDER
                        SNOW, ICE PELLETS, HAIL    4 = ICE PELLETS
                        TOTAL MONTH:    M          5 = HAIL
                        GRTST 24HR    M  ON   M    6 = FREEZING RAIN OR DRIZZLE
                        GRTST DEPTH:  M  ON   M    7 = DUSTSTORM OR SANDSTORM:
                                                       VSBY 1/2 MILE OR LESS
                                                   8 = SMOKE OR HAZE
[NO. OF DAYS WITH]      [WEATHER - DAYS WITH]      9 = BLOWING SNOW
                                                   X = TORNADO
MAX 32 OR BELOW:   0    0.01 INCH OR MORE:   9
MAX 90 OR ABOVE:   0    0.10 INCH OR MORE:   6
MIN 32 OR BELOW:   0    0.50 INCH OR MORE:   3
MIN  0 OR BELOW:   0    1.00 INCH OR MORE:   0

[HDD (BASE 65) ]
TOTAL THIS MO.     0    CLEAR  (SCALE 0-3)  13
DPTR FM NORMAL     0    PTCLDY (SCALE 4-7)   5
TOTAL FM JUL 1     0    CLOUDY (SCALE 8-10)  3
DPTR FM NORMAL     0

[CDD (BASE 65) ]
TOTAL THIS MO.   221
DPTR FM NORMAL   -52    [PRESSURE DATA]
TOTAL FM JAN 1  1186    HIGHEST SLP M ON M
DPTR FM NORMAL    63    LOWEST  SLP 29.78 ON 18

[REMARKS]
