000
CXUS54 KEPZ 241200
CF6LRU
PRELIMINARY LOCAL CLIMATOLOGICAL DATA (WS FORM: F-6)

                                          STATION:   LAS CRUCES
                                          MONTH:     DECEMBER
                                          YEAR:      2014
                                          LATITUDE:   32 17 N
                                          LONGITUDE: 106 46 W

  TEMPERATURE IN F:       :PCPN:    SNOW:  WIND      :SUNSHINE: SKY     :PK WND
================================================================================
1   2   3   4   5  6A  6B    7    8   9   10  11  12  13   14  15   16   17  18
                                     12Z  AVG MX 2MIN
DY MAX MIN AVG DEP HDD CDD  WTR  SNW DPTH SPD SPD DIR MIN PSBL S-S WX    SPD DR
================================================================================

 1  66  35  51   M  14   0 0.00  0.0    0  7.6 12 270   M    M   0         M  M
 2  60  32  46   M  19   0 0.00  0.0    0  4.4 10 280   M    M   2         M  M
 3  71  49  60   M   5   0    T  0.0    0  5.4 10 230   M    M   3         M  M
 4  62  47  55   M  10   0    T  0.0    0  6.1 16 270   M    M   6        20 270
 5  63  37  50   M  15   0 0.00  0.0    0  6.0 15 270   M    M   0        16  20
 6  66  40  53   M  12   0    T  0.0    0  8.0 18 120   M    M   2        24 120
 7  66  43  55   M  10   0 0.00  0.0    0  6.1  9  30   M    M   1         M  M
 8  67  37  52   M  13   0 0.00  0.0    0  5.9  9 110   M    M   0         M  M
 9  66  43  55   M  10   0 0.12    M    0  4.5  9  50   M    M   3 3       M  M
10  65  41  53   M  12   0 0.00  0.0    0  2.7  8 330   M    M   0 3       M  M
11  67  40  54   M  11   0 0.00  0.0    0  3.4  7 350   M    M   0         M  M
12  68  38  53   M  12   0 0.00  0.0    0  3.0 14 330   M    M   0         M  M
13  67  41  54   M  11   0 0.00    T    0  9.5 25 290   M    M   3        31 290
14  54  36  45   M  20   0 0.00  0.0    0 17.4 25 250   M    M   0        32 260
15  56  27  42   M  23   0 0.00  0.0    0  3.9  8 320   M    M   0         M  M
16  59  29  44   M  21   0 0.00  0.0    0  4.1 10 110   M    M   0         M  M
17  57  34  46   M  19   0 0.00  0.0    0  8.2 23 260   M    M   4        33 260
18  53  36  45   M  20   0 0.06    M    0  7.2 16 290   M    M   7 3      22 290
19  51  32  42   M  23   0 0.00  0.0    0  6.3 13 320   M    M   2 1       M  M
20  53  27  40   M  25   0 0.00  0.0    0  5.5 13 310   M    M   0         M  M
21  60  29  45   M  20   0 0.00  0.0    0 10.1 21 260   M    M   0        29 260
22  63  38  51   M  14   0 0.00  0.0    0 15.4 27 260   M    M   0        36 250
23  49  28  39   M  26   0 0.00  0.0    0 12.4 24  20   M    M   1        31 340
================================================================================
SM 1409  839       365   0  0.18    T    163.1          M       34
================================================================================
AV 61.3 36.5                               7.1 FASTST   M    M   1    MAX(MPH)
                                 MISC ---->  # 27 260                 36    M
================================================================================
NOTES:
# LAST OF SEVERAL OCCURRENCES

COLUMN 17 PEAK WIND IN M.P.H.

PRELIMINARY LOCAL CLIMATOLOGICAL DATA (WS FORM: F-6) , PAGE 2

                                          STATION:  LAS CRUCES
                                          MONTH:    DECEMBER
                                          YEAR:     2014
                                          LATITUDE:   32 17 N
                                          LONGITUDE: 106 46 W

[TEMPERATURE DATA]      [PRECIPITATION DATA]       SYMBOLS USED IN COLUMN 16

AVERAGE MONTHLY: 48.9   TOTAL FOR MONTH:   0.18    1 = FOG OR MIST
DPTR FM NORMAL:     M   DPTR FM NORMAL:       M    2 = FOG REDUCING VISIBILITY
HIGHEST:    71 ON  3    GRTST 24HR  0.12 ON  9- 9      TO 1/4 MILE OR LESS
LOWEST:     27 ON 20,15                            3 = THUNDER
                        SNOW, ICE PELLETS, HAIL    4 = ICE PELLETS
                        TOTAL MONTH:    T          5 = HAIL
                        GRTST 24HR    T  ON 13-13  6 = FREEZING RAIN OR DRIZZLE
                        GRTST DEPTH:   0           7 = DUSTSTORM OR SANDSTORM:
                                                       VSBY 1/2 MILE OR LESS
                                                   8 = SMOKE OR HAZE
[NO. OF DAYS WITH]      [WEATHER - DAYS WITH]      9 = BLOWING SNOW
                                                   X = TORNADO
MAX 32 OR BELOW:   0    0.01 INCH OR MORE:   2
MAX 90 OR ABOVE:   0    0.10 INCH OR MORE:   1
MIN 32 OR BELOW:   7    0.50 INCH OR MORE:   0
MIN  0 OR BELOW:   0    1.00 INCH OR MORE:   0

[HDD (BASE 65) ]
TOTAL THIS MO.   365    CLEAR  (SCALE 0-3)  18
DPTR FM NORMAL     M    PTCLDY (SCALE 4-7)   5
TOTAL FM JUL 1   847    CLOUDY (SCALE 8-10)  0
DPTR FM NORMAL     M

[CDD (BASE 65) ]
TOTAL THIS MO.     0
DPTR FM NORMAL     M    [PRESSURE DATA]
TOTAL FM JAN 1  1969    HIGHEST SLP M ON M
DPTR FM NORMAL     M    LOWEST  SLP M ON M

[REMARKS]
