000
CXUS53 KARX 242156
CF6LSE
PRELIMINARY LOCAL CLIMATOLOGICAL DATA (WS FORM: F-6)

                                          STATION:   LA CROSSE WI
                                          MONTH:     FEBRUARY
                                          YEAR:      2018
                                          LATITUDE:   43 52 N
                                          LONGITUDE:  91 15 W

  TEMPERATURE IN F:       :PCPN:    SNOW:  WIND      :SUNSHINE: SKY     :PK WND
================================================================================
1   2   3   4   5  6A  6B    7    8   9   10  11  12  13   14  15   16   17  18
                                     12Z  AVG MX 2MIN
DY MAX MIN AVG DEP HDD CDD  WTR  SNW DPTH SPD SPD DIR MIN PSBL S-S WX    SPD DR
================================================================================

 1  28   2  15  -4  50   0    T    T    T 16.4 32 310   M    M   2        41 320
 2  19  -3   8 -11  57   0    T    T    0  6.9 15 220   M    M   4        19 200
 3  28  18  23   4  42   0 0.19  2.7    0  8.1 18 340   M    M  10 18     22  10
 4  18  -8   5 -14  60   0 0.05  1.1    4 12.0 21 330   M    M   4 1      27 310
 5  13  -8   3 -16  62   0 0.06  1.2    4  6.8 14 170   M    M   5 18     17 180
 6  13 -12   1 -19  64   0    T    T    5  3.6  9 190   M    M   4 1      11 350
 7  17  -1   8 -12  57   0 0.02  0.5    5  5.8 14 310   M    M   5 18     18 320
 8  22   5  14  -6  51   0 0.03  0.6    4  4.1 10 350   M    M   7        15 350
 9  17   1   9 -11  56   0 0.06  0.8    5  8.4 15 300   M    M   4 1      18 310
10  20  -3   9 -12  56   0 0.00  0.0    5  2.3  9 280   M    M   3        12 330
11  25   3  14  -7  51   0 0.00  0.0    5  5.0 21 300   M    M   2        28 300
12  17  -5   6 -15  59   0 0.00  0.0    5  2.8  9 290   M    M   0        11 300
13  34   7  21  -1  44   0 0.00  0.0    4  8.5 21 170   M    M   5        28 200
14  47  19  33  11  32   0 0.00  0.0    4  9.6 18 200   M    M   0 18     25 200
15  44  31  38  16  27   0    T    T    T  7.8 20 350   M    M   2 18     27 340
16  31  12  22  -1  43   0 0.02  0.2    T 11.8 23 320   M    M   1 1      31 310
17  32  17  25   2  40   0 0.06  0.6    T  8.9 15 280   M    M   6 18     20 170
18  42  14  28   4  37   0 0.00  0.0    T 12.0 29 170   M    M   2 1      39 170
19  40  31  36  12  29   0 0.01  0.0    T  6.8 16  60   M    M   9 18     23  70
20  33  17  25   1  40   0 0.18    T    T  9.8 18 300   M    M  10 16     24 290
21  26  11  19  -6  46   0 0.00  0.0    T  5.0 15 310   M    M   0        20 310
22  33  18  26   1  39   0 0.03  0.3    T  5.6 14 130   M    M   9 16     20 130
23  35  23  29   4  36   0 0.20  0.1    T  8.3 18 280   M    M   9 18     24 280
================================================================================
SM  634  189      1078   0  0.91     8.1 176.3          M      103
================================================================================
AV 27.6  8.2                               7.7 FASTST   M    M   4    MAX(MPH)
                                 MISC ---->  # 32 310               # 41  320
================================================================================
NOTES:
# LAST OF SEVERAL OCCURRENCES

COLUMN 17 PEAK WIND IN M.P.H.

PRELIMINARY LOCAL CLIMATOLOGICAL DATA (WS FORM: F-6) , PAGE 2

                                          STATION:  LA CROSSE WI
                                          MONTH:    FEBRUARY
                                          YEAR:     2018
                                          LATITUDE:   43 52 N
                                          LONGITUDE:  91 15 W

[TEMPERATURE DATA]      [PRECIPITATION DATA]       SYMBOLS USED IN COLUMN 16

AVERAGE MONTHLY: 17.9   TOTAL FOR MONTH:   0.91    1 = FOG OR MIST
DPTR FM NORMAL:  -3.7   DPTR FM NORMAL:    0.08    2 = FOG REDUCING VISIBILITY
HIGHEST:    47 ON 14    GRTST 24HR  0.20 ON 23-23      TO 1/4 MILE OR LESS
LOWEST:    -12 ON  6                               3 = THUNDER
                        SNOW, ICE PELLETS, HAIL    4 = ICE PELLETS
                        TOTAL MONTH:   8.1 INCHES  5 = HAIL
                        GRTST 24HR   2.7 ON  3- 3  6 = FREEZING RAIN OR DRIZZLE
                        GRTST DEPTH:   5 ON 12,11  7 = DUSTSTORM OR SANDSTORM:
                                                       VSBY 1/2 MILE OR LESS
                                                   8 = SMOKE OR HAZE
[NO. OF DAYS WITH]      [WEATHER - DAYS WITH]      9 = BLOWING SNOW
                                                   X = TORNADO
MAX 32 OR BELOW:  15    0.01 INCH OR MORE:  12
MAX 90 OR ABOVE:   0    0.10 INCH OR MORE:   3
MIN 32 OR BELOW:  23    0.50 INCH OR MORE:   0
MIN  0 OR BELOW:   7    1.00 INCH OR MORE:   0

[HDD (BASE 65) ]
TOTAL THIS MO.  1078    CLEAR  (SCALE 0-3)   9
DPTR FM NORMAL    79    PTCLDY (SCALE 4-7)   9
TOTAL FM JUL 1  5063    CLOUDY (SCALE 8-10)  5
DPTR FM NORMAL  -255

[CDD (BASE 65) ]
TOTAL THIS MO.     0
DPTR FM NORMAL     0    [PRESSURE DATA]
TOTAL FM JAN 1     0    HIGHEST SLP M ON M
DPTR FM NORMAL     0    LOWEST  SLP 29.69 ON 15

[REMARKS]
