000
CXUS53 KARX 220930
CF6LSE
PRELIMINARY LOCAL CLIMATOLOGICAL DATA (WS FORM: F-6)

                                          STATION:   LA CROSSE WI
                                          MONTH:     JUNE
                                          YEAR:      2017
                                          LATITUDE:   43 52 N
                                          LONGITUDE:  91 15 W

  TEMPERATURE IN F:       :PCPN:    SNOW:  WIND      :SUNSHINE: SKY     :PK WND
================================================================================
1   2   3   4   5  6A  6B    7    8   9   10  11  12  13   14  15   16   17  18
                                     12Z  AVG MX 2MIN
DY MAX MIN AVG DEP HDD CDD  WTR  SNW DPTH SPD SPD DIR MIN PSBL S-S WX    SPD DR
================================================================================

 1  81  45  63  -2   2   0 0.00  0.0    0  2.3 10 320   M    M   0        13 310
 2  90  51  71   6   0   6 0.00  0.0    0  7.6 15 180   M    M   1        21 180
 3  97  67  82  17   0  17 0.03  0.0    0  9.1 26 340   M    M   3 3      34 330
 4  90  60  75   9   0  10 0.00  0.0    0  5.4 15 310   M    M   0        20 290
 5  83  59  71   5   0   6 0.00  0.0    0  7.5 16  90   M    M   1        24 100
 6  82  54  68   2   0   3 0.00  0.0    0  4.7 15  90   M    M   0        24  90
 7  85  53  69   2   0   4 0.00  0.0    0  5.8 14 170   M    M   0        16 180
 8  89  65  77  10   0  12    T  0.0    0  8.3 18 210   M    M   4        23 220
 9  88  59  74   7   0   9 0.00  0.0    0  6.1 12 150   M    M   0        15 160
10  96  72  84  16   0  19 0.00  0.0    0 17.3 33 190   M    M   1        43 200
11  96  76  86  18   0  21    T  0.0    0 13.6 25 170   M    M   5 8      33 170
12  87  65  76   8   0  11 0.87  0.0    0  6.9 38 310   M    M   4 13     45 310
13  91  66  79  10   0  14 0.00  0.0    0 10.2 22 150   M    M   3 3      28 140
14  86  69  78   9   0  13 0.08  0.0    0  8.1 26 230   M    M   2        35 230
15  90  67  79  10   0  14 0.00  0.0    0  8.3 20 290   M    M   2 12     26 300
16  89  64  77   7   0  12 1.24  0.0    0  8.7 40 280   M    M   2 123    49 270
17  85  64  75   5   0  10 0.01  0.0    0  6.0 29 270   M    M   4        35 280
18  77  61  69  -1   0   4 0.18  0.0    0 12.1 22 320   M    M   8 1      27 280
19  78  60  69  -1   0   4 0.00  0.0    0  9.2 22 320   M    M   4 3      28 300
20  77  57  67  -4   0   2 0.33  0.0    0  6.3 15 310   M    M   3 13     18 320
21  80  55  68  -3   0   3 0.00  0.0    0  8.3 16 160   M    M   2 12     22 170
================================================================================
SM 1817 1289         2 194  2.74     0.0 171.8          M       49
================================================================================
AV 86.5 61.4                               8.2 FASTST   M    M   2    MAX(MPH)
                                 MISC ---->  # 40 280               # 49  270
================================================================================
NOTES:
# LAST OF SEVERAL OCCURRENCES

COLUMN 17 PEAK WIND IN M.P.H.

PRELIMINARY LOCAL CLIMATOLOGICAL DATA (WS FORM: F-6) , PAGE 2

                                          STATION:  LA CROSSE WI
                                          MONTH:    JUNE
                                          YEAR:     2017
                                          LATITUDE:   43 52 N
                                          LONGITUDE:  91 15 W

[TEMPERATURE DATA]      [PRECIPITATION DATA]       SYMBOLS USED IN COLUMN 16

AVERAGE MONTHLY: 74.0   TOTAL FOR MONTH:   2.74    1 = FOG OR MIST
DPTR FM NORMAL:   6.0   DPTR FM NORMAL:   -0.28    2 = FOG REDUCING VISIBILITY
HIGHEST:    97 ON  3    GRTST 24HR  1.24 ON 16-16      TO 1/4 MILE OR LESS
LOWEST:     45 ON  1                               3 = THUNDER
                        SNOW, ICE PELLETS, HAIL    4 = ICE PELLETS
                        TOTAL MONTH:   0.0 INCH    5 = HAIL
                        GRTST 24HR     0.0         6 = FREEZING RAIN OR DRIZZLE
                        GRTST DEPTH:   0           7 = DUSTSTORM OR SANDSTORM:
                                                       VSBY 1/2 MILE OR LESS
                                                   8 = SMOKE OR HAZE
[NO. OF DAYS WITH]      [WEATHER - DAYS WITH]      9 = BLOWING SNOW
                                                   X = TORNADO
MAX 32 OR BELOW:   0    0.01 INCH OR MORE:   7
MAX 90 OR ABOVE:   7    0.10 INCH OR MORE:   4
MIN 32 OR BELOW:   0    0.50 INCH OR MORE:   2
MIN  0 OR BELOW:   0    1.00 INCH OR MORE:   1

[HDD (BASE 65) ]
TOTAL THIS MO.     2    CLEAR  (SCALE 0-3)  15
DPTR FM NORMAL   -33    PTCLDY (SCALE 4-7)   5
TOTAL FM JUL 1  5768    CLOUDY (SCALE 8-10)  1
DPTR FM NORMAL -1424

[CDD (BASE 65) ]
TOTAL THIS MO.   194
DPTR FM NORMAL    97    [PRESSURE DATA]
TOTAL FM JAN 1   231    HIGHEST SLP M ON M
DPTR FM NORMAL    86    LOWEST  SLP 29.51 ON 10

[REMARKS]
