000
CXUS54 KFWD 250730
CF6LUD
PRELIMINARY LOCAL CLIMATOLOGICAL DATA (WS FORM: F-6)

                                          STATION:   DECATUR
                                          MONTH:     DECEMBER
                                          YEAR:      2014
                                          LATITUDE:   33 15 N
                                          LONGITUDE:  97 30 W

  TEMPERATURE IN F:       :PCPN:    SNOW:  WIND      :SUNSHINE: SKY     :PK WND
================================================================================
1   2   3   4   5  6A  6B    7    8   9   10  11  12  13   14  15   16   17  18
                                     12Z  AVG MX 2MIN
DY MAX MIN AVG DEP HDD CDD  WTR  SNW DPTH SPD SPD DIR MIN PSBL S-S WX    SPD DR
================================================================================

 1  46  26  36 -11  29   0 0.00  0.0    0  9.5 14 310   M    M   5        24 310
 2  47  24  36 -11  29   0 0.00  0.0    0  3.9  9 140   M    M   7         M  M
 3  56  46  51   5  14   0 0.00  0.0    0  7.6 12 150   M    M  10 1       M  M
 4  65  55  60  14   5   0 0.00  0.0    0 10.0 14 160   M    M   8 18     17 160
 5  77  51  64  18   1   0 0.00  0.0    0  9.4 14 270   M    M   7 1      21 220
 6  65  46  56  11   9   0 0.00  0.0    0  7.4 12  20   M    M   6        16  20
 7  49  44  47   2  18   0 0.00  0.0    0  3.9 10 110   M    M   8 12      M  M
 8  54  44  49   4  16   0 0.00  0.0    0  2.5  7 320   M    M   5 1       M  M
 9  56  37  47   3  18   0 0.00  0.0    0  4.0  7 270   M    M   5 12      M  M
10  57  38  48   4  17   0 0.00  0.0    0  6.4 12 130   M    M   7 12      M  M
11  63  52  58  14   7   0 0.00  0.0    0  5.2  8  70   M    M   9 18      M  M
12  70  53  62  18   3   0 0.00  0.0    0  5.1 10 150   M    M   7 12      M  M
13  70  56  63  19   2   0 0.00  0.0    0 10.4 15 190   M    M   4        20 190
14  64  59  62  19   3   0 0.13  0.0    0 13.6 18 160   M    M   8 1      29 160
15  61  45  53  10  12   0 0.00  0.0    0 11.8 18 290   M    M   0        27 290
16  52  35  44   1  21   0 0.00  0.0    0  6.3 14 340   M    M   0        25 340
17  43  38  41  -2  24   0 0.19  0.0    0  7.3 15 110   M    M  10 1      16  80
18  50  39  45   2  20   0 0.00  0.0    0  4.3  9 120   M    M  10 1       M  M
19  47  42  45   3  20   0    T  0.0    0  5.2 10  10   M    M  10 1       M  M
20  46  41  44   2  21   0 0.00  0.0    0  2.6  7 120   M    M  10 1       M  M
21  50  44  47   5  18   0 0.00  0.0    0  9.3 14 170   M    M   9 1      22 170
22  58  47  53  11  12   0 0.00  0.0    0  8.8 16 170   M    M   1        27 170
23  53  41  47   5  18   0 0.19  0.0    0  8.0 14 340   M    M   3        24 330
24  49  37  43   1  22   0 0.00  0.0    0 10.7 14 280   M    M   3        24 330
================================================================================
SM 1348 1040       359   0  0.51     0.0 173.2          M      152
================================================================================
AV 56.2 43.3                               7.2 FASTST   M    M   6    MAX(MPH)
                                 MISC ---->    18   M                 29    M
================================================================================
NOTES:
# LAST OF SEVERAL OCCURRENCES

COLUMN 17 PEAK WIND IN M.P.H.

PRELIMINARY LOCAL CLIMATOLOGICAL DATA (WS FORM: F-6) , PAGE 2

                                          STATION:  DECATUR
                                          MONTH:    DECEMBER
                                          YEAR:     2014
                                          LATITUDE:   33 15 N
                                          LONGITUDE:  97 30 W

[TEMPERATURE DATA]      [PRECIPITATION DATA]       SYMBOLS USED IN COLUMN 16

AVERAGE MONTHLY: 49.8   TOTAL FOR MONTH:   0.51    1 = FOG OR MIST
DPTR FM NORMAL:   5.8   DPTR FM NORMAL:   -1.51    2 = FOG REDUCING VISIBILITY
HIGHEST:    77 ON  5    GRTST 24HR  0.19 ON 23-23      TO 1/4 MILE OR LESS
LOWEST:     24 ON  2                               3 = THUNDER
                        SNOW, ICE PELLETS, HAIL    4 = ICE PELLETS
                        TOTAL MONTH:   0.0 INCH    5 = HAIL
                        GRTST 24HR     0.0         6 = FREEZING RAIN OR DRIZZLE
                        GRTST DEPTH:   0           7 = DUSTSTORM OR SANDSTORM:
                                                       VSBY 1/2 MILE OR LESS
                                                   8 = SMOKE OR HAZE
[NO. OF DAYS WITH]      [WEATHER - DAYS WITH]      9 = BLOWING SNOW
                                                   X = TORNADO
MAX 32 OR BELOW:   0    0.01 INCH OR MORE:   3
MAX 90 OR ABOVE:   0    0.10 INCH OR MORE:   3
MIN 32 OR BELOW:   2    0.50 INCH OR MORE:   0
MIN  0 OR BELOW:   0    1.00 INCH OR MORE:   0

[HDD (BASE 65) ]
TOTAL THIS MO.   359    CLEAR  (SCALE 0-3)   3
DPTR FM NORMAL  -147    PTCLDY (SCALE 4-7)  13
TOTAL FM JUL 1   812    CLOUDY (SCALE 8-10)  8
DPTR FM NORMAL  -172

[CDD (BASE 65) ]
TOTAL THIS MO.     0
DPTR FM NORMAL     0    [PRESSURE DATA]
TOTAL FM JAN 1  2415    HIGHEST SLP M ON M
DPTR FM NORMAL   322    LOWEST  SLP M ON M

[REMARKS]
