000
CXUS54 KFWD 230730
CF6LUD
PRELIMINARY LOCAL CLIMATOLOGICAL DATA (WS FORM: F-6)

                                          STATION:   DECATUR
                                          MONTH:     SEPTEMBER
                                          YEAR:      2014
                                          LATITUDE:   33 15 N
                                          LONGITUDE:  97 30 W

  TEMPERATURE IN F:       :PCPN:    SNOW:  WIND      :SUNSHINE: SKY     :PK WND
================================================================================
1   2   3   4   5  6A  6B    7    8   9   10  11  12  13   14  15   16   17  18
                                     12Z  AVG MX 2MIN
DY MAX MIN AVG DEP HDD CDD  WTR  SNW DPTH SPD SPD DIR MIN PSBL S-S WX    SPD DR
================================================================================

 1  95  75  85   5   0  20 0.00  0.0    0 13.3 18 170   M    M   0        29 170
 2  94  76  85   6   0  20 0.00  0.0    0 11.2 15 130   M    M   0        22 170
 3  95  76  86   7   0  21 0.00  0.0    0 11.6 17 180   M    M   1        24 170
 4  94  75  85   6   0  20 0.00  0.0    0 10.2 15 160   M    M   1        21 160
 5  94  74  84   6   0  19 0.00  0.0    0  7.4 10 110   M    M   1         M  M
 6  86  69  78   0   0  13 0.00  0.0    0  7.6 13  50   M    M   4        20 360
 7  82  67  75  -3   0  10 0.00  0.0    0  3.7  9 360   M    M   7         M  M
 8  93  67  80   3   0  15 0.00  0.0    0  4.7 10 160   M    M   1 1       M  M
 9  96  76  86   9   0  21 0.00  0.0    0 12.2 17 170   M    M   0        23 160
10 100  76  88  11   0  23 0.01  0.0    0 11.8 18 200   M    M   1        25 200
11  75  69  72  -4   0   7 0.00  0.0    0  7.6 12  40   M    M   9         M  M
12  69  56  63 -13   2   0 0.83  0.0    0  8.7 17 360   M    M  10 1      23  10
13  67  54  61 -15   4   0 0.00  0.0    0  7.1 13  20   M    M   7 1      18  10
14  77  59  68  -7   0   3 0.00  0.0    0  4.8  6 120   M    M   4 1       M  M
15  83  67  75   0   0  10 0.01  0.0    0  3.6  8 170   M    M   1 1       M  M
16  86  72  79   5   0  14 0.00  0.0    0  2.8  8  70   M    M   1         M  M
17  91  73  82   8   0  17 0.00  0.0    0  4.7 15 210   M    M   0         M  M
18  85  71  78   4   0  13 0.00  0.0    0  4.8 12  70   M    M   1 1      16  40
19  85  66  76   3   0  11 0.00  0.0    0  5.7 12 100   M    M   4 18     16 130
20  89  70  80   7   0  15 0.00  0.0    0  6.0 10  90   M    M   4 1       M  M
21  91  70  81   9   0  16 0.00  0.0    0  4.3  8  40   M    M   0         M  M
22  83  65  74   2   0   9 0.00  0.0    0  8.9 15  80   M    M   2        22  60
================================================================================
SM 1910 1523         6 297  0.85     0.0 162.7          M       59
================================================================================
AV 86.8 69.2                               7.4 FASTST   M    M   3    MAX(MPH)
                                 MISC ---->    18   M                 29    M
================================================================================
NOTES:
# LAST OF SEVERAL OCCURRENCES

COLUMN 17 PEAK WIND IN M.P.H.

PRELIMINARY LOCAL CLIMATOLOGICAL DATA (WS FORM: F-6) , PAGE 2

                                          STATION:  DECATUR
                                          MONTH:    SEPTEMBER
                                          YEAR:     2014
                                          LATITUDE:   33 15 N
                                          LONGITUDE:  97 30 W

[TEMPERATURE DATA]      [PRECIPITATION DATA]       SYMBOLS USED IN COLUMN 16

AVERAGE MONTHLY: 78.0   TOTAL FOR MONTH:   0.85    1 = FOG OR MIST
DPTR FM NORMAL:   2.0   DPTR FM NORMAL:   -1.94    2 = FOG REDUCING VISIBILITY
HIGHEST:   100 ON 10    GRTST 24HR  0.83 ON 12-12      TO 1/4 MILE OR LESS
LOWEST:     54 ON 13                               3 = THUNDER
                        SNOW, ICE PELLETS, HAIL    4 = ICE PELLETS
                        TOTAL MONTH:   0.0 INCH    5 = HAIL
                        GRTST 24HR     0.0         6 = FREEZING RAIN OR DRIZZLE
                        GRTST DEPTH:   0           7 = DUSTSTORM OR SANDSTORM:
                                                       VSBY 1/2 MILE OR LESS
                                                   8 = SMOKE OR HAZE
[NO. OF DAYS WITH]      [WEATHER - DAYS WITH]      9 = BLOWING SNOW
                                                   X = TORNADO
MAX 32 OR BELOW:   0    0.01 INCH OR MORE:   3
MAX 90 OR ABOVE:  10    0.10 INCH OR MORE:   1
MIN 32 OR BELOW:   0    0.50 INCH OR MORE:   1
MIN  0 OR BELOW:   0    1.00 INCH OR MORE:   0

[HDD (BASE 65) ]
TOTAL THIS MO.     6    CLEAR  (SCALE 0-3)  14
DPTR FM NORMAL     4    PTCLDY (SCALE 4-7)   6
TOTAL FM JUL 1     6    CLOUDY (SCALE 8-10)  2
DPTR FM NORMAL     4

[CDD (BASE 65) ]
TOTAL THIS MO.   297
DPTR FM NORMAL    51    [PRESSURE DATA]
TOTAL FM JAN 1  2153    HIGHEST SLP M ON M
DPTR FM NORMAL   197    LOWEST  SLP M ON M

[REMARKS]
