000
CXUS54 KHGX 301415
CF6LVJ
PRELIMINARY LOCAL CLIMATOLOGICAL DATA (WS FORM: F-6)

                                          STATION:   HOUSTON/CLOVER_FIELD
                                          MONTH:     MARCH
                                          YEAR:      2015
                                          LATITUDE:   29 31 N
                                          LONGITUDE:  95 14 W

  TEMPERATURE IN F:       :PCPN:    SNOW:  WIND      :SUNSHINE: SKY     :PK WND
================================================================================
1   2   3   4   5  6A  6B    7    8   9   10  11  12  13   14  15   16   17  18
                                     12Z  AVG MX 2MIN
DY MAX MIN AVG DEP HDD CDD  WTR  SNW DPTH SPD SPD DIR MIN PSBL S-S WX    SPD DR
================================================================================

 1  74  55  65   5   0   0 0.24  0.0    0  8.3 15  80   M    M  10 128    25  80
 2  66  50  58  -2   7   0    T  0.0    0  7.2 12  70   M    M  10 18     17  90
 3  79  59  69   9   0   4 0.00  0.0    0 10.3 21 180   M    M  10 12     29 180
 4  80  47  64   4   1   0    T  0.0    0 10.9 20 150   M    M  10 18     27 170
 5  52  40  46 -14  19   0 0.05  0.0    0 14.8 25  20   M    M   6 1      37 350
 6  56  34  45 -15  20   0 0.00  0.0    0 10.0 22  60   M    M   0        25  70
 7  60  43  52  -9  13   0 0.00  0.0    0  9.0 16  80   M    M   9        23  80
 8  55  51  53  -8  12   0 0.68  0.0    0 10.3 20  80   M    M  10 1      27  80
 9  68  53  61   0   4   0 1.46  0.0    0 10.2 21  90   M    M  10 1      28  80
10  61  55  58  -3   7   0 0.00  0.0    0  6.7 14  40   M    M  10 1      19  60
11  60  55  58  -4   7   0 0.11  0.0    0 10.2 21  60   M    M  10 1      26  60
12  62  56  59  -3   6   0 0.76  0.0    M  7.8 16  10   M    M   8 13     25 360
13  67  58  63   1   2   0 0.01  0.0    0  5.9 14 300   M    M   8 1      17 310
14  79  55  67   5   0   2 0.00  0.0    0  6.0 12 320   M    M   1 12     17 310
15  75  56  66   4   0   1 0.00  0.0    0  2.6 12  40   M    M   3        17  50
16  77  59  68   6   0   3 0.00  0.0    0  3.6 13  70   M    M   6        17  60
17  82  59  71   8   0   6 0.00  0.0    0  3.4 10 160   M    M   4 12     13 260
18  81  64  73  10   0   8 0.25  0.0    0  4.8 14 170   M    M   9 1      19 170
19  81  68  75  12   0  10 0.00  0.0    0  6.6 17 170   M    M   9 1      23 150
20  82  69  76  13   0  11 0.00  0.0    0  4.8 16 160   M    M   9 1      20 140
21  71  65  68   4   0   3 2.20  0.0    0  5.7 15  50   M    M  10 1      21  50
22  77  61  69   5   0   4 0.00  0.0    0  5.6 15 320   M    M   7        20 310
23  81  55  68   4   0   3 0.00  0.0    0  4.9 13  30   M    M   0        16  50
24  77  56  67   3   0   2 0.00  0.0    0  5.5 14 150   M    M   2 1      20 150
25  78  57  68   4   0   3 0.00  0.0    0  6.3 15 170   M    M   4 12     22 180
26  70  59  65   0   0   0 0.13  0.0    0  8.4 22 320   M    M   4 138    31 330
27  79  46  63  -2   2   0 0.00  0.0    0  5.4 15 300   M    M   0        23 320
28  82  51  67   2   0   2 0.00  0.0    0  6.6 15 190   M    M   0        22 190
29  80  61  71   6   0   6 0.00  0.0    0 10.2 21 180   M    M   4        31 180
================================================================================
SM 2092 1597       100  68  5.89     0.0 212.0          M      183
================================================================================
AV 72.1 55.1                               7.3 FASTST   M    M   6    MAX(MPH)
                                 MISC ---->  # 25  20               # 37  350
================================================================================
NOTES:
# LAST OF SEVERAL OCCURRENCES

COLUMN 17 PEAK WIND IN M.P.H.

PRELIMINARY LOCAL CLIMATOLOGICAL DATA (WS FORM: F-6) , PAGE 2

                                          STATION:  HOUSTON/CLOVER_FIELD
                                          MONTH:    MARCH
                                          YEAR:     2015
                                          LATITUDE:   29 31 N
                                          LONGITUDE:  95 14 W

[TEMPERATURE DATA]      [PRECIPITATION DATA]       SYMBOLS USED IN COLUMN 16

AVERAGE MONTHLY: 63.6   TOTAL FOR MONTH:   5.89    1 = FOG OR MIST
DPTR FM NORMAL:   1.3   DPTR FM NORMAL:    3.09    2 = FOG REDUCING VISIBILITY
HIGHEST:    82 ON 28,20 GRTST 24HR  2.20 ON 21-21      TO 1/4 MILE OR LESS
LOWEST:     34 ON  6                               3 = THUNDER
                        SNOW, ICE PELLETS, HAIL    4 = ICE PELLETS
                        TOTAL MONTH:   0.0 INCH    5 = HAIL
                        GRTST 24HR     0.0         6 = FREEZING RAIN OR DRIZZLE
                        GRTST DEPTH:   0           7 = DUSTSTORM OR SANDSTORM:
                                                       VSBY 1/2 MILE OR LESS
                                                   8 = SMOKE OR HAZE
[NO. OF DAYS WITH]      [WEATHER - DAYS WITH]      9 = BLOWING SNOW
                                                   X = TORNADO
MAX 32 OR BELOW:   0    0.01 INCH OR MORE:  10
MAX 90 OR ABOVE:   0    0.10 INCH OR MORE:   8
MIN 32 OR BELOW:   0    0.50 INCH OR MORE:   4
MIN  0 OR BELOW:   0    1.00 INCH OR MORE:   2

[HDD (BASE 65) ]
TOTAL THIS MO.   100    CLEAR  (SCALE 0-3)   7
DPTR FM NORMAL   -31    PTCLDY (SCALE 4-7)   9
TOTAL FM JUL 1  1238    CLOUDY (SCALE 8-10) 13
DPTR FM NORMAL   -12

[CDD (BASE 65) ]
TOTAL THIS MO.    68
DPTR FM NORMAL    18    [PRESSURE DATA]
TOTAL FM JAN 1    80    HIGHEST SLP M ON M
DPTR FM NORMAL     0    LOWEST  SLP 29.77 ON  4

[REMARKS]
