000
CXUS56 KMTR 221000
CF6LVK
PRELIMINARY LOCAL CLIMATOLOGICAL DATA (WS FORM: F-6)

                                          STATION:   LIVERMORE AIRPORT
                                          MONTH:     NOVEMBER
                                          YEAR:      2014
                                          LATITUDE:   37 42 N
                                          LONGITUDE: 121 49 W

  TEMPERATURE IN F:       :PCPN:    SNOW:  WIND      :SUNSHINE: SKY     :PK WND
================================================================================
1   2   3   4   5  6A  6B    7    8   9   10  11  12  13   14  15   16   17  18
                                     12Z  AVG MX 2MIN
DY MAX MIN AVG DEP HDD CDD  WTR  SNW DPTH SPD SPD DIR MIN PSBL S-S WX    SPD DR
================================================================================

 1  64  46  55  -3  10   0 0.00  0.0    0  6.3 18 270   M    M   4        22 270
 2  69  42  56  -2   9   0 0.00  0.0    0  2.4 15 270   M    M   0        16 280
 3  70  41  56  -2   9   0 0.00  0.0    0  2.3 14 270   M    M   0        15 260
 4  72  42  57   0   8   0 0.00  0.0    0  2.7 12  80   M    M   0        15  80
 5  75  47  61   4   4   0 0.00  0.0    0  4.7 16  60   M    M   0        21  50
 6  81  47  64   7   1   0 0.00  0.0    0  2.2 14 270   M    M   0        17 290
 7  80  47  64   8   1   0 0.00  0.0    0  1.4  9  50   M    M   1 12     12  50
 8  80  48  64   8   1   0 0.00  0.0    0  3.5 16  80   M    M   0        20  60
 9  82  46  64   8   1   0 0.00  0.0    0  1.3  9 280   M    M   0        12 280
10  80  48  64   9   1   0 0.00  0.0    0  3.8 12 310   M    M   0 18     15 300
11  69  55  62   7   3   0 0.00  0.0    0  7.3 16 280   M    M   6 1      21 240
12  68  58  63   8   2   0    T  0.0    0  3.7 10 300   M    M   7        14 290
13  67  55  61   7   4   0 0.35  0.0    0  4.6 13 270   M    M   8 1      15 270
14  69  50  60   6   5   0 0.00  0.0    0  3.0 14 260   M    M   3 12     16 250
15  68  47  58   4   7   0 0.00  0.0    0  2.2 12 270   M    M   1        17 280
16  62  44  53   0  12   0 0.00  0.0    0  4.5 16  60   M    M   0        20  40
17  67  42  55   2  10   0 0.00  0.0    0  6.2 17  80   M    M   0        22  50
18  63  44  54   1  11   0 0.00  0.0    0  3.6 15  50   M    M   1 8      20  50
19  69  51  60   8   5   0 0.05  0.0    0  3.5 16 170   M    M   8 18     23 150
20  60  53  57   5   8   0 0.39  0.0    0  2.7 13  60   M    M  10 128    16  60
21  64  51  58   6   7   0    T  0.0    0  0.8  6 260   M    M   9 1       7 260
================================================================================
SM 1479 1004       119   0  0.79     0.0  72.7          M       58
================================================================================
AV 70.4 47.8                               3.5 FASTST   M    M   3    MAX(MPH)
                                 MISC ---->  # 18 270               # 23  150
================================================================================
NOTES:
# LAST OF SEVERAL OCCURRENCES

COLUMN 17 PEAK WIND IN M.P.H.

PRELIMINARY LOCAL CLIMATOLOGICAL DATA (WS FORM: F-6) , PAGE 2

                                          STATION:  LIVERMORE AIRPORT
                                          MONTH:    NOVEMBER
                                          YEAR:     2014
                                          LATITUDE:   37 42 N
                                          LONGITUDE: 121 49 W

[TEMPERATURE DATA]      [PRECIPITATION DATA]       SYMBOLS USED IN COLUMN 16

AVERAGE MONTHLY: 59.1   TOTAL FOR MONTH:   0.79    1 = FOG OR MIST
DPTR FM NORMAL:   4.1   DPTR FM NORMAL:   -0.62    2 = FOG REDUCING VISIBILITY
HIGHEST:    82 ON  9    GRTST 24HR  0.39 ON 20-20      TO 1/4 MILE OR LESS
LOWEST:     41 ON  3                               3 = THUNDER
                        SNOW, ICE PELLETS, HAIL    4 = ICE PELLETS
                        TOTAL MONTH:   0.0 INCH    5 = HAIL
                        GRTST 24HR     0.0         6 = FREEZING RAIN OR DRIZZLE
                        GRTST DEPTH:   0           7 = DUSTSTORM OR SANDSTORM:
                                                       VSBY 1/2 MILE OR LESS
                                                   8 = SMOKE OR HAZE
[NO. OF DAYS WITH]      [WEATHER - DAYS WITH]      9 = BLOWING SNOW
                                                   X = TORNADO
MAX 32 OR BELOW:   0    0.01 INCH OR MORE:   3
MAX 90 OR ABOVE:   0    0.10 INCH OR MORE:   2
MIN 32 OR BELOW:   0    0.50 INCH OR MORE:   0
MIN  0 OR BELOW:   0    1.00 INCH OR MORE:   0

[HDD (BASE 65) ]
TOTAL THIS MO.   119    CLEAR  (SCALE 0-3)  14
DPTR FM NORMAL   -91    PTCLDY (SCALE 4-7)   4
TOTAL FM JUL 1   149    CLOUDY (SCALE 8-10)  3
DPTR FM NORMAL  -189

[CDD (BASE 65) ]
TOTAL THIS MO.     0
DPTR FM NORMAL     0    [PRESSURE DATA]
TOTAL FM JAN 1  1268    HIGHEST SLP M ON M
DPTR FM NORMAL   439    LOWEST  SLP 29.75 ON  1

[REMARKS]
