000
CXUS53 KDMX 280920
CF6LWD
PRELIMINARY LOCAL CLIMATOLOGICAL DATA (WS FORM: F-6)

                                          STATION:   LAMONI IA
                                          MONTH:     APRIL
                                          YEAR:      2016
                                          LATITUDE:   40 37 N
                                          LONGITUDE:  93 56 W

  TEMPERATURE IN F:       :PCPN:    SNOW:  WIND      :SUNSHINE: SKY     :PK WND
================================================================================
1   2   3   4   5  6A  6B    7    8   9   10  11  12  13   14  15   16   17  18
                                     12Z  AVG MX 2MIN
DY MAX MIN AVG DEP HDD CDD  WTR  SNW DPTH SPD SPD DIR MIN PSBL S-S WX    SPD DR
================================================================================

 1  48  30  39  -8  26   0 0.00  0.0    0 14.2 24 330   M    M   8        29 310
 2  53  31  42  -5  23   0 0.00  0.0    0 18.2 38 320   M    M   0        46 320
 3  81  37  59  11   6   0    T  0.0    0 19.2 38 250   M    M   1        48 260
 4  57  38  48   0  17   0 0.00  0.0    0 10.7 22  30   M    M   1        27  30
 5  60  35  48   0  17   0 0.37  0.0    0 13.1 28 140   M    M   3 13     39 150
 6  54  35  45  -4  20   0 0.02    M    0 17.9 35 290   M    M   5 1      41 290
 7  57  32  45  -4  20   0    T    M    0 15.4 40 320   M    M   8 3      52 320
 8  53  29  41  -8  24   0 0.00  0.0    0 17.1 30 330   M    M   1        50 320
 9  50  22  36 -14  29   0 0.00  0.0    0 10.8 22 150   M    M   2        30 150
10  64  47  56   6   9   0    T    M    0 10.5 20 360   M    M   7        27 190
11  54  33  44  -6  21   0 0.00  0.0    0 14.0 29 310   M    M   0        38 310
12  59  29  44  -7  21   0 0.00  0.0    0  6.9 14 180   M    M   0        18 180
13  69  38  54   3  11   0 0.00  0.0    0  9.4 18 200   M    M   0        25 130
14  70  45  58   7   7   0 0.00  0.0    0  8.6 17 150   M    M   0        23 160
15  74  48  61   9   4   0 0.00  0.0    0 10.2 24 150   M    M   3        32 150
16  75  56  66  14   0   1 0.00  0.0    0 10.4 22 150   M    M   2        31 130
17  75  57  66  14   0   1 0.00  0.0    0  9.3 21 140   M    M   5        27 150
18  68  53  61   9   4   0 0.33  0.0    0  8.4 18 180   M    M   8 1      26 160
19  66  50  58   5   7   0 0.00  0.0    0  6.4 17 320   M    M   7 1      20 320
20  62  51  57   4   8   0 0.28  0.0    0 11.5 24 230   M    M   7 1      30 230
21  64  48  56   3   9   0 0.31    M    0 11.7 21 320   M    M   7 13     26 320
22  62  50  56   2   9   0 0.00  0.0    0  7.3 20 350   M    M   7 1      24 360
23  74  45  60   6   5   0 0.00  0.0    0  9.0 18 180   M    M   1 1      25 190
24  79  56  68  14   0   3 0.08  0.0    0 14.4 35 240   M    M   1 3      44 240
25  74  57  66  11   0   1 0.00  0.0    0 12.4 20 220   M    M   3        25 190
26  70  52  61   6   4   0 0.43  0.0    0 10.3 28  30   M    M   4 13     35 120
27  65  46  56   1   9   0 0.76    M    0 10.8 38 240   M    M   5 13     48 240
================================================================================
SM 1737 1150       310   6  2.58     0.0 318.1          M       96
================================================================================
AV 64.3 42.6                              11.8 FASTST   M    M   4    MAX(MPH)
                                 MISC ---->  # 40 320               # 52  320
================================================================================
NOTES:
# LAST OF SEVERAL OCCURRENCES

COLUMN 17 PEAK WIND IN M.P.H.

PRELIMINARY LOCAL CLIMATOLOGICAL DATA (WS FORM: F-6) , PAGE 2

                                          STATION:  LAMONI IA
                                          MONTH:    APRIL
                                          YEAR:     2016
                                          LATITUDE:   40 37 N
                                          LONGITUDE:  93 56 W

[TEMPERATURE DATA]      [PRECIPITATION DATA]       SYMBOLS USED IN COLUMN 16

AVERAGE MONTHLY: 53.5   TOTAL FOR MONTH:   2.58    1 = FOG OR MIST
DPTR FM NORMAL:   2.3   DPTR FM NORMAL:   -0.57    2 = FOG REDUCING VISIBILITY
HIGHEST:    81 ON  3    GRTST 24HR  0.92 ON 26-27      TO 1/4 MILE OR LESS
LOWEST:     22 ON  9                               3 = THUNDER
                        SNOW, ICE PELLETS, HAIL    4 = ICE PELLETS
                        TOTAL MONTH:   0.0 INCH    5 = HAIL
                        GRTST 24HR     0.0         6 = FREEZING RAIN OR DRIZZLE
                        GRTST DEPTH:   0           7 = DUSTSTORM OR SANDSTORM:
                                                       VSBY 1/2 MILE OR LESS
                                                   8 = SMOKE OR HAZE
[NO. OF DAYS WITH]      [WEATHER - DAYS WITH]      9 = BLOWING SNOW
                                                   X = TORNADO
MAX 32 OR BELOW:   0    0.01 INCH OR MORE:   8
MAX 90 OR ABOVE:   0    0.10 INCH OR MORE:   6
MIN 32 OR BELOW:   6    0.50 INCH OR MORE:   1
MIN  0 OR BELOW:   0    1.00 INCH OR MORE:   0

[HDD (BASE 65) ]
TOTAL THIS MO.   310    CLEAR  (SCALE 0-3)  14
DPTR FM NORMAL   -67    PTCLDY (SCALE 4-7)  12
TOTAL FM JUL 1  4743    CLOUDY (SCALE 8-10)  1
DPTR FM NORMAL -1123

[CDD (BASE 65) ]
TOTAL THIS MO.     6
DPTR FM NORMAL     6    [PRESSURE DATA]
TOTAL FM JAN 1     6    HIGHEST SLP M ON M
DPTR FM NORMAL     5    LOWEST  SLP 29.55 ON 25

[REMARKS]
