000
CXUS53 KILX 260900
CF6LWV
PRELIMINARY LOCAL CLIMATOLOGICAL DATA (WS FORM: F-6)

                                          STATION:   LAWRENCEVILLE IL AIRPORT
                                          MONTH:     JULY
                                          YEAR:      2014
                                          LATITUDE:   38 45 N
                                          LONGITUDE:  87 36 W

  TEMPERATURE IN F:       :PCPN:    SNOW:  WIND      :SUNSHINE: SKY     :PK WND
================================================================================
1   2   3   4   5  6A  6B    7    8   9   10  11  12  13   14  15   16   17  18
                                     12Z  AVG MX 2MIN
DY MAX MIN AVG DEP HDD CDD  WTR  SNW DPTH SPD SPD DIR MIN PSBL S-S WX    SPD DR
================================================================================

 1  90  70  80   2   0  15 0.05    M    M  9.4 18 230   M    M   5 138    23 220
 2  82  61  72  -6   0   7 0.00    M    M  9.1 20 260   M    M   2 1      24 250
 3  76  59  68 -10   0   3 0.00    M    M  7.1 15 330   M    M   6        22 330
 4  81  56  69  -9   0   4 0.00    M    M  5.5 14  70   M    M   1        20  30
 5  83  55  69  -9   0   4 0.00    M    M  4.9 13 170   M    M   0 1      18 180
 6  88  63  76  -2   0  11 0.01    M    M  9.9 20 200   M    M   2 1      29 220
 7  90  69  80   2   0  15 0.02    M    M 10.2 22 200   M    M   4 3      29 220
 8  86  67  77  -1   0  12 0.16    M    M 11.5 28 240   M    M   4 13     34 220
 9  86  63  75  -3   0  10 0.00    M    M  7.3 16 300   M    M   2        23  50
10  85  60  73  -5   0   8 0.00    M    M  5.2 12 360   M    M   1 18     15 350
11  88  59  74  -4   0   9    T    M    M  3.5  9 280   M    M   0 8      13 170
12  86  70  78   0   0  13 0.28    M    M  6.5 16 190   M    M   3 138    26 210
13  91  73  82   4   0  17    T    M    M  7.6 16 260   M    M   2 13     20 250
14  87  66  77  -1   0  12 2.41    M    M  6.1 40 300   M    M   4 138    63 290
15  74  58  66 -12   0   1 0.00    M    M  9.2 17 320   M    M   3        24 300
16  76  55  66 -12   0   1 0.00    M    M  5.0 13 350   M    M   2        17 320
17  80  54  67 -11   0   2 0.00    M    M  2.6  9  90   M    M   2        12 360
18  81  59  70  -8   0   5 0.00    M    M  6.3 15  50   M    M   1        17  70
19  78  57  68 -10   0   3 0.00    M    M  5.1 13  50   M    M   3 18     19  20
20  83  57  70  -8   0   5 0.00    M    M  2.3  8  20   M    M   1 18     12 340
21  87  62  75  -3   0  10 0.00    M    M  2.0  8 360   M    M   3 18     12 300
22  89  64  77  -1   0  12 0.00    M    M  4.2 14 230   M    M   1 128    17 220
23  79  59  69  -9   0   4 0.99    M    M  8.0 26 300   M    M   5 138    32 270
24  80  56  68 -10   0   3 0.00    M    M  6.8 15  30   M    M   2        19  40
25  76  56  66 -12   0   1    T    M    M  4.4 17 200   M    M   0 1      23 170
================================================================================
SM 2082 1528         0 187  3.92    M    159.7          M       59
================================================================================
AV 83.3 61.1                               6.4 FASTST   M    M   2    MAX(MPH)
                                 MISC ---->  # 40 300               # 63  290
================================================================================
NOTES:
# LAST OF SEVERAL OCCURRENCES

COLUMN 17 PEAK WIND IN M.P.H.

PRELIMINARY LOCAL CLIMATOLOGICAL DATA (WS FORM: F-6) , PAGE 2

                                          STATION:  LAWRENCEVILLE IL AIRPORT
                                          MONTH:    JULY
                                          YEAR:     2014
                                          LATITUDE:   38 45 N
                                          LONGITUDE:  87 36 W

[TEMPERATURE DATA]      [PRECIPITATION DATA]       SYMBOLS USED IN COLUMN 16

AVERAGE MONTHLY: 72.2   TOTAL FOR MONTH:   3.92    1 = FOG OR MIST
DPTR FM NORMAL:  -5.8   DPTR FM NORMAL:    0.18    2 = FOG REDUCING VISIBILITY
HIGHEST:    91 ON 13    GRTST 24HR  2.41 ON 14-14      TO 1/4 MILE OR LESS
LOWEST:     54 ON 17                               3 = THUNDER
                        SNOW, ICE PELLETS, HAIL    4 = ICE PELLETS
                        TOTAL MONTH:    M          5 = HAIL
                        GRTST 24HR    M  ON   M    6 = FREEZING RAIN OR DRIZZLE
                        GRTST DEPTH:  M  ON   M    7 = DUSTSTORM OR SANDSTORM:
                                                       VSBY 1/2 MILE OR LESS
                                                   8 = SMOKE OR HAZE
[NO. OF DAYS WITH]      [WEATHER - DAYS WITH]      9 = BLOWING SNOW
                                                   X = TORNADO
MAX 32 OR BELOW:   0    0.01 INCH OR MORE:   7
MAX 90 OR ABOVE:   3    0.10 INCH OR MORE:   4
MIN 32 OR BELOW:   0    0.50 INCH OR MORE:   2
MIN  0 OR BELOW:   0    1.00 INCH OR MORE:   1

[HDD (BASE 65) ]
TOTAL THIS MO.     0    CLEAR  (SCALE 0-3)  19
DPTR FM NORMAL     0    PTCLDY (SCALE 4-7)   6
TOTAL FM JUL 1     0    CLOUDY (SCALE 8-10)  0
DPTR FM NORMAL     0

[CDD (BASE 65) ]
TOTAL THIS MO.   187
DPTR FM NORMAL  -138    [PRESSURE DATA]
TOTAL FM JAN 1   701    HIGHEST SLP M ON M
DPTR FM NORMAL   -53    LOWEST  SLP  0.00 ON  8

[REMARKS]
