000
CXUS55 KEAX 220736
CF6LXT
PRELIMINARY LOCAL CLIMATOLOGICAL DATA (WS FORM: F-6)

                                          STATION:   Lee`s Summit MO
                                          MONTH:     DECEMBER
                                          YEAR:      2014
                                          LATITUDE:   38 57 N
                                          LONGITUDE:  94 22 W

  TEMPERATURE IN F:       :PCPN:    SNOW:  WIND      :SUNSHINE: SKY     :PK WND
================================================================================
1   2   3   4   5  6A  6B    7    8   9   10  11  12  13   14  15   16   17  18
                                     12Z  AVG MX 2MIN
DY MAX MIN AVG DEP HDD CDD  WTR  SNW DPTH SPD SPD DIR MIN PSBL S-S WX    SPD DR
================================================================================

 1  27  17  22 -15  43   0 0.00    M    M 12.1 21  20   M    M   0        26  10
 2  37  19  28  -8  37   0 0.00    M    M  8.0 18 210   M    M   5        24 220
 3  46  26  36   0  29   0 0.00    M    M  8.4 16  30   M    M   0        19  20
 4  39  33  36   0  29   0 0.00    M    M  6.1 14  90   M    M  10 18     16  80
 5  45  38  42   7  23   0 0.54    M    M  7.9 14  20   M    M  10 1      17 360
 6  41  33  37   2  28   0 0.00    M    M  8.3 14 350   M    M  10 1      16 350
 7  43  33  38   4  27   0 0.03    M    M  7.9 13 130   M    M  10 1      18 150
 8  53  37  45  11  20   0 0.00    M    M  9.1 23 360   M    M   4 1      27 360
 9  37  27  32  -2  33   0 0.00    M    M  7.4 18 360   M    M   5        23  10
10  34  25  30  -4  35   0 0.01    M    M  6.0 12 120   M    M   9 1      14 130
11  39  33  36   3  29   0 0.00    M    M  4.2  8  80   M    M  10 1      10  80
12  54  38  46  13  19   0 0.00    M    M  4.8 12 190   M    M   9 1      15 180
13  56  45  51  18  14   0 0.00    M    M  7.1 15 180   M    M  10 1      19 180
14  63  53  58  26   7   0 0.63    M    M 11.3 20 180   M    M   8 1      24 180
15  53  34  44  12  21   0 0.02    M    M 15.0 24 300   M    M   9 1      31 230
16  34  26  30  -2  35   0 0.00    M    M 13.7 28 300   M    M  10        34 300
17  31  23  27  -5  38   0    T    M    M  5.2 10 100   M    M   8        13 360
18  33  28  31   0  34   0 0.08    M    M  5.7 10  70   M    M  10 1      14  70
19  35  31  33   2  32   0 0.00    M    M  1.6  8  60   M    M  10 1      10 140
20  43  33  38   7  27   0 0.00    M    M  8.4 14 190   M    M   8 1      20 180
21  47  35  41  10  24   0    T    M    M  9.7 18 180   M    M   9 1      26 170
================================================================================
SM  890  667       584   0  1.31    M    167.9          M      164
================================================================================
AV 42.4 31.8                               8.0 FASTST   M    M   8    MAX(MPH)
                                 MISC ---->  # 28 300               # 34  300
================================================================================
NOTES:
# LAST OF SEVERAL OCCURRENCES

COLUMN 17 PEAK WIND IN M.P.H.

PRELIMINARY LOCAL CLIMATOLOGICAL DATA (WS FORM: F-6) , PAGE 2

                                          STATION:  Lee`s Summit MO
                                          MONTH:    DECEMBER
                                          YEAR:     2014
                                          LATITUDE:   38 57 N
                                          LONGITUDE:  94 22 W

[TEMPERATURE DATA]      [PRECIPITATION DATA]       SYMBOLS USED IN COLUMN 16

AVERAGE MONTHLY: 37.1   TOTAL FOR MONTH:   1.31    1 = FOG OR MIST
DPTR FM NORMAL:   3.6   DPTR FM NORMAL:    0.26    2 = FOG REDUCING VISIBILITY
HIGHEST:    63 ON 14    GRTST 24HR  0.65 ON 14-15      TO 1/4 MILE OR LESS
LOWEST:     17 ON  1                               3 = THUNDER
                        SNOW, ICE PELLETS, HAIL    4 = ICE PELLETS
                        TOTAL MONTH:    M          5 = HAIL
                        GRTST 24HR    M  ON   M    6 = FREEZING RAIN OR DRIZZLE
                        GRTST DEPTH:  M  ON   M    7 = DUSTSTORM OR SANDSTORM:
                                                       VSBY 1/2 MILE OR LESS
                                                   8 = SMOKE OR HAZE
[NO. OF DAYS WITH]      [WEATHER - DAYS WITH]      9 = BLOWING SNOW
                                                   X = TORNADO
MAX 32 OR BELOW:   2    0.01 INCH OR MORE:   6
MAX 90 OR ABOVE:   0    0.10 INCH OR MORE:   2
MIN 32 OR BELOW:   9    0.50 INCH OR MORE:   2
MIN  0 OR BELOW:   0    1.00 INCH OR MORE:   0

[HDD (BASE 65) ]
TOTAL THIS MO.   584    CLEAR  (SCALE 0-3)   2
DPTR FM NORMAL   -80    PTCLDY (SCALE 4-7)   6
TOTAL FM JUL 1  1629    CLOUDY (SCALE 8-10) 13
DPTR FM NORMAL     1

[CDD (BASE 65) ]
TOTAL THIS MO.     0
DPTR FM NORMAL     0    [PRESSURE DATA]
TOTAL FM JAN 1  1324    HIGHEST SLP  0.00 ON M
DPTR FM NORMAL    10    LOWEST  SLP  0.00 ON M

[REMARKS]
