000
CXUS55 KEAX 280736
CF6LXT
PRELIMINARY LOCAL CLIMATOLOGICAL DATA (WS FORM: F-6)

                                          STATION:   Lee`s Summit MO
                                          MONTH:     MARCH
                                          YEAR:      2015
                                          LATITUDE:   38 57 N
                                          LONGITUDE:  94 22 W

  TEMPERATURE IN F:       :PCPN:    SNOW:  WIND      :SUNSHINE: SKY     :PK WND
================================================================================
1   2   3   4   5  6A  6B    7    8   9   10  11  12  13   14  15   16   17  18
                                     12Z  AVG MX 2MIN
DY MAX MIN AVG DEP HDD CDD  WTR  SNW DPTH SPD SPD DIR MIN PSBL S-S WX    SPD DR
================================================================================

 1  33  22  28 -11  37   0    T    M    M  2.9 10 310   M    M   8 1      13 350
 2  37  20  29 -10  36   0 0.00    M    M  7.3 16 110   M    M   3        20 110
 3  47  30  39  -1  26   0 0.00    M    M 13.9 24 230   M    M  10 1      32 240
 4  30  18  24 -16  41   0    T    M    M 12.8 25  10   M    M   7        31 360
 5  33  10  22 -18  43   0 0.00    M    M  7.2 16  10   M    M   0        20  10
 6  57  24  41   1  24   0 0.00    M    M 12.8 23 230   M    M   0        29 230
 7  69  39  54  13  11   0 0.00    M    M 10.6 20 240   M    M   0        25 240
 8  69  41  55  14  10   0 0.00    M    M  8.1 17 220   M    M   0        22 190
 9  61  32  47   5  18   0 0.00    M    M  6.1 15 210   M    M   0        18 200
10  70  43  57  15   8   0 0.00    M    M  5.1  9 200   M    M   0        13 200
11  75  46  61  19   4   0 0.00    M    M  5.6 12  60   M    M   0        14  60
12  72  47  60  17   5   0 0.00    M    M  8.4 16  90   M    M   0        23  80
13  72  45  59  16   6   0 0.00    M    M  7.6 16  30   M    M   0        22  20
14  66  45  56  13   9   0 0.00    M    M 10.0 20  20   M    M   0        25  20
15  74  42  58  14   7   0 0.00    M    M 10.8 20 220   M    M   0        25 220
16  82  54  68  24   0   3 0.00    M    M 14.3 25 220   M    M   0        33 220
17  63  43  53   9  12   0 0.00    M    M 15.2 26  30   M    M   0        33  30
18  43  36  40  -5  25   0 0.34    M    M 10.9 16 100   M    M   7 1      20  90
19  41  36  39  -6  26   0 0.35    M    M  4.6 13  90   M    M  10 1      15 100
20  61  36  49   4  16   0 0.00    M    M  6.1 16 220   M    M   2 1      21 210
21  69  44  57  11   8   0 0.00    M    M  8.1 13  70   M    M   0        16  40
22  73  44  59  13   6   0 0.00    M    M  6.4 14 200   M    M   0        19 200
23  60  41  51   5  14   0 0.00    M    M 11.0 25  70   M    M   2        32  70
24  54  39  47   0  18   0 0.07    M    M 12.1 24  80   M    M  10 13     30  80
25  55  41  48   1  17   0 0.01    M    M  9.8 23  20   M    M   9 18     27  20
26  52  34  43  -4  22   0 0.02    M    M 10.5 24  10   M    M   2        28  10
27  45  32  39  -9  26   0 0.00    M    M  9.3 17  10   M    M   6        23  20
================================================================================
SM 1563  984       475   3  0.79    M    247.5          M       76
================================================================================
AV 57.9 36.4                               9.2 FASTST   M    M   3    MAX(MPH)
                                 MISC ---->  # 26  30               # 33  220
================================================================================
NOTES:
# LAST OF SEVERAL OCCURRENCES

COLUMN 17 PEAK WIND IN M.P.H.

PRELIMINARY LOCAL CLIMATOLOGICAL DATA (WS FORM: F-6) , PAGE 2

                                          STATION:  Lee`s Summit MO
                                          MONTH:    MARCH
                                          YEAR:     2015
                                          LATITUDE:   38 57 N
                                          LONGITUDE:  94 22 W

[TEMPERATURE DATA]      [PRECIPITATION DATA]       SYMBOLS USED IN COLUMN 16

AVERAGE MONTHLY: 47.2   TOTAL FOR MONTH:   0.79    1 = FOG OR MIST
DPTR FM NORMAL:   3.9   DPTR FM NORMAL:   -1.22    2 = FOG REDUCING VISIBILITY
HIGHEST:    82 ON 16    GRTST 24HR  0.35 ON 19-19      TO 1/4 MILE OR LESS
LOWEST:     10 ON  5                               3 = THUNDER
                        SNOW, ICE PELLETS, HAIL    4 = ICE PELLETS
                        TOTAL MONTH:    M          5 = HAIL
                        GRTST 24HR    M  ON   M    6 = FREEZING RAIN OR DRIZZLE
                        GRTST DEPTH:  M  ON   M    7 = DUSTSTORM OR SANDSTORM:
                                                       VSBY 1/2 MILE OR LESS
                                                   8 = SMOKE OR HAZE
[NO. OF DAYS WITH]      [WEATHER - DAYS WITH]      9 = BLOWING SNOW
                                                   X = TORNADO
MAX 32 OR BELOW:   1    0.01 INCH OR MORE:   5
MAX 90 OR ABOVE:   0    0.10 INCH OR MORE:   2
MIN 32 OR BELOW:   8    0.50 INCH OR MORE:   0
MIN  0 OR BELOW:   0    1.00 INCH OR MORE:   0

[HDD (BASE 65) ]
TOTAL THIS MO.   475    CLEAR  (SCALE 0-3)  19
DPTR FM NORMAL  -111    PTCLDY (SCALE 4-7)   4
TOTAL FM JUL 1  4485    CLOUDY (SCALE 8-10)  4
DPTR FM NORMAL   -59

[CDD (BASE 65) ]
TOTAL THIS MO.     3
DPTR FM NORMAL     3    [PRESSURE DATA]
TOTAL FM JAN 1     3    HIGHEST SLP  0.00 ON M
DPTR FM NORMAL     3    LOWEST  SLP  0.00 ON M

[REMARKS]
