000
CXUS55 KEAX 290736
CF6LXT
PRELIMINARY LOCAL CLIMATOLOGICAL DATA (WS FORM: F-6)

                                          STATION:   Lee`s Summit MO
                                          MONTH:     APRIL
                                          YEAR:      2016
                                          LATITUDE:   38 57 N
                                          LONGITUDE:  94 22 W

  TEMPERATURE IN F:       :PCPN:    SNOW:  WIND      :SUNSHINE: SKY     :PK WND
================================================================================
1   2   3   4   5  6A  6B    7    8   9   10  11  12  13   14  15   16   17  18
                                     12Z  AVG MX 2MIN
DY MAX MIN AVG DEP HDD CDD  WTR  SNW DPTH SPD SPD DIR MIN PSBL S-S WX    SPD DR
================================================================================

 1  52  36  44  -5  21   0    T    M    M 12.7 26 300   M    M   4        35 310
 2  64  32  48  -2  17   0 0.00    M    M 12.3 25 340   M    M   0        33 350
 3  79  46  63  13   2   0 0.00    M    M 17.3 32 230   M    M   0        41 240
 4  67  47  57   7   8   0 0.00    M    M 10.0 20 360   M    M   0        27  10
 5  74  42  58   7   7   0 0.00    M    M 16.6 29 160   M    M   0        39 150
 6  67  49  58   7   7   0 0.18    M    M 12.5 26 310   M    M   6 1      36 320
 7  65  42  54   3  11   0 0.00    M    M 13.9 33 290   M    M   2        46 330
 8  63  37  50  -2  15   0 0.00    M    M 13.8 30 310   M    M   1        45 330
 9  60  30  45  -7  20   0 0.00    M    M 11.4 20 200   M    M   1        26 110
10  73  56  65  13   0   0    T    M    M 14.7 28 200   M    M   7 3      38 200
11  58  39  49  -4  16   0 0.00    M    M 13.1 26  20   M    M   3        33  30
12  61  34  48  -5  17   0 0.00    M    M  6.2 13 100   M    M   0        17 110
13  70  42  56   3   9   0 0.00    M    M  9.0 17 210   M    M   0 8      22 180
14  73  43  58   4   7   0 0.00    M    M  6.6 16 150   M    M   0        21 170
15  74  53  64  10   1   0 0.00    M    M 10.6 18 160   M    M   3        24 160
16  76  57  67  13   0   2 0.00    M    M 12.2 21 160   M    M   4        27 150
17  76  57  67  12   0   2 0.02    M    M 11.4 23 150   M    M   5        29 160
18  66  60  63   8   2   0 0.33    M    M  7.8 16 150   M    M   9 1      21 150
19  70  56  63   7   2   0 0.13    M    M  6.5 14  10   M    M   8 1      16 360
20  67  56  62   6   3   0 0.34    M    M 10.5 20 240   M    M   7 1      27 150
21  67  52  60   4   5   0    T    M    M 10.7 22 330   M    M   4 18     28 280
22  69  51  60   4   5   0 0.00    M    M  7.6 14  70   M    M   2 1      17  10
23  78  50  64   7   1   0 0.00    M    M  9.9 20 170   M    M   0 1      24 170
24  80  60  70  13   0   5 0.02    M    M 16.1 28 190   M    M   1 3      37 190
25  75  61  68  10   0   3 0.11    M    M 11.7 22 210   M    M   6 13     30 170
26  69  57  63   5   2   0 1.97    M    M  9.5 31 350   M    M   4 13     43 360
27  71  53  62   4   3   0 0.54    M    M 13.2 30 250   M    M   5 13     41 240
28  63  45  54  -5  11   0 0.00    M    M 10.0 20 240   M    M   4        26 230
================================================================================
SM 1927 1343       192  12  3.64    M    317.8          M       86
================================================================================
AV 68.8 48.0                              11.4 FASTST   M    M   3    MAX(MPH)
                                 MISC ---->  # 33 290               # 46  330
================================================================================
NOTES:
# LAST OF SEVERAL OCCURRENCES

COLUMN 17 PEAK WIND IN M.P.H.

PRELIMINARY LOCAL CLIMATOLOGICAL DATA (WS FORM: F-6) , PAGE 2

                                          STATION:  Lee`s Summit MO
                                          MONTH:    APRIL
                                          YEAR:     2016
                                          LATITUDE:   38 57 N
                                          LONGITUDE:  94 22 W

[TEMPERATURE DATA]      [PRECIPITATION DATA]       SYMBOLS USED IN COLUMN 16

AVERAGE MONTHLY: 58.4   TOTAL FOR MONTH:   3.64    1 = FOG OR MIST
DPTR FM NORMAL:   4.5   DPTR FM NORMAL:    0.10    2 = FOG REDUCING VISIBILITY
HIGHEST:    80 ON 24    GRTST 24HR  2.50 ON 26-27      TO 1/4 MILE OR LESS
LOWEST:     30 ON  9                               3 = THUNDER
                        SNOW, ICE PELLETS, HAIL    4 = ICE PELLETS
                        TOTAL MONTH:    M          5 = HAIL
                        GRTST 24HR    M  ON   M    6 = FREEZING RAIN OR DRIZZLE
                        GRTST DEPTH:  M  ON   M    7 = DUSTSTORM OR SANDSTORM:
                                                       VSBY 1/2 MILE OR LESS
                                                   8 = SMOKE OR HAZE
[NO. OF DAYS WITH]      [WEATHER - DAYS WITH]      9 = BLOWING SNOW
                                                   X = TORNADO
MAX 32 OR BELOW:   0    0.01 INCH OR MORE:   9
MAX 90 OR ABOVE:   0    0.10 INCH OR MORE:   7
MIN 32 OR BELOW:   2    0.50 INCH OR MORE:   2
MIN  0 OR BELOW:   0    1.00 INCH OR MORE:   1

[HDD (BASE 65) ]
TOTAL THIS MO.   192    CLEAR  (SCALE 0-3)  14
DPTR FM NORMAL  -129    PTCLDY (SCALE 4-7)  13
TOTAL FM JUL 1  3435    CLOUDY (SCALE 8-10)  1
DPTR FM NORMAL -1497

[CDD (BASE 65) ]
TOTAL THIS MO.    12
DPTR FM NORMAL     8    [PRESSURE DATA]
TOTAL FM JAN 1   950    HIGHEST SLP  0.00 ON M
DPTR FM NORMAL   946    LOWEST  SLP  0.00 ON M

[REMARKS]
