000
CXUS55 KPUB 301031
CF6LXV
PRELIMINARY LOCAL CLIMATOLOGICAL DATA (WS FORM: F-6)

                                          STATION:   LEADVILLE CO
                                          MONTH:     JUNE
                                          YEAR:      2015
                                          LATITUDE:   39 15 N
                                          LONGITUDE: 106 18 W

  TEMPERATURE IN F:       :PCPN:    SNOW:  WIND      :SUNSHINE: SKY     :PK WND
================================================================================
1   2   3   4   5  6A  6B    7    8   9   10  11  12  13   14  15   16   17  18
                                     12Z  AVG MX 2MIN
DY MAX MIN AVG DEP HDD CDD  WTR  SNW DPTH SPD SPD DIR MIN PSBL S-S WX    SPD DR
================================================================================

 1  66  30  48   3  17   0 0.00  0.0    0  6.7 25 200   M    M   1 3      31 200
 2  66  30  48   2  17   0 0.00  0.0    0  6.5 23 270   M    M   0        38 210
 3  67  28  48   2  17   0 0.00  0.0    0  7.1 25 180   M    M   1        37 170
 4  68  31  50   4  15   0 0.00  0.0    0  6.0 21 190   M    M   1        28 160
 5  58  34  46   0  19   0 0.17  0.0    0  6.9 24 170   M    M   6 12     34 180
 6  57  33  45  -2  20   0 0.02  0.0    0  5.3 18 310   M    M   6 12     24 310
 7  62  29  46  -1  19   0 0.00  0.0    0  7.2 21 280   M    M   1        30 280
 8  69  27  48   1  17   0 0.00  0.0    0  3.5 16 290   M    M   2        21 300
 9  71  33  52   5  13   0 0.00  0.0    0  6.0 15 270   M    M   1        22 280
10  60  41  51   3  14   0 0.17  0.0    0  7.8 21 180   M    M   8 1      28 170
11  62  41  52   4  13   0 0.11  0.0    0  6.6 24 170   M    M   7 13     34 180
12  63  37  50   2  15   0 0.07  0.0    0  4.8 17 180   M    M   7        23  10
13  65  32  49   1  16   0 0.18  0.0    0  7.4 29 350   M    M   4 13     36 360
14  62  36  49   0  16   0 0.04  0.0    0  5.8 18 180   M    M   8 13     25  20
15  67  32  50   1  15   0 0.00  0.0    0  5.9 23 180   M    M   4 3      27 190
16  66  41  54   5  11   0 0.15  0.0    0  8.5 25  10   M    M   5 3      32  10
17  70  41  56   7   9   0 0.07  0.0    0  5.7 18 290   M    M   3 13     24 300
18  73  35  54   4  11   0 0.00  0.0    0  6.3 17 270   M    M   1        23 270
19  73  34  54   4  11   0 0.00  0.0    0  6.2 21 290   M    M   0        25 290
20  75  38  57   7   8   0 0.00  0.0    0  5.6 21 260   M    M   0        29 250
21  77  36  57   7   8   0 0.00  0.0    0  6.2 23 250   M    M   0        31 260
22  77  39  58   7   7   0 0.00  0.0    0  8.1 23 200   M    M   0        32 260
23  77  42  60   9   5   0 0.00  0.0    0  7.7 25 290   M    M   1        36 300
24  75  43  59   8   6   0 0.00  0.0    0  8.2 24 170   M    M   2 3      29 180
25  74  37  56   5   9   0    T  0.0    0  7.3 23 290   M    M   2        33 320
26  76  38  57   5   8   0 0.00  0.0    0  6.9 22 320   M    M   1        30 180
27  76  44  60   8   5   0 0.00  0.0    0  6.1 23 350   M    M   2        32 350
28  74  39  57   5   8   0 0.02  0.0    0  5.3 26 350   M    M   3 3      36 340
29  77  40  59   7   6   0 0.00  0.0    0  7.1 23  10   M    M   3        30 350
================================================================================
SM 2003 1041       355   0  1.00     0.0 188.7          M       80
================================================================================
AV 69.1 35.9                               6.5 FASTST   M    M   3    MAX(MPH)
                                 MISC ---->  # 29 350               # 38  210
================================================================================
NOTES:
# LAST OF SEVERAL OCCURRENCES

COLUMN 17 PEAK WIND IN M.P.H.

PRELIMINARY LOCAL CLIMATOLOGICAL DATA (WS FORM: F-6) , PAGE 2

                                          STATION:  LEADVILLE CO
                                          MONTH:    JUNE
                                          YEAR:     2015
                                          LATITUDE:   39 15 N
                                          LONGITUDE: 106 18 W

[TEMPERATURE DATA]      [PRECIPITATION DATA]       SYMBOLS USED IN COLUMN 16

AVERAGE MONTHLY: 52.5   TOTAL FOR MONTH:   1.00    1 = FOG OR MIST
DPTR FM NORMAL:   3.6   DPTR FM NORMAL:    0.10    2 = FOG REDUCING VISIBILITY
HIGHEST:    77 ON 29,23 GRTST 24HR  0.22 ON 13-14      TO 1/4 MILE OR LESS
LOWEST:     27 ON  8                               3 = THUNDER
                        SNOW, ICE PELLETS, HAIL    4 = ICE PELLETS
                        TOTAL MONTH:   0.0 INCH    5 = HAIL
                        GRTST 24HR     0.0         6 = FREEZING RAIN OR DRIZZLE
                        GRTST DEPTH:   0           7 = DUSTSTORM OR SANDSTORM:
                                                       VSBY 1/2 MILE OR LESS
                                                   8 = SMOKE OR HAZE
[NO. OF DAYS WITH]      [WEATHER - DAYS WITH]      9 = BLOWING SNOW
                                                   X = TORNADO
MAX 32 OR BELOW:   0    0.01 INCH OR MORE:  10
MAX 90 OR ABOVE:   0    0.10 INCH OR MORE:   5
MIN 32 OR BELOW:   8    0.50 INCH OR MORE:   0
MIN  0 OR BELOW:   0    1.00 INCH OR MORE:   0

[HDD (BASE 65) ]
TOTAL THIS MO.   355    CLEAR  (SCALE 0-3)  18
DPTR FM NORMAL  -113    PTCLDY (SCALE 4-7)  11
TOTAL FM JUL 1 10355    CLOUDY (SCALE 8-10)  0
DPTR FM NORMAL  -867

[CDD (BASE 65) ]
TOTAL THIS MO.     0
DPTR FM NORMAL     0    [PRESSURE DATA]
TOTAL FM JAN 1     0    HIGHEST SLP M ON M
DPTR FM NORMAL     0    LOWEST  SLP 29.65 ON 11

[REMARKS]
