000
CXUS51 KRNK 210718
CF6LYH

PRELIMINARY LOCAL CLIMATOLOGICAL DATA (WS FORM: F-6)

                                          STATION:   LYNCHBURG VA
                                          MONTH:     NOVEMBER
                                          YEAR:      2017
                                          LATITUDE:   37 19 N
                                          LONGITUDE:  79 12 W

  TEMPERATURE IN F:       :PCPN:    SNOW:  WIND      :SUNSHINE: SKY     :PK WND
================================================================================
1   2   3   4   5  6A  6B    7    8   9   10  11  12  13   14  15   16   17  18
                                     12Z  AVG MX 2MIN
DY MAX MIN AVG DEP HDD CDD  WTR  SNW DPTH SPD SPD DIR MIN PSBL S-S WX    SPD DR
================================================================================

 1  63  41  52   0  13   0 0.00  0.0    0  3.6 10  40   M    M   1        13  30
 2  74  48  61  10   4   0 0.00  0.0    0  3.5 17 170   M    M   2        21 190
 3  80  48  64  13   1   0 0.00  0.0    0  4.3 13 270   M    M   3 1      17 200
 4  65  46  56   5   9   0 0.28  0.0    0  9.2 21  30   M    M  10 1      28  40
 5  57  47  52   2  13   0 0.00  0.0    0  2.6 10 210   M    M  10 1      15 210
 6  73  56  65  15   0   0 0.01  0.0    0  4.5 14 190   M    M   7 1      17 220
 7  60  41  51   1  14   0 0.06  0.0    0  8.5 15  40   M    M   9 1      21  40
 8  45  41  43  -6  22   0 0.03  0.0    0  8.0 14  20   M    M  10 1      17  20
 9  50  38  44  -5  21   0 0.22  0.0    0  4.3 14  20   M    M  10 12     17  20
10  54  28  41  -8  24   0 0.00  0.0    0  5.4 17  50   M    M   0 1      22  60
11  39  23  31 -17  34   0 0.00  0.0    0  3.1 12  50   M    M   0        15  60
12  43  26  35 -13  30   0 0.30  0.0    0  1.9  9 190   M    M   6 1      10 190
13  59  36  48   0  17   0 0.01  0.0    0  1.2  9  40   M    M   9 12     15 270
14  48  31  40  -7  25   0 0.00  0.0    0  3.1 10  70   M    M   7 1      14  70
15  49  26  38  -9  27   0 0.01  0.0    0  1.2 10  20   M    M   1 1      13  50
16  63  32  48   1  17   0 0.00  0.0    0  4.1 16 260   M    M   0 1      24 270
17  56  28  42  -4  23   0 0.00  0.0    0  2.4  9 330   M    M   0        16 340
18  62  32  47   1  18   0    T  0.0    0 12.3 23 200   M    M   1        33 200
19  62  35  49   3  16   0 0.03  0.0    0  8.1 22 210   M    M   2        30 270
20  51  28  40  -5  25   0 0.00  0.0    0  3.7 13 270   M    M   0        17 270
================================================================================
SM 1153  731       353   0  0.95     0.0  95.0          M       88
================================================================================
AV 57.7 36.6                               4.7 FASTST   M    M   4    MAX(MPH)
                                 MISC ---->  # 23 200               # 33  200
================================================================================
NOTES:
# LAST OF SEVERAL OCCURRENCES

COLUMN 17 PEAK WIND IN M.P.H.

PRELIMINARY LOCAL CLIMATOLOGICAL DATA (WS FORM: F-6) , PAGE 2

                                          STATION:  LYNCHBURG VA
                                          MONTH:    NOVEMBER
                                          YEAR:     2017
                                          LATITUDE:   37 19 N
                                          LONGITUDE:  79 12 W

[TEMPERATURE DATA]      [PRECIPITATION DATA]       SYMBOLS USED IN COLUMN 16

AVERAGE MONTHLY: 47.1   TOTAL FOR MONTH:   0.95    1 = FOG OR MIST
DPTR FM NORMAL:  -1.4   DPTR FM NORMAL:   -1.32    2 = FOG REDUCING VISIBILITY
HIGHEST:    80 ON  3    GRTST 24HR  0.30 ON 12-12      TO 1/4 MILE OR LESS
LOWEST:     23 ON 11                               3 = THUNDER
                        SNOW, ICE PELLETS, HAIL    4 = ICE PELLETS
                        TOTAL MONTH:   0.0 INCH    5 = HAIL
                        GRTST 24HR     0.0         6 = FREEZING RAIN OR DRIZZLE
                        GRTST DEPTH:   0           7 = DUSTSTORM OR SANDSTORM:
                                                       VSBY 1/2 MILE OR LESS
                                                   8 = SMOKE OR HAZE
[NO. OF DAYS WITH]      [WEATHER - DAYS WITH]      9 = BLOWING SNOW
                                                   X = TORNADO
MAX 32 OR BELOW:   0    0.01 INCH OR MORE:   9
MAX 90 OR ABOVE:   0    0.10 INCH OR MORE:   3
MIN 32 OR BELOW:   9    0.50 INCH OR MORE:   0
MIN  0 OR BELOW:   0    1.00 INCH OR MORE:   0

[HDD (BASE 65) ]
TOTAL THIS MO.   353    CLEAR  (SCALE 0-3)  11
DPTR FM NORMAL    22    PTCLDY (SCALE 4-7)   3
TOTAL FM JUL 1   605    CLOUDY (SCALE 8-10)  6
DPTR FM NORMAL   -73

[CDD (BASE 65) ]
TOTAL THIS MO.     0
DPTR FM NORMAL     0    [PRESSURE DATA]
TOTAL FM JAN 1  1174    HIGHEST SLP M ON M
DPTR FM NORMAL   143    LOWEST  SLP 29.44 ON 18


[REMARKS] DUE TO MISSING TEMPERATURES ON FEBRUARY 23 AND JULY 24-
25...ALL TEMPERATURE AND DEGREE DAY INFORMATION WILL BE CALCULATED
WITHOUT DATA FROM THESE DATES.
