000
CXUS51 KRNK 281952
CF6LYH
PRELIMINARY LOCAL CLIMATOLOGICAL DATA (WS FORM: F-6)

                                          STATION:   LYNCHBURG VA
                                          MONTH:     MARCH
                                          YEAR:      2015
                                          LATITUDE:   37 19 N
                                          LONGITUDE:  79 12 W

  TEMPERATURE IN F:       :PCPN:    SNOW:  WIND      :SUNSHINE: SKY     :PK WND
================================================================================
1   2   3   4   5  6A  6B    7    8   9   10  11  12  13   14  15   16   17  18
                                     12Z  AVG MX 2MIN
DY MAX MIN AVG DEP HDD CDD  WTR  SNW DPTH SPD SPD DIR MIN PSBL S-S WX    SPD DR
================================================================================

 1  32  20  26 -15  39   0 0.09  0.0    T  3.1 12 200   M    M   9 126    13 200
 2  52  30  41  -1  24   0 0.00  0.0    T  5.5 15 260   M    M   1 1      25 260
 3  37  31  34  -8  31   0 0.04  0.0    0  6.0 13 200   M    M   9 1      17 210
 4  58  37  48   6  17   0 0.14  0.0    0  4.3 13 200   M    M  10 1      15 300
 5  48  25  37  -5  28   0 0.87  2.5    3  9.5 17  20   M    M  10 14     22  50
 6  31  15  23 -20  42   0 0.00  0.0    2  3.0 10  20   M    M   0        12 360
 7  53  17  35  -8  30   0 0.00  0.0    T  6.2 14 230   M    M   0        19 210
 8  62  37  50   7  15   0 0.00  0.0    0  6.7 16 300   M    M   0        25 290
 9  65  39  52   8  13   0 0.00  0.0    0  3.3 13 200   M    M   1        18 270
10  58  41  50   6  15   0 0.02  0.0    0  0.6 10 180   M    M   9 1      12 190
11  64  43  54  10  11   0 0.16  0.0    0  3.5  9 220   M    M   8        13 220
12  63  36  50   6  15   0 0.00  0.0    0  5.6 15  30   M    M   0        20  20
13  50  32  41  -4  24   0 0.30  0.0    0  3.0 10 130   M    M   7 1      13 170
14  56  38  47   2  18   0 0.49  0.0    0  4.5 10 200   M    M   8 1      14 220
15  68  44  56  11   9   0 0.00  0.0    0  7.7 21 300   M    M   0        35 290
16  77  39  58  12   7   0 0.00  0.0    0  5.7 15 260   M    M   0        23 230
17  73  43  58  12   7   0 0.00  0.0    0  7.0 17 300   M    M   1        28 310
18  58  29  44  -2  21   0 0.00  0.0    0  5.2 15 310   M    M   0        24 300
19  47  38  43  -4  22   0 0.31  0.0    0  4.0 13 160   M    M   7 1      15 160
20  48  37  43  -4  22   0 0.28  0.0    0  2.1  8  40   M    M  10 1      12  60
21  65  40  53   6  12   0 0.00  0.0    0  4.7 13 240   M    M   4 12     18 280
22  67  42  55   7  10   0 0.00  0.0    0  3.8 17  40   M    M   1        22  40
23  53  37  45  -3  20   0 0.00  0.0    0  7.8 17  40   M    M   5        22  30
24  57  33  45  -3  20   0    T  0.0    0  4.6 14  40   M    M   8        17  40
25  49  39  44  -5  21   0 0.01  0.0    0  3.2 14  50   M    M   9 8      15  50
26  72  44  58   9   7   0 0.04  0.0    0  7.3 21 200   M    M   7 12     24 200
27  57  37  47  -2  18   0 0.52  0.0    0  5.5 13  50   M    M  10 1      20 320
================================================================================
SM 1520  943       518   0  3.27     2.5 133.4          M      134
================================================================================
AV 56.3 34.9                               4.9 FASTST   M    M   5    MAX(MPH)
                                 MISC ---->  # 21 300               # 35  290
================================================================================
NOTES:
# LAST OF SEVERAL OCCURRENCES

COLUMN 17 PEAK WIND IN M.P.H.

PRELIMINARY LOCAL CLIMATOLOGICAL DATA (WS FORM: F-6) , PAGE 2

                                          STATION:  LYNCHBURG VA
                                          MONTH:    MARCH
                                          YEAR:     2015
                                          LATITUDE:   37 19 N
                                          LONGITUDE:  79 12 W

[TEMPERATURE DATA]      [PRECIPITATION DATA]       SYMBOLS USED IN COLUMN 16

AVERAGE MONTHLY: 45.6   TOTAL FOR MONTH:   3.27    1 = FOG OR MIST
DPTR FM NORMAL:   0.5   DPTR FM NORMAL:    0.18    2 = FOG REDUCING VISIBILITY
HIGHEST:    77 ON 16    GRTST 24HR  0.87 ON  5- 5      TO 1/4 MILE OR LESS
LOWEST:     15 ON  6                               3 = THUNDER
                        SNOW, ICE PELLETS, HAIL    4 = ICE PELLETS
                        TOTAL MONTH:   2.5 INCHES  5 = HAIL
                        GRTST 24HR   2.5 ON  5- 5  6 = FREEZING RAIN OR DRIZZLE
                        GRTST DEPTH:   3 ON  5     7 = DUSTSTORM OR SANDSTORM:
                                                       VSBY 1/2 MILE OR LESS
                                                   8 = SMOKE OR HAZE
[NO. OF DAYS WITH]      [WEATHER - DAYS WITH]      9 = BLOWING SNOW
                                                   X = TORNADO
MAX 32 OR BELOW:   2    0.01 INCH OR MORE:  13
MAX 90 OR ABOVE:   0    0.10 INCH OR MORE:   8
MIN 32 OR BELOW:   8    0.50 INCH OR MORE:   2
MIN  0 OR BELOW:   0    1.00 INCH OR MORE:   0

[HDD (BASE 65) ]
TOTAL THIS MO.   518    CLEAR  (SCALE 0-3)  11
DPTR FM NORMAL   -18    PTCLDY (SCALE 4-7)   8
TOTAL FM JUL 1  4207    CLOUDY (SCALE 8-10)  8
DPTR FM NORMAL   247

[CDD (BASE 65) ]
TOTAL THIS MO.     0
DPTR FM NORMAL     0    [PRESSURE DATA]
TOTAL FM JAN 1     0    HIGHEST SLP M ON M
DPTR FM NORMAL     0    LOWEST  SLP 29.65 ON 26

[REMARKS]
