000
CXUS54 KLZK 241130
CF6M19
PRELIMINARY LOCAL CLIMATOLOGICAL DATA (WS FORM: F-6)

                                          STATION:   Newport Airport
                                          MONTH:     JANUARY
                                          YEAR:      2017
                                          LATITUDE:   35 35 N
                                          LONGITUDE:  91 16 W

  TEMPERATURE IN F:       :PCPN:    SNOW:  WIND      :SUNSHINE: SKY     :PK WND
================================================================================
1   2   3   4   5  6A  6B    7    8   9   10  11  12  13   14  15   16   17  18
                                     12Z  AVG MX 2MIN
DY MAX MIN AVG DEP HDD CDD  WTR  SNW DPTH SPD SPD DIR MIN PSBL S-S WX    SPD DR
================================================================================

 1  44  42  43   6  22   0 0.00  0.0    0  9.5 14  30   M    M  10 1       M  M
 2  55  44  50  13  15   0 0.68    M    0  5.8  9 290   M    M  10 13      M  M
 3  57  39  48  11  17   0 0.00    M    0 12.8 21 330   M    M  10 12     25 320
 4  39  26  33  -4  32   0 0.00  0.0    0 11.8 20 330   M    M   0        23 340
 5  31  25  28  -9  37   0 0.00  0.0    0 12.3 16 340   M    M   9         M  M
 6  25  15  20 -17  45   0    T    M    0 12.3 17 350   M    M   6 1      21 340
 7  24  10  17 -20  48   0 0.00  0.0    0  6.2  8 200   M    M   0         M  M
 8  29  14  22 -14  43   0 0.00  0.0    0  8.1 13 170   M    M   1         M  M
 9  44  18  31  -5  34   0 0.00  0.0    0 10.5 17 160   M    M   4         M  M
10  65  44  55  19  10   0 0.00  0.0    0 18.5 30 190   M    M   6 12     41 190
11  70  46  58  22   7   0 0.01    M    0 15.6 30 200   M    M   7 12     37 200
12  75  41  58  22   7   0 0.04    M    0 19.0 27 200   M    M   7 18     35 200
13  41  35  38   2  27   0 0.00  0.0    0 14.4 23  30   M    M  10 1       M  M
14  42  38  40   4  25   0 0.42    M    0  7.8 13  20   M    M  10 1       M  M
15  44  38  41   5  24   0    T    M    0  9.1 12  50   M    M  10 12      M  M
16  64  44  54  18  11   0 0.78    M    0  9.3 21 180   M    M   9 123     M  M
17  62  41  52  16  13   0 0.00    M    0  7.7 18 260   M    M   3         M  M
18  48  38  43   6  22   0    T    M    0  6.6 10  60   M    M   8 1       M  M
19  52  45  49  12  16   0 0.00    M    0  7.3 12  40   M    M  10 123     M  M
20  66  50  58  21   7   0 0.00  0.0    0 13.4 28 190   M    M   3 1      33 200
21  69  50  60  23   5   0 0.04  0.0    0 10.5 18 170   M    M   0         M  M
22  57  46  52  15  13   0 0.18    M    0  9.3 24 330   M    M   4 1      30 330
23  56  40  48  11  17   0    M    M    0 13.6 25 320   M    M   3        22 340
================================================================================
SM 1159  829       497   0  2.15     0.0 251.4          M      140
================================================================================
AV 50.4 36.0                              10.9 FASTST   M    M   6    MAX(MPH)
                                 MISC ---->    30   M                 41    M
================================================================================
NOTES:
# LAST OF SEVERAL OCCURRENCES

COLUMN 17 PEAK WIND IN M.P.H.

PRELIMINARY LOCAL CLIMATOLOGICAL DATA (WS FORM: F-6) , PAGE 2

                                          STATION:  Newport Airport
                                          MONTH:    JANUARY
                                          YEAR:     2017
                                          LATITUDE:   35 35 N
                                          LONGITUDE:  91 16 W

[TEMPERATURE DATA]      [PRECIPITATION DATA]       SYMBOLS USED IN COLUMN 16

AVERAGE MONTHLY: 43.2   TOTAL FOR MONTH:   2.15    1 = FOG OR MIST
DPTR FM NORMAL:   6.7   DPTR FM NORMAL:   -0.52    2 = FOG REDUCING VISIBILITY
HIGHEST:    75 ON 12    GRTST 24HR  0.78 ON 16-16      TO 1/4 MILE OR LESS
LOWEST:     10 ON  7                               3 = THUNDER
                        SNOW, ICE PELLETS, HAIL    4 = ICE PELLETS
                        TOTAL MONTH:   0.0 INCH    5 = HAIL
                        GRTST 24HR     0.0         6 = FREEZING RAIN OR DRIZZLE
                        GRTST DEPTH:   0           7 = DUSTSTORM OR SANDSTORM:
                                                       VSBY 1/2 MILE OR LESS
                                                   8 = SMOKE OR HAZE
[NO. OF DAYS WITH]      [WEATHER - DAYS WITH]      9 = BLOWING SNOW
                                                   X = TORNADO
MAX 32 OR BELOW:   4    0.01 INCH OR MORE:   7
MAX 90 OR ABOVE:   0    0.10 INCH OR MORE:   4
MIN 32 OR BELOW:   6    0.50 INCH OR MORE:   2
MIN  0 OR BELOW:   0    1.00 INCH OR MORE:   0

[HDD (BASE 65) ]
TOTAL THIS MO.   497    CLEAR  (SCALE 0-3)   5
DPTR FM NORMAL  -154    PTCLDY (SCALE 4-7)   9
TOTAL FM JUL 1  1489    CLOUDY (SCALE 8-10)  9
DPTR FM NORMAL  -586

[CDD (BASE 65) ]
TOTAL THIS MO.     0
DPTR FM NORMAL     0    [PRESSURE DATA]
TOTAL FM JAN 1     0    HIGHEST SLP M ON M
DPTR FM NORMAL     0    LOWEST  SLP M ON M

[REMARKS]
