000
CXUS54 KMAF 281319
CF6MAF
PRELIMINARY LOCAL CLIMATOLOGICAL DATA (WS FORM: F-6)

                                          STATION:   Midland International Airport
                                          MONTH:     FEBRUARY
                                          YEAR:      2015
                                          LATITUDE:   31 57 N
                                          LONGITUDE: 102 11 W

  TEMPERATURE IN F:       :PCPN:    SNOW:  WIND      :SUNSHINE: SKY     :PK WND
================================================================================
1   2   3   4   5  6A  6B    7    8   9   10  11  12  13   14  15   16   17  18
                                     12Z  AVG MX 2MIN
DY MAX MIN AVG DEP HDD CDD  WTR  SNW DPTH SPD SPD DIR MIN PSBL S-S WX    SPD DR
================================================================================

 1  51  37  44  -2  21   0 0.00  0.0    0 11.7 26  50   M    M   7 12     32  50
 2  52  30  41  -5  24   0 0.00  0.0    0 11.2 22 170   M    M   2        26 170
 3  59  36  48   2  17   0 0.00  0.0    0  9.6 20 170   M    M   1 12     23 170
 4  76  32  54   8  11   0 0.00  0.0    0 14.8 40  20   M    M   7 1278   46  20
 5  43  30  37  -9  28   0 0.00  0.0    0  7.9 21  20   M    M   7 1      22  20
 6  69  29  49   3  16   0 0.00  0.0    0  6.9 15 200   M    M   0 1      19 220
 7  81  41  61  14   4   0 0.00  0.0    0 11.7 22 260   M    M   0        26 280
 8  79  48  64  17   1   0 0.00  0.0    0 11.1 25 350   M    M   0        30 350
 9  77  40  59  12   6   0 0.00  0.0    0  7.4 18 200   M    M   0 8      23 210
10  82  50  66  19   0   1 0.00  0.0    0  8.7 17 220   M    M   0        20 220
11  63  43  53   5  12   0 0.00  0.0    0 17.8 35  20   M    M   3 8      41  20
12  50  41  46  -2  19   0 0.00  0.0    0  9.5 25  20   M    M  10        31  10
13  70  37  54   6  11   0 0.00  0.0    0  5.9 17 210   M    M   2        21 210
14  73  39  56   8   9   0 0.00  0.0    0  6.7 15 190   M    M   0 18     20 170
15  77  39  58  10   7   0    T    M    0 14.1 31  30   M    M   2        37  30
16  48  31  40  -9  25   0 0.00  0.0    0 15.0 30  10   M    M   4        36  20
17  49  32  41  -8  24   0 0.01  0.3    T  5.6 14 310   M    M   7 1      16 290
18  69  31  50   1  15   0 0.00  0.0    0  8.6 17 190   M    M   0 8      21 200
19  72  37  55   6  10   0 0.00  0.0    0 12.2 23 180   M    M   0        29 190
20  79  45  62  12   3   0 0.00  0.0    0 11.9 22 260   M    M   0        28 270
21  66  42  54   4  11   0 0.00  0.0    0 10.6 25  10   M    M   0 8      32 320
22  51  23  37 -13  28   0 0.14    T    0 18.5 29  40   M    M   8 1468   33  40
23  24  20  22 -28  43   0    T    T    T 10.8 21  30   M    M  10 16     25  30
24  39  24  32 -19  33   0 0.00  0.0    T  4.8 17 260   M    M   8 18     19 270
25  63  31  47  -4  18   0 0.05  0.2    T 11.3 26 310   M    M   2 1      32 320
26  49  27  38 -13  27   0 0.00  0.0    0 19.1 29  40   M    M   8        37  50
27  27  19  23 -28  42   0 0.06  0.5    T 14.0 20  60   M    M  10 1      23  80
================================================================================
SM 1638  934       465   1  0.26     1.0 297.4          M       98
================================================================================
AV 60.7 34.6                              11.0 FASTST   M    M   4    MAX(MPH)
                                 MISC ---->  # 40  20               # 46   20
================================================================================
NOTES:
# LAST OF SEVERAL OCCURRENCES

COLUMN 17 PEAK WIND IN M.P.H.

PRELIMINARY LOCAL CLIMATOLOGICAL DATA (WS FORM: F-6) , PAGE 2

                                          STATION:  Midland International Airport
                                          MONTH:    FEBRUARY
                                          YEAR:     2015
                                          LATITUDE:   31 57 N
                                          LONGITUDE: 102 11 W

[TEMPERATURE DATA]      [PRECIPITATION DATA]       SYMBOLS USED IN COLUMN 16

AVERAGE MONTHLY: 47.6   TOTAL FOR MONTH:   0.26    1 = FOG OR MIST
DPTR FM NORMAL:  -0.7   DPTR FM NORMAL:   -0.42    2 = FOG REDUCING VISIBILITY
HIGHEST:    82 ON 10    GRTST 24HR  0.54 ON 31- 1      TO 1/4 MILE OR LESS
LOWEST:     19 ON 27                               3 = THUNDER
                        SNOW, ICE PELLETS, HAIL    4 = ICE PELLETS
                        TOTAL MONTH:   1.0 INCH    5 = HAIL
                        GRTST 24HR   0.5 ON 27-27  6 = FREEZING RAIN OR DRIZZLE
                        GRTST DEPTH:   0           7 = DUSTSTORM OR SANDSTORM:
                                                       VSBY 1/2 MILE OR LESS
                                                   8 = SMOKE OR HAZE
[NO. OF DAYS WITH]      [WEATHER - DAYS WITH]      9 = BLOWING SNOW
                                                   X = TORNADO
MAX 32 OR BELOW:   2    0.01 INCH OR MORE:   4
MAX 90 OR ABOVE:   0    0.10 INCH OR MORE:   1
MIN 32 OR BELOW:  13    0.50 INCH OR MORE:   0
MIN  0 OR BELOW:   0    1.00 INCH OR MORE:   0

[HDD (BASE 65) ]
TOTAL THIS MO.   465    CLEAR  (SCALE 0-3)  15
DPTR FM NORMAL    14    PTCLDY (SCALE 4-7)   7
TOTAL FM JUL 1  2111    CLOUDY (SCALE 8-10)  5
DPTR FM NORMAL  -112

[CDD (BASE 65) ]
TOTAL THIS MO.     1
DPTR FM NORMAL     1    [PRESSURE DATA]
TOTAL FM JAN 1     1    HIGHEST SLP M ON M
DPTR FM NORMAL     1    LOWEST  SLP 29.62 ON 20

[REMARKS]
