000
CXUS52 KTAE 171416
CF6MAI
PRELIMINARY LOCAL CLIMATOLOGICAL DATA (WS FORM: F-6)

                                          STATION:   MARIANNA
                                          MONTH:     JANUARY
                                          YEAR:      2018
                                          LATITUDE:   30 50 N
                                          LONGITUDE:  85 11 W

  TEMPERATURE IN F:       :PCPN:    SNOW:  WIND      :SUNSHINE: SKY     :PK WND
================================================================================
1   2   3   4   5  6A  6B    7    8   9   10  11  12  13   14  15   16   17  18
                                     12Z  AVG MX 2MIN
DY MAX MIN AVG DEP HDD CDD  WTR  SNW DPTH SPD SPD DIR MIN PSBL S-S WX    SPD DR
================================================================================

 1  41  28  35 -15  30   0 0.00  0.0    0 12.5 20 350   M    M   4        25 350
 2  43  23  33 -17  32   0 0.00  0.0    0 10.5 20  50   M    M   0        25  60
 3  45  29  37 -13  28   0 0.00  0.0    0  7.8 17 330   M    M   4        23 330
 4  47  25  36 -14  29   0 0.00  0.0    0  7.8 17 320   M    M   0        22 320
 5  52  22  37 -13  28   0 0.00  0.0    0  2.2  8 300   M    M   0        13 340
 6  53  23  38 -12  27   0 0.00  0.0    0  3.2 14  30   M    M   0        18  30
 7  56  26  41  -9  24   0 0.00  0.0    0  6.5 14  90   M    M   0        19  80
 8  60  38  49  -1  16   0 0.01  0.0    0  7.0 12  60   M    M   3        16 110
 9  72  56  64  14   1   0 0.01  0.0    0  8.8 15  50   M    M   8        18  60
10  75  60  68  18   0   3 0.02  0.0    0  8.3 16  80   M    M  10 1      20  70
11  77  64  71  21   0   6 0.00  0.0    0  5.7 16 170   M    M   8 1      22 180
12  71  40  56   6   9   0 0.91  0.0    0  9.8 22 290   M    M   9 1      29 280
13  47  30  39 -11  26   0 0.00  0.0    0 12.4 21 320   M    M   4        28 330
14  50  26  38 -12  27   0 0.00  0.0    0  3.8 13  10   M    M   0        17  30
15  58  27  43  -7  22   0 0.00  0.0    0  1.9 10  20   M    M   0        15  20
16  63  30  47  -3  18   0 0.00  0.0    0  4.2 17 350   M    M   2        20 320
17  42  25  34 -16  31   0 0.06    T    0 11.9 20 340   M    M   4 1      26 320
18  51  21  36 -14  29   0 0.00  0.0    0  4.7 13 340   M    M   0 8      16 360
19  59  23  41  -9  24   0 0.00  0.0    0  0.9  8 350   M    M   0 18     12 280
20  65  31  48  -2  17   0    T  0.0    0  2.6 13  20   M    M   1 8      18  30
21  71  38  55   5  10   0 0.00  0.0    0  2.3 12  80   M    M   1        14 120
22  74  46  60  10   5   0 0.06  0.0    0  7.3 20 190   M    M   6 1      26 180
23  69  41  55   4  10   0    T  0.0    0  8.3 20 300   M    M   3        28 290
24  58  35  47  -4  18   0 0.00  0.0    0  6.0 14 330   M    M   0        18 330
25  65  33  49  -2  16   0 0.00  0.0    0  5.6 17  30   M    M   0        21  60
26  69  33  51   0  14   0 0.00  0.0    0  6.4 14  80   M    M   0        19 100
27  74  54  64  13   1   0 0.00  0.0    0  6.7 16 170   M    M   5        22 180
28  66  59  63  12   2   0 2.75  0.0    0  4.0 13 330   M    M  10 12     17 340
29  68  44  56   4   9   0 0.00  0.0    0 10.0 22 330   M    M   6 1      28 340
30  56  33  45  -7  20   0 0.00  0.0    0  8.6 18  10   M    M   0        27 360
31  62  31  47  -5  18   0 0.00  0.0    0  3.3 12 190   M    M   0        14 190
================================================================================
SM 1859 1094       541   9  3.82    T    201.0          M       88
================================================================================
AV 60.0 35.3                               6.5 FASTST   M    M   3    MAX(MPH)
                                 MISC ---->  # 22 290               # 29  280
================================================================================
NOTES:
# LAST OF SEVERAL OCCURRENCES

COLUMN 17 PEAK WIND IN M.P.H.

PRELIMINARY LOCAL CLIMATOLOGICAL DATA (WS FORM: F-6) , PAGE 2

                                          STATION:  MARIANNA
                                          MONTH:    JANUARY
                                          YEAR:     2018
                                          LATITUDE:   30 50 N
                                          LONGITUDE:  85 11 W

[TEMPERATURE DATA]      [PRECIPITATION DATA]       SYMBOLS USED IN COLUMN 16

AVERAGE MONTHLY: 47.6   TOTAL FOR MONTH:   3.82    1 = FOG OR MIST
DPTR FM NORMAL:  -2.7   DPTR FM NORMAL:   -1.22    2 = FOG REDUCING VISIBILITY
HIGHEST:    77 ON 11    GRTST 24HR  2.75 ON 28-28      TO 1/4 MILE OR LESS
LOWEST:     21 ON 18                               3 = THUNDER
                        SNOW, ICE PELLETS, HAIL    4 = ICE PELLETS
                        TOTAL MONTH:    T          5 = HAIL
                        GRTST 24HR    T  ON 17-17  6 = FREEZING RAIN OR DRIZZLE
                        GRTST DEPTH:   0           7 = DUSTSTORM OR SANDSTORM:
                                                       VSBY 1/2 MILE OR LESS
                                                   8 = SMOKE OR HAZE
[NO. OF DAYS WITH]      [WEATHER - DAYS WITH]      9 = BLOWING SNOW
                                                   X = TORNADO
MAX 32 OR BELOW:   0    0.01 INCH OR MORE:   7
MAX 90 OR ABOVE:   0    0.10 INCH OR MORE:   2
MIN 32 OR BELOW:  16    0.50 INCH OR MORE:   2
MIN  0 OR BELOW:   0    1.00 INCH OR MORE:   1

[HDD (BASE 65) ]
TOTAL THIS MO.   541    CLEAR  (SCALE 0-3)  18
DPTR FM NORMAL    80    PTCLDY (SCALE 4-7)   9
TOTAL FM JUL 1  1057    CLOUDY (SCALE 8-10)  4
DPTR FM NORMAL   -43

[CDD (BASE 65) ]
TOTAL THIS MO.     9
DPTR FM NORMAL     5    [PRESSURE DATA]
TOTAL FM JAN 1     9    HIGHEST SLP 30.55 ON  2
DPTR FM NORMAL     9    LOWEST  SLP 29.69 ON 12

[REMARKS]
#FINAL-01-18#
