000
CXUS55 KABR 231400
CF6MBG
PRELIMINARY LOCAL CLIMATOLOGICAL DATA (WS FORM: F-6)

                                          STATION:   MOBRIDGE SD
                                          MONTH:     MARCH
                                          YEAR:      2017
                                          LATITUDE:   45 32 N
                                          LONGITUDE: 100 25 W

  TEMPERATURE IN F:       :PCPN:    SNOW:  WIND      :SUNSHINE: SKY     :PK WND
================================================================================
1   2   3   4   5  6A  6B    7    8   9   10  11  12  13   14  15   16   17  18
                                     12Z  AVG MX 2MIN
DY MAX MIN AVG DEP HDD CDD  WTR  SNW DPTH SPD SPD DIR MIN PSBL S-S WX    SPD DR
================================================================================

 1  37  16  27   2  38   0 0.01  0.2    T  9.7 21 330   M    M   8 18     27 340
 2  32  15  24  -2  41   0 0.01  0.3    T  5.5 12 100   M    M   5 8      14  70
 3  43  19  31   5  34   0 0.00  0.0    0 11.2 21 150   M    M   4        25 150
 4  63  28  46  19  19   0 0.00  0.0    0 13.1 29 170   M    M   0        39 180
 5  64  25  45  18  20   0 0.00  0.0    0  7.0 15 140   M    M   0        19 140
 6  55  30  43  16  22   0 0.00  0.0    0 20.1 39 310   M    M   7 128    50 310
 7  43  27  35   7  30   0 0.00  0.0    0 24.1 45 300   M    M   0        59 300
 8  35  20  28   0  37   0 0.00  0.0    0 12.5 26 300   M    M   6        35 300
 9  28   0  14 -15  51   0 0.12  1.4    T 10.2 22 220   M    M   8 8      38 210
10  12   1   7 -22  58   0 0.07  1.3    1 11.2 20 110   M    M   8        22 110
11  14   7  11 -19  54   0 0.06  1.4    3 10.2 18  90   M    M  10 8      28  10
12  19   4  12 -18  53   0 0.26  2.8    6 16.5 26 120   M    M  10 8      33 100
13  17  -7   5 -25  60   0    T    T    9  8.1 17 130   M    M   4 8      22 190
14  24  14  19 -12  46   0 0.07  0.9    9 15.6 21 150   M    M   9        45 160
15  39  19  29  -2  36   0 0.00  0.0    8 11.8 18 140   M    M   3        22 130
16  47  33  40   8  25   0 0.00  0.0    5  6.6 15  90   M    M   1 8      19 100
17  47  26  37   5  28   0 0.00  0.0    2 12.9 32 310   M    M   2        40 320
18  53  22  38   5  27   0 0.00  0.0    1 12.9 24 150   M    M   1        29 150
19  69  36  53  20  12   0 0.00  0.0    T 10.2 21 360   M    M   1        28 360
20  55  35  45  11  20   0 0.02  0.0    0  7.4 20  30   M    M   9        24  20
21  39  28  34   0  31   0 0.00  0.0    0 11.5 22 130   M    M  10        26 130
22  49  27  38   4  27   0 0.00  0.0    0 22.3 36 170   M    M   5        45 150
================================================================================
SM  884  425       769   0  0.62     8.3 270.6          M      111
================================================================================
AV 40.2 19.3                              12.3 FASTST   M    M   5    MAX(MPH)
                                 MISC ---->  # 45 300               # 59  300
================================================================================
NOTES:
# LAST OF SEVERAL OCCURRENCES

COLUMN 17 PEAK WIND IN M.P.H.

PRELIMINARY LOCAL CLIMATOLOGICAL DATA (WS FORM: F-6) , PAGE 2

                                          STATION:  MOBRIDGE SD
                                          MONTH:    MARCH
                                          YEAR:     2017
                                          LATITUDE:   45 32 N
                                          LONGITUDE: 100 25 W

[TEMPERATURE DATA]      [PRECIPITATION DATA]       SYMBOLS USED IN COLUMN 16

AVERAGE MONTHLY: 29.8   TOTAL FOR MONTH:   0.62    1 = FOG OR MIST
DPTR FM NORMAL:  -0.1   DPTR FM NORMAL:    0.02    2 = FOG REDUCING VISIBILITY
HIGHEST:    69 ON 19    GRTST 24HR  0.26 ON 12-12      TO 1/4 MILE OR LESS
LOWEST:     -7 ON 13                               3 = THUNDER
                        SNOW, ICE PELLETS, HAIL    4 = ICE PELLETS
                        TOTAL MONTH:   8.3 INCHES  5 = HAIL
                        GRTST 24HR   2.8 ON   M    6 = FREEZING RAIN OR DRIZZLE
                        GRTST DEPTH:   9 ON 14,13  7 = DUSTSTORM OR SANDSTORM:
                                                       VSBY 1/2 MILE OR LESS
                                                   8 = SMOKE OR HAZE
[NO. OF DAYS WITH]      [WEATHER - DAYS WITH]      9 = BLOWING SNOW
                                                   X = TORNADO
MAX 32 OR BELOW:   7    0.01 INCH OR MORE:   8
MAX 90 OR ABOVE:   0    0.10 INCH OR MORE:   2
MIN 32 OR BELOW:  19    0.50 INCH OR MORE:   0
MIN  0 OR BELOW:   2    1.00 INCH OR MORE:   0

[HDD (BASE 65) ]
TOTAL THIS MO.   769    CLEAR  (SCALE 0-3)   8
DPTR FM NORMAL    -4    PTCLDY (SCALE 4-7)   9
TOTAL FM JUL 1  6206    CLOUDY (SCALE 8-10)  5
DPTR FM NORMAL  -542

[CDD (BASE 65) ]
TOTAL THIS MO.     0
DPTR FM NORMAL     0    [PRESSURE DATA]
TOTAL FM JAN 1     0    HIGHEST SLP M ON M
DPTR FM NORMAL     0    LOWEST  SLP 29.02 ON  6

[REMARKS]
