000
CXAK56 PAMC 270924
CF6MCG

PRELIMINARY LOCAL CLIMATOLOGICAL DATA (WS FORM: F-6)

                                          STATION:   MCGRATH
                                          MONTH:     05
                                          YEAR:      2016
                                          LATITUDE:   62 58 N
                                          LONGITUDE: 155 37 W

  TEMPERATURE IN F:       :PCPN:    SNOW:  WIND      :SUNSHINE: SKY     :PK WND
================================================================================
1   2   3   4   5  6A  6B    7     8   9   10  11  12  13   14  15   16  17  18
                                      12Z  AVG MX 2MIN
DY MAX MIN AVG DEP HDD CDD  WTR   SNW DPTH SPD SPD DIR MIN PSBL S-S WX   SPD DR
================================================================================

 1  61  34  48   8  17   0     T  0.0   0  3.0 30  140   M    M   M       36 140
 2  58  32  45   4  20   0  0.05  0.0   0  4.3 17   30   M    M   M       22 220
 3  56  38  47   6  18   0  0.07  0.0   0  3.6 20  200   M    M   M 1     25 210
 4  56  32  44   2  21   0  0.11    T   0  0.0 16  330   M    M   M 12348 23 320
 5  59  30  45   3  20   0  0.00  0.0   0  0.0 17   30   M    M   M       29  30
 6  55  35  45   2  20   0     T  0.0   0  0.0  9  290   M    M   M        9 290
 7  59  44  52   9  13   0  0.02  0.0   0  0.0 17  210   M    M   M       23 210
 8  53  39  46   2  19   0  0.07  0.0   0  0.0 13  170   M    M   M 1     18 170
 9  56  42  49   5  16   0  0.01  0.0   0  0.0 15  140   M    M   M       20 140
10  57  42  50   5  15   0  0.01  0.0   0  0.0  9  170   M    M   M        9 170
11  55  47  51   6  14   0  0.09  0.0   0  0.0  8  190   M    M   M        8 190
12  58  47  53   8  12   0  0.05  0.0   0  2.4  8  260   M    M   M       12 230
13  72  46  59  13   6   0     T  0.0   0  4.6 14   10   M    M   M 1     19  10
14  73  49  61  15   4   0  0.00  0.0   0  7.4 18   30   M    M   M       26  30
15  69  47  58  11   7   0     T  0.0   0  4.4 14  230   M    M   M 3     18 240
16  70  51  61  14   4   0  0.02  0.0   0  7.8 17   50   M    M   M       24  50
17  55  39  47   0  18   0     T  0.0   0  7.8 15   90   M    M   M       20  80
18  59  30  45  -3  20   0     T  0.0   0  4.6 13  220   M    M   M 1     18 170
19  57  41  49   1  16   0  0.00  0.0   0  5.4 12  130   M    M   M       15 200
20  53  43  48   0  17   0  0.16  0.0   0  4.4 10  120   M    M   M 1     13 160
21  50  38  44  -5  21   0  0.09  0.0   0  7.3 20  260   M    M   M 18    26 240
22  47  32  40  -9  25   0  0.29  0.0   0  4.9 15  250   M    M   M 1     20 250
23  50  39  45  -5  20   0     T  0.0   0  8.3 17  210   M    M   M       21 210
24  57  37  47  -3  18   0  0.01  0.0   0  4.5 16  220   M    M   M       21 220
25  49  43  46  -4  19   0  0.06  0.0   0  3.0 10  250   M    M   M 1     14 230
26  60  42  51   0  14   0  0.00  0.0   0  0.0  8   30   M    M   M       11  30
================================================================================
SM 1504 1039       414   0  1.11     T     87.7           M        M
================================================================================
AV 57.8 40.0                              3.4 FASTST  PSBL  %   M    MAX(MPH)
                                 MISC ---->     30  140                 36 140
================================================================================
NOTES:
# LAST OF SEVERAL OCCURRENCES

COLUMN 17 PEAK WIND IN M.P.H.

PRELIMINARY LOCAL CLIMATOLOGICAL DATA (WS FORM: F-6) , PAGE 2

                                          STATION:   MCGRATH
                                          MONTH:     05
                                          YEAR:      2016
                                          LATITUDE:  62 58 N
                                          LONGITUDE: 155 37 W

[TEMPERATURE DATA]      [PRECIPITATION DATA]       SYMBOLS USED IN COLUMN 16

AVERAGE MONTHLY:48.9   TOTAL FOR MONTH: 1.11       1 = FOG
DPTR FM NORMAL:  3.1   DPTR FM NORMAL: 0.23       2 = FOG REDUCING VISIBILITY
HIGHEST:    73 ON 14    GRTST 24HR   0.29 ON 22        TO 1/4 MILE OR LESS
LOWEST:     30 ON 18                               3 = THUNDER
                        SNOW, ICE PELLETS, HAIL    4 = ICE PELLETS
                        TOTAL MONTH:     T         5 = HAIL
                        GRTST 24HR     T ON  4     6 = GLAZE OR RIME
                        GRTST DEPTH:    0          7 = BLOWING DUST OR SAND:
                                                       VSBY 1/2 MILE OR LESS
                                                   8 = SMOKE OR HAZE
[NO. OF DAYS WITH]      [WEATHER - DAYS WITH]      9 = BLOWING SNOW
                                                   X = TORNADO
MAX 32 OR BELOW:   0    0.01 INCH OR MORE:  15
MAX 70 OR ABOVE:   3    0.10 INCH OR MORE:   3
MIN 32 OR BELOW:   5    0.50 INCH OR MORE:   0
MIN  0 OR BELOW:   0    1.00 INCH OR MORE:   0

[HDD (BASE 65) ]
TOTAL THIS MO.   414    CLEAR  (SCALE 0-3)   M
DPTR FM NORMAL   -86    PTCLDY (SCALE 4-7)   M
SEASONAL TOTAL 12105    CLOUDY (SCALE 8-10)  M
DPTR FM NORMAL -1349

[CDD (BASE 65) ]
TOTAL THIS MO.     0
DPTR FM NORMAL     0    [PRESSURE DATA]
SEASONAL TOTAL     0    HIGHEST SLP     M
DPTR FM NORMAL     0    LOWEST  SLP     M

[REMARKS]
