000
CXAK56 PAMC 270903
CF6MCG

PRELIMINARY LOCAL CLIMATOLOGICAL DATA (WS FORM: F-6)

                                          STATION:   MCGRATH
                                          MONTH:     05
                                          YEAR:      2015
                                          LATITUDE:   62 58 N
                                          LONGITUDE: 155 37 W

  TEMPERATURE IN F:       :PCPN:    SNOW:  WIND      :SUNSHINE: SKY     :PK WND
================================================================================
1   2   3   4   5  6A  6B    7     8   9   10  11  12  13   14  15   16  17  18
                                      12Z  AVG MX 2MIN
DY MAX MIN AVG DEP HDD CDD  WTR   SNW DPTH SPD SPD DIR MIN PSBL S-S WX   SPD DR
================================================================================

 1  54  35  45   5  20   0  0.04  0.0   0  3.4 14  320   M    M   M       17 320
 2  58  30  44   3  21   0  0.03  0.0   0  3.4 21  160   M    M   M 2     29 150
 3  56  37  47   6  18   0  0.00  0.0   0  4.3 13  170   M    M   M       16 170
 4  64  33  49   7  16   0     T  0.0   0  2.9  9  160   M    M   M       13 120
 5  63  34  49   7  16   0  0.00  0.0   0  2.6 10  220   M    M   M       14 190
 6  62  31  47   4  18   0  0.00  0.0   0  5.7 18  110   M    M   M       23 140
 7  57  42  50   7  15   0  0.04  0.0   0  3.5 14  200   M    M   M       18 210
 8  55  36  46   2  19   0  0.02  0.0   0  5.1 13   60   M    M   M       16  60
 9  63  34  49   5  16   0     T  0.0   0  5.6 16  140   M    M   M       21  60
10  61  45  53   8  12   0     T  0.0   0  4.9 14  170   M    M   M       19 150
11  61  33  47   2  18   0     T  0.0   0  3.7 18  270   M    M   M       22 220
12  66  42  54   9  11   0  0.01  0.0   0  4.3 18  100   M    M   M       25 110
13  62  36  49   3  16   0     T  0.0   0  4.1 21  210   M    M   M       25 220
14  60  44  52   6  13   0  0.02  0.0   0  4.7 16  260   M    M   M       20 250
15  68  46  57  10   8   0  0.02  0.0   0  6.7 21  110   M    M   M       28 120
16  65  43  54   7  11   0  0.01  0.0   0  9.5 23  200   M    M   M       31 200
17  61  50  56   9   9   0     T  0.0   0  3.9 15  210   M    M   M       21 200
18  59  49  54   6  11   0  0.02  0.0   0  6.1 20  210   M    M   M       26 210
19  62  46  54   6  11   0  0.00  0.0   0  3.4 12  210   M    M   M       15 220
20  61  45  53   5  12   0     T  0.0   0  4.5 15  220   M    M   M       21 210
21  61  47  54   5  11   0  0.03  0.0   0  6.3 16  200   M    M   M       23 200
22  71  45  58   9   7   0  0.00  0.0   0  3.6 16   90   M    M   M       24  80
23  59  52  56   6   9   0     T  0.0   0  5.1 14  190   M    M   M       19 210
24  63  37  50   0  15   0     T  0.0   0  1.7 10  150   M    M   M       13 140
25  64  44  54   4  11   0  0.13  0.0   0  4.7 18  140   M    M   M 1     23 160
26  66  38  52   1  13   0  0.00  0.0   0  3.5 10  200   M    M   M 12    14 200
================================================================================
SM 1602 1054       357   0  0.37 0.0    117.2           M        M
================================================================================
AV 61.6 40.5                              4.5 FASTST  PSBL  %   M    MAX(MPH)
                                 MISC ---->     23  200                 31 200
================================================================================
NOTES:
# LAST OF SEVERAL OCCURRENCES

COLUMN 17 PEAK WIND IN M.P.H.

PRELIMINARY LOCAL CLIMATOLOGICAL DATA (WS FORM: F-6) , PAGE 2

                                          STATION:   MCGRATH
                                          MONTH:     05
                                          YEAR:      2015
                                          LATITUDE:  62 58 N
                                          LONGITUDE: 155 37 W

[TEMPERATURE DATA]      [PRECIPITATION DATA]       SYMBOLS USED IN COLUMN 16

AVERAGE MONTHLY:51.1   TOTAL FOR MONTH: 0.37       1 = FOG
DPTR FM NORMAL:  5.3   DPTR FM NORMAL: -0.51       2 = FOG REDUCING VISIBILITY
HIGHEST:    71 ON 22    GRTST 24HR   0.13 ON 25        TO 1/4 MILE OR LESS
LOWEST:     30 ON  2                               3 = THUNDER
                        SNOW, ICE PELLETS, HAIL    4 = ICE PELLETS
                        TOTAL MONTH: 0.0         5 = HAIL
                        GRTST 24HR   0.0           6 = GLAZE OR RIME
                        GRTST DEPTH:    0          7 = BLOWING DUST OR SAND:
                                                       VSBY 1/2 MILE OR LESS
                                                   8 = SMOKE OR HAZE
[NO. OF DAYS WITH]      [WEATHER - DAYS WITH]      9 = BLOWING SNOW
                                                   X = TORNADO
MAX 32 OR BELOW:   0    0.01 INCH OR MORE:  11
MAX 70 OR ABOVE:   1    0.10 INCH OR MORE:   1
MIN 32 OR BELOW:   2    0.50 INCH OR MORE:   0
MIN  0 OR BELOW:   0    1.00 INCH OR MORE:   0

[HDD (BASE 65) ]
TOTAL THIS MO.   357    CLEAR  (SCALE 0-3)   M
DPTR FM NORMAL  -143    PTCLDY (SCALE 4-7)   M
SEASONAL TOTAL 11757    CLOUDY (SCALE 8-10)  M
DPTR FM NORMAL -1697

[CDD (BASE 65) ]
TOTAL THIS MO.     0
DPTR FM NORMAL     0    [PRESSURE DATA]
SEASONAL TOTAL     0    HIGHEST SLP     M
DPTR FM NORMAL     0    LOWEST  SLP     M

[REMARKS]
