000
CXUS52 KFFC 301110
CF6MCN
PRELIMINARY LOCAL CLIMATOLOGICAL DATA (WS FORM: F-6)

                                          STATION:   MACON
                                          MONTH:     JUNE
                                          YEAR:      2015
                                          LATITUDE:   32 42 N
                                          LONGITUDE:  83 39 W

  TEMPERATURE IN F:       :PCPN:    SNOW:  WIND      :SUNSHINE: SKY     :PK WND
================================================================================
1   2   3   4   5  6A  6B    7    8   9   10  11  12  13   14  15   16   17  18
                                     12Z  AVG MX 2MIN
DY MAX MIN AVG DEP HDD CDD  WTR  SNW DPTH SPD SPD DIR MIN PSBL S-S WX    SPD DR
================================================================================

 1  90  66  78   2   0  13 0.00  0.0    0  4.6 14 310   M    M   3        20 150
 2  88  65  77   1   0  12 0.00  0.0    0  3.5 11 120   M    M   4 13     13 120
 3  85  63  74  -3   0   9 0.17  0.0    0  5.2 21  40   M    M   5 138    26  20
 4  85  64  75  -2   0  10 0.00  0.0    0  5.4 13  30   M    M   6 1      15  30
 5  90  62  76  -1   0  11 0.00  0.0    0  3.7 13  70   M    M   1 1      25  70
 6  93  65  79   2   0  14 0.00  0.0    0  3.7 12  40   0    0   0         M  M
 7  94  64  79   1   0  14 0.00  0.0    M  4.6 13 130   M    M   0 1      20 140
 8  94  70  82   4   0  17 0.55  0.0    0  5.1 26 250   M    M   3 13     35 240
 9  87  70  79   1   0  14 0.15  0.0    0  4.7 15 270   M    M   2 13     18 270
10  87  68  78   0   0  13 0.00  0.0    0  2.5  9 130   M    M   5 1      21 150
11  89  68  79   1   0  14 0.07  0.0    0  3.1 15 220   M    M   6 8      22 150
12  91  69  80   2   0  15 0.01  0.0    0  4.7 16 300   M    M   3 8      22 310
13  93  70  82   3   0  17 0.00  0.0    0  2.1  8 100   M    M   1        12 120
14  96  68  82   3   0  17 0.01  0.0    0  0.8 15 360   M    M   2 1      21  10
15  98  68  83   4   0  18 0.00  0.0    0  1.9 10 290   M    M   1 1      15 280
16  99  71  85   6   0  20 0.00  0.0    0  2.8 15 150   0    0   0        21 150
17 100  73  87   8   0  22 0.00  0.0    0  4.9 15 270   M    M   1        22 180
18 100  72  86   6   0  21 2.02  0.0    0  3.0 32 140   M    M   1 1238   43 320
19  95  71  83   3   0  18 0.00  0.0    0  3.9 14 260   M    M   1 1      20 270
20  94  75  85   5   0  20 0.00  0.0    0  6.4 16 260   M    M   2        25 250
21  96  73  85   5   0  20 0.00  0.0    0  4.4 18 250   M    M   1        24 250
22  97  73  85   5   0  20 0.00  0.0    0  5.3 15 160   M    M   1 1      26 270
23  95  72  84   4   0  19 0.27  0.0    0  4.6 17 140   M    M   1        20 140
24  95  71  83   3   0  18 0.22  0.0    0  4.2 22  10   M    M   3 35     26 330
25  96  71  84   4   0  19 0.00  0.0    0  4.1 12 310   M    M   0 1      23 300
26  96  74  85   4   0  20 0.00  0.0    0  5.9 20 230   M    M   1        28 200
27  93  72  83   2   0  18 0.28  0.0    0  7.2 26 320   M    M   4 13     32 320
28  87  66  77  -4   0  12 0.02  0.0    0  4.5 14 280   M    M   6 1      21 310
29  90  62  76  -5   0  11 0.00  0.0    0  3.9 14 280   M    M   0 1      20 260
================================================================================
SM 2693 1996         0 466  3.77     0.0 120.7            0     64
================================================================================
AV 92.9 68.8                               4.2 FASTST    0   0   2    MAX(MPH)
                                 MISC ---->  # 32 140               # 43  320
================================================================================
NOTES:
# LAST OF SEVERAL OCCURRENCES

COLUMN 17 PEAK WIND IN M.P.H.

PRELIMINARY LOCAL CLIMATOLOGICAL DATA (WS FORM: F-6) , PAGE 2

                                          STATION:  MACON
                                          MONTH:    JUNE
                                          YEAR:     2015
                                          LATITUDE:   32 42 N
                                          LONGITUDE:  83 39 W

[TEMPERATURE DATA]      [PRECIPITATION DATA]       SYMBOLS USED IN COLUMN 16

AVERAGE MONTHLY: 80.8   TOTAL FOR MONTH:   3.77    1 = FOG OR MIST
DPTR FM NORMAL:   2.0   DPTR FM NORMAL:   -0.14    2 = FOG REDUCING VISIBILITY
HIGHEST:   100 ON 18,17 GRTST 24HR  2.02 ON 18-18      TO 1/4 MILE OR LESS
LOWEST:     62 ON 29, 5                            3 = THUNDER
                        SNOW, ICE PELLETS, HAIL    4 = ICE PELLETS
                        TOTAL MONTH:   0.0 INCH    5 = HAIL
                        GRTST 24HR     0.0         6 = FREEZING RAIN OR DRIZZLE
                        GRTST DEPTH:   0           7 = DUSTSTORM OR SANDSTORM:
                                                       VSBY 1/2 MILE OR LESS
                                                   8 = SMOKE OR HAZE
[NO. OF DAYS WITH]      [WEATHER - DAYS WITH]      9 = BLOWING SNOW
                                                   X = TORNADO
MAX 32 OR BELOW:   0    0.01 INCH OR MORE:  11
MAX 90 OR ABOVE:  22    0.10 INCH OR MORE:   7
MIN 32 OR BELOW:   0    0.50 INCH OR MORE:   2
MIN  0 OR BELOW:   0    1.00 INCH OR MORE:   1

[HDD (BASE 65) ]
TOTAL THIS MO.     0    CLEAR  (SCALE 0-3)  20
DPTR FM NORMAL     0    PTCLDY (SCALE 4-7)   9
TOTAL FM JUL 1  2471    CLOUDY (SCALE 8-10)  0
DPTR FM NORMAL   149

[CDD (BASE 65) ]
TOTAL THIS MO.   466
DPTR FM NORMAL    62    [PRESSURE DATA]
TOTAL FM JAN 1   851    HIGHEST SLP  0.00 ON 16
DPTR FM NORMAL   134    LOWEST  SLP  0.00 ON 16

[REMARKS]
