000
CXUS52 KFFC 201110
CF6MCN
PRELIMINARY LOCAL CLIMATOLOGICAL DATA (WS FORM: F-6)

                                          STATION:   MACON
                                          MONTH:     FEBRUARY
                                          YEAR:      2017
                                          LATITUDE:   32 42 N
                                          LONGITUDE:  83 39 W

  TEMPERATURE IN F:       :PCPN:    SNOW:  WIND      :SUNSHINE: SKY     :PK WND
================================================================================
1   2   3   4   5  6A  6B    7    8   9   10  11  12  13   14  15   16   17  18
                                     12Z  AVG MX 2MIN
DY MAX MIN AVG DEP HDD CDD  WTR  SNW DPTH SPD SPD DIR MIN PSBL S-S WX    SPD DR
================================================================================

 1  73  48  61  13   4   0 0.00  0.0    0  8.4 23 250   M    M   1        29 260
 2  77  45  61  13   4   0 0.00  0.0    0  5.3 16 240   M    M   2        20 250
 3  66  43  55   7  10   0 0.00  0.0    0  7.1 17 330   M    M   6 1      22 340
 4  54  34  44  -4  21   0 0.00  0.0    0  8.7 22  70   M    M   1         M 150
 5  56  32  44  -4  21   0 0.02    M    0  3.8 13 280   M    M   7 1      15 220
 6  73  48  61  13   4   0 0.00  0.0    0  3.9 10 240   M    M   4 18     13 300
 7  73  49  61  13   4   0 0.90  0.0    0  6.0 29 260   M    M   4 13     39 250
 8  72  54  63  14   2   0 0.00  0.0    0  5.8 21 240   M    M   6 1      28 240
 9  69  38  54   5  11   0 0.20  0.0    0 15.0 38 250   M    M   2 13     53 250
10  62  30  46  -3  19   0 0.00  0.0    0  4.6 10 170   M    M   0        13 210
11  77  38  58   9   7   0 0.00  0.0    0  5.7 17  40   M    M   1        29  50
12  76  61  69  20   0   4 0.00  0.0    0  9.1 21 270   M    M   7        26 270
13  72  44  58   8   7   0 0.00  0.0    0  5.0 17 330   M    M   1        24 320
14  76  35  56   6   9   0 0.00  0.0    0  4.1 15 250   M    M   1        19 250
15  70  48  59   9   6   0 0.28  0.0    0 13.1 28 270   M    M   4 13     37 320
16  65  35  50   0  15   0 0.00  0.0    0  7.2 16 340   M    M   0        20 320
17  72  34  53   3  12   0 0.00  0.0    0  4.3 17 240   M    M   0        21 240
18  59  47  53   2  12   0 0.11  0.0    0  1.6 12  30   M    M   4 18     13  20
19  75  46  61  10   4   0 0.00  0.0    0  4.0 13  10   M    M   5 18     16 350
================================================================================
SM 1317  809       172   4  1.51     0.0 122.7          M       56
================================================================================
AV 69.3 42.6                               6.5 FASTST   M    M   3    MAX(MPH)
                                 MISC ---->  # 38 250               # 53  250
================================================================================
NOTES:
# LAST OF SEVERAL OCCURRENCES

COLUMN 17 PEAK WIND IN M.P.H.

PRELIMINARY LOCAL CLIMATOLOGICAL DATA (WS FORM: F-6) , PAGE 2

                                          STATION:  MACON
                                          MONTH:    FEBRUARY
                                          YEAR:     2017
                                          LATITUDE:   32 42 N
                                          LONGITUDE:  83 39 W

[TEMPERATURE DATA]      [PRECIPITATION DATA]       SYMBOLS USED IN COLUMN 16

AVERAGE MONTHLY: 56.0   TOTAL FOR MONTH:   1.51    1 = FOG OR MIST
DPTR FM NORMAL:   6.8   DPTR FM NORMAL:   -1.45    2 = FOG REDUCING VISIBILITY
HIGHEST:    77 ON 11, 2 GRTST 24HR  0.90 ON  6- 7      TO 1/4 MILE OR LESS
LOWEST:     30 ON 10                               3 = THUNDER
                        SNOW, ICE PELLETS, HAIL    4 = ICE PELLETS
                        TOTAL MONTH:   0.0 INCH    5 = HAIL
                        GRTST 24HR     0.0         6 = FREEZING RAIN OR DRIZZLE
                        GRTST DEPTH:   0           7 = DUSTSTORM OR SANDSTORM:
                                                       VSBY 1/2 MILE OR LESS
                                                   8 = SMOKE OR HAZE
[NO. OF DAYS WITH]      [WEATHER - DAYS WITH]      9 = BLOWING SNOW
                                                   X = TORNADO
MAX 32 OR BELOW:   0    0.01 INCH OR MORE:   5
MAX 90 OR ABOVE:   0    0.10 INCH OR MORE:   4
MIN 32 OR BELOW:   2    0.50 INCH OR MORE:   1
MIN  0 OR BELOW:   0    1.00 INCH OR MORE:   0

[HDD (BASE 65) ]
TOTAL THIS MO.   172    CLEAR  (SCALE 0-3)  10
DPTR FM NORMAL  -130    PTCLDY (SCALE 4-7)   9
TOTAL FM JUL 1  1147    CLOUDY (SCALE 8-10)  0
DPTR FM NORMAL  -660

[CDD (BASE 65) ]
TOTAL THIS MO.     4
DPTR FM NORMAL     4    [PRESSURE DATA]
TOTAL FM JAN 1     8    HIGHEST SLP M ON M
DPTR FM NORMAL     7    LOWEST  SLP 29.54 ON 15

[REMARKS]
