000
CXUS53 KDMX 260920
CF6MCW
PRELIMINARY LOCAL CLIMATOLOGICAL DATA (WS FORM: F-6)

                                          STATION:   MASON CITY IA
                                          MONTH:     APRIL
                                          YEAR:      2017
                                          LATITUDE:   43  9 N
                                          LONGITUDE:  93 20 W

  TEMPERATURE IN F:       :PCPN:    SNOW:  WIND      :SUNSHINE: SKY     :PK WND
================================================================================
1   2   3   4   5  6A  6B    7    8   9   10  11  12  13   14  15   16   17  18
                                     12Z  AVG MX 2MIN
DY MAX MIN AVG DEP HDD CDD  WTR  SNW DPTH SPD SPD DIR MIN PSBL S-S WX    SPD DR
================================================================================

 1  61  30  46   6  19   0 0.00  0.0    0  5.1  9 340   M    M   1 1      12 350
 2  51  42  47   6  18   0 0.01  0.0    0  9.5 18 150   M    M  10 1      23 160
 3  49  45  47   6  18   0 0.46  0.0    0  9.9 17  20   M    M  10 1      22  20
 4  59  41  50   8  15   0 0.35  0.0    0 11.2 22  20   M    M   9 1      26  10
 5  54  38  46   4  19   0 0.00  0.0    0 11.3 26 340   M    M   3        33 340
 6  53  29  41  -1  24   0 0.00  0.0    0 14.1 26 360   M    M   0        38 350
 7  59  24  42  -1  23   0 0.00  0.0    0  8.7 18 170   M    M   0 8      23 200
 8  74  39  57  14   8   0 0.00  0.0    0 15.2 28 170   M    M   0        36 180
 9  75  46  61  17   4   0 0.22  0.0    0  7.4 21 260   M    M   5 3      28 250
10  56  37  47   3  18   0 0.03  0.0    0 13.3 20  20   M    M   9 1      24 360
11  55  34  45   0  20   0 0.00  0.0    0 10.4 17 300   M    M   6 1      21 300
12  67  34  51   6  14   0 0.39    M    0  8.7 16 200   M    M   7 1      21 210
13  58  45  52   6  13   0 0.03  0.0    0 12.5 18 100   M    M   9 1      23  90
14  61  48  55   9  10   0 0.45  0.0    0 12.7 22 120   M    M   7 138    28 130
15  68  53  61  15   4   0 0.12  0.0    0 10.4 22 320   M    M   5 13     27 320
16  68  43  56   9   9   0 0.00  0.0    0 12.0 22 320   M    M   1        28 290
17  66  45  56   9   9   0 0.00  0.0    0  6.9 16 310   M    M   3        20 310
18  67  48  58  10   7   0 0.14  0.0    0 14.2 26 210   M    M   4 1      33 210
19  58  45  52   4  13   0 1.17  0.0    0 12.4 39 300   M    M   9 13     49 300
20  49  41  45  -4  20   0    T  0.0    0 16.6 26 290   M    M  10 1      34 290
21  58  33  46  -3  19   0 0.00  0.0    0  9.2 17  20   M    M   1        21 360
22  67  34  51   1  14   0 0.00  0.0    0  5.2 14  20   M    M   0        19  20
23  72  42  57   7   8   0 0.00  0.0    0 10.2 21 220   M    M   0        26 210
24  72  41  57   7   8   0 0.00  0.0    0 15.2 32 160   M    M   2 3      42 170
25  60  47  54   3  11   0 0.25  0.0    0 10.0 18 360   M    M   7 1      21 350
================================================================================
SM 1537 1004       345   0  3.62     0.0 272.3          M      118
================================================================================
AV 61.5 40.2                              10.9 FASTST   M    M   5    MAX(MPH)
                                 MISC ---->  # 39 300               # 49  300
================================================================================
NOTES:
# LAST OF SEVERAL OCCURRENCES

COLUMN 17 PEAK WIND IN M.P.H.

PRELIMINARY LOCAL CLIMATOLOGICAL DATA (WS FORM: F-6) , PAGE 2

                                          STATION:  MASON CITY IA
                                          MONTH:    APRIL
                                          YEAR:     2017
                                          LATITUDE:   43  9 N
                                          LONGITUDE:  93 20 W

[TEMPERATURE DATA]      [PRECIPITATION DATA]       SYMBOLS USED IN COLUMN 16

AVERAGE MONTHLY: 50.8   TOTAL FOR MONTH:   3.62    1 = FOG OR MIST
DPTR FM NORMAL:   5.3   DPTR FM NORMAL:    0.56    2 = FOG REDUCING VISIBILITY
HIGHEST:    75 ON  9    GRTST 24HR  1.17 ON 18-19      TO 1/4 MILE OR LESS
LOWEST:     24 ON  7                               3 = THUNDER
                        SNOW, ICE PELLETS, HAIL    4 = ICE PELLETS
                        TOTAL MONTH:   0.0 INCH    5 = HAIL
                        GRTST 24HR     0.0         6 = FREEZING RAIN OR DRIZZLE
                        GRTST DEPTH:   0           7 = DUSTSTORM OR SANDSTORM:
                                                       VSBY 1/2 MILE OR LESS
                                                   8 = SMOKE OR HAZE
[NO. OF DAYS WITH]      [WEATHER - DAYS WITH]      9 = BLOWING SNOW
                                                   X = TORNADO
MAX 32 OR BELOW:   0    0.01 INCH OR MORE:  12
MAX 90 OR ABOVE:   0    0.10 INCH OR MORE:   9
MIN 32 OR BELOW:   3    0.50 INCH OR MORE:   1
MIN  0 OR BELOW:   0    1.00 INCH OR MORE:   1

[HDD (BASE 65) ]
TOTAL THIS MO.   345    CLEAR  (SCALE 0-3)  11
DPTR FM NORMAL  -144    PTCLDY (SCALE 4-7)   7
TOTAL FM JUL 1  6275    CLOUDY (SCALE 8-10)  7
DPTR FM NORMAL -1059

[CDD (BASE 65) ]
TOTAL THIS MO.     0
DPTR FM NORMAL     0    [PRESSURE DATA]
TOTAL FM JAN 1     0    HIGHEST SLP M ON M
DPTR FM NORMAL     0    LOWEST  SLP 29.39 ON 25

[REMARKS]
