000
CXUS53 KPAH 270635
CF6MDH
PRELIMINARY LOCAL CLIMATOLOGICAL DATA (WS FORM: F-6)

                                          STATION:   CARBONDALE IL
                                          MONTH:     MARCH
                                          YEAR:      2015
                                          LATITUDE:   37 46 N
                                          LONGITUDE:  89 15 W

  TEMPERATURE IN F:       :PCPN:    SNOW:  WIND      :SUNSHINE: SKY     :PK WND
================================================================================
1   2   3   4   5  6A  6B    7    8   9   10  11  12  13   14  15   16   17  18
                                     12Z  AVG MX 2MIN
DY MAX MIN AVG DEP HDD CDD  WTR  SNW DPTH SPD SPD DIR MIN PSBL S-S WX    SPD DR
================================================================================

 1  35  28  32 -10  33   0 0.12    M    0  5.4 13 130   M    M  10 168    16 130
 2  39  21  30 -12  35   0 0.00  0.0    M  6.6 14  50   M    M   2 18     18  60
 3  46  32  39  -3  26   0 0.42    M    0  9.5 23 190   M    M  10 18     32 180
 4  41  18  30 -13  35   0 0.38    M    0 11.5 23 350   M    M  10 1268   29 340
 5  23   3  13 -30  52   0 0.00  0.0    M  7.6 17 330   M    M   2        22 330
 6  31  -3  14 -29  51   0 0.00  0.0    0  9.0 23 190   M    M   0 18     28 200
 7  48  25  37  -7  28   0 0.00  0.0    0 12.2 18 190   M    M   0        22 200
 8  56  28  42  -2  23   0 0.00  0.0    M  6.6 17 200   M    M   0        23 210
 9  50  38  44   0  21   0 0.08  0.0    0  7.2 14 190   M    M   9 1      16 190
10  51  45  48   4  17   0 0.61  0.0    0  5.6 14  80   M    M  10 12     16  80
11  66  42  54   9  11   0 0.00  0.0    0  1.7  7  40   M    M   5 12     10  10
12  66  34  50   5  15   0    T    M    0  6.1 17 130   M    M   4 128    23 120
13  56  48  52   6  13   0 2.79    M    0  3.4  8  60   M    M  10 1      11  60
14  60  43  52   6  13   0 0.03    M    0  6.2 16 350   M    M   5 1      20 350
15  70  34  52   6  13   0 0.00  0.0    0  3.3 12 190   M    M   0 1      14 180
16  76  44  60  14   5   0 0.00    M    0 10.1 22 200   M    M   0 8      28 190
17  61  40  51   4  14   0 0.00  0.0    0 11.4 22 350   M    M   0 8      30  40
18  46  38  42  -5  23   0 0.01  0.0    0  9.5 20 100   M    M   6        26  90
19  49  39  44  -3  21   0 0.01    M    0  5.3 14  60   M    M  10        18  60
20  55  42  49   1  16   0    T  0.0    0  5.4 12 320   M    M   6 18     14 340
21  72  39  56   8   9   0 0.00  0.0    0  5.1 10 330   M    M   0 1      16 360
22  66  41  54   6  11   0 0.00  0.0    0  6.2 14 110   M    M   0        17  70
23  73  35  54   5  11   0 0.00  0.0    0  6.6 21 350   M    M   2        25  10
24  48  36  42  -7  23   0 0.13  0.0    0  8.1 21  90   M    M   7 13     24 100
25  69  38  54   5  11   0 1.10    M    0  6.7 16 240   M    M   5 123    21  30
26  49  32  41  -9  24   0 0.43    M    0  9.6 20 330   M    M   7 13     25 350
================================================================================
SM 1402  860       554   0  6.11     0.0 185.9          M      120
================================================================================
AV 53.9 33.1                               7.2 FASTST   M    M   5    MAX(MPH)
                                 MISC ---->  # 23 190               # 32  180
================================================================================
NOTES:
# LAST OF SEVERAL OCCURRENCES

COLUMN 17 PEAK WIND IN M.P.H.

PRELIMINARY LOCAL CLIMATOLOGICAL DATA (WS FORM: F-6) , PAGE 2

                                          STATION:  CARBONDALE IL
                                          MONTH:    MARCH
                                          YEAR:     2015
                                          LATITUDE:   37 46 N
                                          LONGITUDE:  89 15 W

[TEMPERATURE DATA]      [PRECIPITATION DATA]       SYMBOLS USED IN COLUMN 16

AVERAGE MONTHLY: 43.5   TOTAL FOR MONTH:   6.11    1 = FOG OR MIST
DPTR FM NORMAL:  -2.2   DPTR FM NORMAL:    2.88    2 = FOG REDUCING VISIBILITY
HIGHEST:    76 ON 16    GRTST 24HR  2.79 ON 13-13      TO 1/4 MILE OR LESS
LOWEST:     -3 ON  6                               3 = THUNDER
                        SNOW, ICE PELLETS, HAIL    4 = ICE PELLETS
                        TOTAL MONTH:   0.0 INCH    5 = HAIL
                        GRTST 24HR     0.0         6 = FREEZING RAIN OR DRIZZLE
                        GRTST DEPTH:   0           7 = DUSTSTORM OR SANDSTORM:
                                                       VSBY 1/2 MILE OR LESS
                                                   8 = SMOKE OR HAZE
[NO. OF DAYS WITH]      [WEATHER - DAYS WITH]      9 = BLOWING SNOW
                                                   X = TORNADO
MAX 32 OR BELOW:   2    0.01 INCH OR MORE:  12
MAX 90 OR ABOVE:   0    0.10 INCH OR MORE:   8
MIN 32 OR BELOW:   9    0.50 INCH OR MORE:   3
MIN  0 OR BELOW:   1    1.00 INCH OR MORE:   2

[HDD (BASE 65) ]
TOTAL THIS MO.   554    CLEAR  (SCALE 0-3)  11
DPTR FM NORMAL    49    PTCLDY (SCALE 4-7)   8
TOTAL FM JUL 1  4568    CLOUDY (SCALE 8-10)  7
DPTR FM NORMAL   526

[CDD (BASE 65) ]
TOTAL THIS MO.     0
DPTR FM NORMAL     0    [PRESSURE DATA]
TOTAL FM JAN 1     0    HIGHEST SLP M ON M
DPTR FM NORMAL     0    LOWEST  SLP 29.82 ON  3

[REMARKS]
