000
CXUS53 KARX 230930
CF6MDZ
PRELIMINARY LOCAL CLIMATOLOGICAL DATA (WS FORM: F-6)

                                          STATION:   MEDFORD WI
                                          MONTH:     MAY
                                          YEAR:      2017
                                          LATITUDE:   45  5 N
                                          LONGITUDE:  90 18 W

  TEMPERATURE IN F:       :PCPN:    SNOW:  WIND      :SUNSHINE: SKY     :PK WND
================================================================================
1   2   3   4   5  6A  6B    7    8   9   10  11  12  13   14  15   16   17  18
                                     12Z  AVG MX 2MIN
DY MAX MIN AVG DEP HDD CDD  WTR  SNW DPTH SPD SPD DIR MIN PSBL S-S WX    SPD DR
================================================================================

 1  41  33  37   M  28   0 0.54    M    0  9.0 21  70   M    M  10 1      29  70
 2  51  33  42   M  23   0    T  0.0    0 11.4 21 340   M    M   6        28 340
 3  61  29  45   M  20   0 0.00  0.0    0  5.7 13 210   M    M   3        21 210
 4  63  35  49   M  16   0 0.00  0.0    0  6.2 16  10   M    M   4        23 350
 5  64  35  50   M  15   0 0.12  0.0    0  5.3 13  20   M    M   3        20 320
 6  58  36  47   M  18   0 0.00  0.0    0  9.9 17 330   M    M   2        24 330
 7  56  30  43   M  22   0 0.00  0.0    0  7.9 14 350   M    M   0        20 350
 8  60  28  44   M  21   0 0.00  0.0    0  5.6  9 150   M    M   1         M  M
 9  54  42  48   M  17   0 0.04  0.0    0  5.6  9 170   M    M   8 1       M  M
10  64  43  54   M  11   0    M  0.0    0  2.0  7 330   M    M   7 12      M  M
11  66  38  52   M  13   0 0.00  0.0    0  4.0  9  10   M    M   4 1       M  M
12  67  38  53   M  12   0 0.00  0.0    0  5.7 12 360   M    M   3        17 350
13  68  44  56   M   9   0 0.00  0.0    0  6.2 14 320   M    M   5        22 320
14  69  41  55   M  10   0 0.00  0.0    0  8.0 12 130   M    M   3        18 100
15  72  47  60   M   5   0 0.21    M    0  8.5 12 100   M    M   5 3      17 100
16  76  53  65   M   0   0 1.29  0.0    0  8.9 18 160   M    M   8 3      50 170
17  71  56  64   M   1   0 1.19  0.0    0  8.4 22 360   M    M   9 13     30 220
18  56  36  46   M  19   0 0.25  0.0    0 12.1 18 350   M    M   8        28 350
19  54  34  44   M  21   0 0.00  0.0    0  9.2 17  60   M    M   3 8      22  50
20  50  36  43   M  22   0 0.26  0.0    0 12.4 20  90   M    M   8 1      28  90
21  53  43  48   M  17   0 0.20  0.0    0  9.3 13 220   M    M  10 13     20 230
22  60  42  51   M  14   0 0.01  0.0    0  9.0 15 240   M    M   8        25 240
================================================================================
SM 1334  852       334   0  4.11     0.0 170.3          M      118
================================================================================
AV 60.6 38.7                               7.7 FASTST   M    M   5    MAX(MPH)
                                 MISC ---->  # 22 360               # 50  170
================================================================================
NOTES:
# LAST OF SEVERAL OCCURRENCES

COLUMN 17 PEAK WIND IN M.P.H.

PRELIMINARY LOCAL CLIMATOLOGICAL DATA (WS FORM: F-6) , PAGE 2

                                          STATION:  MEDFORD WI
                                          MONTH:    MAY
                                          YEAR:     2017
                                          LATITUDE:   45  5 N
                                          LONGITUDE:  90 18 W

[TEMPERATURE DATA]      [PRECIPITATION DATA]       SYMBOLS USED IN COLUMN 16

AVERAGE MONTHLY: 49.7   TOTAL FOR MONTH:   4.11    1 = FOG OR MIST
DPTR FM NORMAL:     M   DPTR FM NORMAL:       M    2 = FOG REDUCING VISIBILITY
HIGHEST:    76 ON 16    GRTST 24HR  1.29 ON 16-16      TO 1/4 MILE OR LESS
LOWEST:     28 ON  8                               3 = THUNDER
                        SNOW, ICE PELLETS, HAIL    4 = ICE PELLETS
                        TOTAL MONTH:   0.0 INCH    5 = HAIL
                        GRTST 24HR     0.0         6 = FREEZING RAIN OR DRIZZLE
                        GRTST DEPTH:   0           7 = DUSTSTORM OR SANDSTORM:
                                                       VSBY 1/2 MILE OR LESS
                                                   8 = SMOKE OR HAZE
[NO. OF DAYS WITH]      [WEATHER - DAYS WITH]      9 = BLOWING SNOW
                                                   X = TORNADO
MAX 32 OR BELOW:   0    0.01 INCH OR MORE:  10
MAX 90 OR ABOVE:   0    0.10 INCH OR MORE:   8
MIN 32 OR BELOW:   3    0.50 INCH OR MORE:   3
MIN  0 OR BELOW:   0    1.00 INCH OR MORE:   2

[HDD (BASE 65) ]
TOTAL THIS MO.   334    CLEAR  (SCALE 0-3)   7
DPTR FM NORMAL     M    PTCLDY (SCALE 4-7)  10
TOTAL FM JUL 1  7745    CLOUDY (SCALE 8-10)  5
DPTR FM NORMAL     M

[CDD (BASE 65) ]
TOTAL THIS MO.     0
DPTR FM NORMAL     M    [PRESSURE DATA]
TOTAL FM JAN 1     0    HIGHEST SLP M ON M
DPTR FM NORMAL     M    LOWEST  SLP M ON M

[REMARKS]
